000
CXUS51 KALY 011028
CLAGFL

CLIMATE REPORT
NATIONAL WEATHER SERVICE ALBANY NY
520 AM EST MON JAN 1 2018

...................................

...THE GLENS FALLS NY CLIMATE SUMMARY FOR THE YEAR OF 2017...

CLIMATE NORMAL PERIOD 1981 TO 2010
CLIMATE RECORD PERIOD 1949 TO 2017

WEATHER         OBSERVED          NORMAL  DEPART  LAST YEAR`S
                 VALUE   DATE(S)  VALUE   FROM    VALUE  DATE(S)
                                          NORMAL
................................................................
TEMPERATURE (F)
HIGHEST            92   06/12                         93  07/22
                        05/18
LOWEST            -21   12/30                        -14  02/14
AVG. MAXIMUM     58.0              56.3     1.7     59.3
AVG. MINIMUM     36.4              33.5     2.9     37.5
MEAN             47.2              44.9     2.3     48.4
DAYS MAX >= 90      5               4.6     0.4       10
DAYS MAX <= 32     38              50.2   -12.2       31
DAYS MIN <= 32    145             165.9   -20.9      148
DAYS MIN <= 0      11              21.4   -10.4        7

PRECIPITATION (INCHES)
RECORD
 MAXIMUM        54.40   1983
 MINIMUM        21.76   1964
TOTALS          35.84             39.06   -3.22    31.17
DAILY AVG.       0.10              0.11   -0.01     0.09
DAYS >= .01       137             132.3     4.7      124
DAYS >= .10        68              79.0   -11.0       66
DAYS >= .50        26              26.6    -0.6       21
DAYS >= 1.00        5               8.0    -3.0        5
GREATEST
 24 HR. TOTAL    3.30   07/01 TO 07/01

DEGREE_DAYS
HEATING TOTAL    6734              7678    -944     6274
 SINCE 7/1       2785              2938    -153     2461
COOLING TOTAL     388               353      35      643
 SINCE 1/1        388               352      36      643

FREEZE DATES
RECORD
 EARLIEST     08/29/1982
 LATEST       06/01/2009
EARLIEST                        09/29
LATEST                          05/13
.................................................................

WIND (MPH)
AVERAGE WIND SPEED              5.2
HIGHEST WIND SPEED/DIRECTION    36/150    DATE  10/30
HIGHEST GUST SPEED/DIRECTION    67/300    DATE  05/18


WEATHER CONDITIONS. NUMBER OF DAYS WITH
THUNDERSTORM             13     MIXED PRECIP               0
HEAVY RAIN               16     RAIN                      35
LIGHT RAIN              138     FREEZING RAIN              4
LT FREEZING RAIN          9     HAIL                       0
HEAVY SNOW                7     SNOW                       8
LIGHT SNOW               45     SLEET                      0
FOG                     240     FOG W/VIS <= 1/4 MILE     78
HAZE                     73

-  INDICATES NEGATIVE NUMBERS.
R  INDICATES RECORD WAS SET OR TIED.
MM INDICATES DATA IS MISSING.
T  INDICATES TRACE AMOUNT.

$$
