000
CXUS53 KGLD 031245 RRA
CLAGLD

CLIMATE REPORT
NATIONAL WEATHER SERVICE GOODLAND
1003 AM MST TUE JAN 2 2018

...................................

...THE GOODLAND KS CLIMATE SUMMARY FOR THE YEAR OF 2017...

CLIMATE NORMAL PERIOD 1981 TO 2010
CLIMATE RECORD PERIOD 1895 TO 2018

WEATHER         OBSERVED          NORMAL  DEPART  LAST YEAR`S
                 VALUE   DATE(S)  VALUE   FROM    VALUE  DATE(S)
                                          NORMAL
................................................................
TEMPERATURE (F)
RECORD
 HIGH             111   07/25/1940
 LOW              -27   12/22/1989
HIGHEST           100   06/21       103      -3      104  07/22
                                                          07/21
LOWEST             -8   01/07       -11       3      -15  12/17
                        01/05
AVG. MAXIMUM     67.1              65.1     2.0     68.7
AVG. MINIMUM     38.6              37.6     1.0     38.6
MEAN             52.8              51.4     1.4     53.6
DAYS MAX >= 90     43              45.8    -2.8       64
DAYS MAX <= 32     20              24.5    -4.5       16
DAYS MIN <= 32    146             152.3    -6.3      138
DAYS MIN <= 0       6               5.7     0.3        3

PRECIPITATION (INCHES)
RECORD
 MAXIMUM        30.89   1915
 MINIMUM         9.19   1956
TOTALS          26.37             19.66    6.71
DAYS >= .01        80              80.6    -0.6       86
DAYS >= .10        44              39.9     4.1       42
DAYS >= .50        18              11.9     6.1       11
DAYS >= 1.00        6               4.1     1.9        3
GREATEST
 24 HR. TOTAL    2.13   07/29                            2.40  04/15

SNOWFALL (INCHES)
RECORDS
 TOTAL           86.2   1984
 24 HR TOTAL     19.3   10/24/1997 TO 10/25/1997
 SNOW DEPTH        20
TOTALS           10.2              35.5   -25.3     25.8
SINCE 7/1         1.6              12.7   -11.1      5.6
SNOWDEPTH AVG.      0                                  0
DAYS >= 1.0         4              10.1    -6.1        6
GREATEST
 SNOW DEPTH         3   01/05                         11  02/04
                                                          02/03
 24 HR TOTAL      4.8   04/29 TO 04/30               9.5  02/02

DEGREE_DAYS
HEATING TOTAL    5291              5901    -610     5154
COOLING TOTAL     959               941      18     1103

.................................................................

WIND (MPH)
AVERAGE WIND SPEED              11.6
HIGHEST WIND SPEED/DIRECTION    52/330    DATE  05/22
HIGHEST GUST SPEED/DIRECTION    66/070    DATE  05/31

SKY COVER
AVERAGE SKY COVER           0.30

AVERAGE RH (PERCENT)     62

WEATHER CONDITIONS. NUMBER OF DAYS WITH
THUNDERSTORM             56     MIXED PRECIP               0
HEAVY RAIN               26     RAIN                      30
LIGHT RAIN               80     FREEZING RAIN              0
LT FREEZING RAIN          4     HAIL                       9
HEAVY SNOW                1     SNOW                       2
LIGHT SNOW               25     SLEET                      0
FOG                     110     FOG W/VIS <= 1/4 MILE     26
HAZE                     28

-  INDICATES NEGATIVE NUMBERS.
R  INDICATES RECORD WAS SET OR TIED.
MM INDICATES DATA IS MISSING.
T  INDICATES TRACE AMOUNT.

$$
