000
CXUS53 KGLD 021918
CLAGLD

CLIMATE REPORT
NATIONAL WEATHER SERVICE GOODLAND
1206 PM MST WED JAN 2 2019

...................................

...THE GOODLAND KS CLIMATE SUMMARY FOR THE YEAR OF 2018...

CLIMATE NORMAL PERIOD 1981 TO 2010
CLIMATE RECORD PERIOD 1895 TO 2018

WEATHER         OBSERVED          NORMAL  DEPART  LAST YEAR`S
                 VALUE   DATE(S)  VALUE   FROM    VALUE  DATE(S)
                                          NORMAL
................................................................
TEMPERATURE (F)
RECORD
 HIGH             111   07/25/1940
 LOW              -27   12/22/1989
HIGHEST           101   06/28       103      -2      100  06/21
                        06/14
LOWEST             -7   01/16       -11       4       -8  01/07
                                                          01/05
AVG. MAXIMUM     66.3              65.1     1.2     67.1
AVG. MINIMUM     37.3              37.6    -0.3     38.6
MEAN             51.8              51.4     0.4     52.8
DAYS MAX >= 90     49              45.8     3.2       43
DAYS MAX <= 32     18              24.5    -6.5       20
DAYS MIN <= 32    169             152.3    16.7      146
DAYS MIN <= 0       5               5.7    -0.7        6

PRECIPITATION (INCHES)
RECORD
 MAXIMUM        30.89   1915
 MINIMUM         9.19   1956
TOTALS          20.01             19.66    0.35
DAYS >= .01        86              80.6     5.4       80
DAYS >= .10        41              39.9     1.1       44
DAYS >= .50        14              11.9     2.1       18
DAYS >= 1.00        3               4.1    -1.1        6
GREATEST
 24 HR. TOTAL    3.10   05/18                          2.13

SNOWFALL (INCHES)
RECORDS
 TOTAL           86.2   1984
 24 HR TOTAL     19.3   10/24/1997 TO 10/25/1997
 SNOW DEPTH        20
TOTALS           31.3              35.5    -4.2     10.2
SINCE 7/1         7.9              12.7    -4.8      1.6
SNOWDEPTH AVG.      0                                  0
DAYS >= 1.0         9              10.1    -1.1        4
GREATEST
 SNOW DEPTH         8   01/24                          3  01/05
                        01/22
                        01/23
 24 HR TOTAL      8.2   01/21                          3.7

DEGREE_DAYS
HEATING TOTAL    5784              5901    -117     5291
 SINCE 7/1       2404              2407      -3
COOLING TOTAL    1127               941     186      959
 SINCE 1/1       1127               941     186      959

.................................................................

WIND (MPH)
AVERAGE WIND SPEED              12.0
HIGHEST WIND SPEED/DIRECTION    58/320    DATE  04/17
HIGHEST GUST SPEED/DIRECTION    77/310    DATE  04/17

SKY COVER
AVERAGE SKY COVER           0.30

AVERAGE RH (PERCENT)     63

-  INDICATES NEGATIVE NUMBERS.
R  INDICATES RECORD WAS SET OR TIED.
MM INDICATES DATA IS MISSING.
T  INDICATES TRACE AMOUNT.

$$
