000
CXUS53 KGLD 021941
CLAHLC

CLIMATE REPORT
NATIONAL WEATHER SERVICE GOODLAND
1232 PM MST WED JAN 2 2019

...................................

...THE HILL CITY CLIMATE SUMMARY FOR THE YEAR OF 2018...

CLIMATE NORMAL PERIOD 1981 TO 2010
CLIMATE RECORD PERIOD 1896 TO 2018

WEATHER         OBSERVED          NORMAL  DEPART  LAST YEAR`S
                 VALUE   DATE(S)  VALUE   FROM    VALUE  DATE(S)
                                          NORMAL
................................................................
TEMPERATURE (F)
RECORD
 HIGH             117   07/24/1936
 LOW              -26   12/22/1989
HIGHEST           105   06/28       106      -1      109  07/21
LOWEST             -3   01/16        -9       6       -7  01/06
                                                          01/05
AVG. MAXIMUM     66.9              66.7     0.2     69.6
AVG. MINIMUM     39.8              40.0    -0.2     41.6
MEAN             53.3              53.4    -0.1     55.6
DAYS MAX >= 90     63              59.0     4.0       73
DAYS MAX <= 32     20              22.6    -2.6       17
DAYS MIN <= 32    154             141.5    12.5      128
DAYS MIN <= 0       2               4.4    -2.4        3

PRECIPITATION (INCHES)
RECORD
 MAXIMUM        39.38   1941
 MINIMUM        10.53   2012
TOTALS          36.31             22.92   13.39
DAYS >= .01        80                MM      MM       72
DAYS >= .10        46                MM      MM       40
DAYS >= .50        19                MM      MM       17
DAYS >= 1.00       10                MM      MM        5
GREATEST
 24 HR. TOTAL    6.23   06/30                       3.85

.................................................................



-  INDICATES NEGATIVE NUMBERS.
R  INDICATES RECORD WAS SET OR TIED.
MM INDICATES DATA IS MISSING.
T  INDICATES TRACE AMOUNT.

$$
