000
CXUS53 KGLD 031245 RRA
CLAHLC

CLIMATE REPORT
NATIONAL WEATHER SERVICE GOODLAND
1003 AM MST TUE JAN 2 2018

...................................

...THE HILL CITY CLIMATE SUMMARY FOR THE YEAR OF 2017...

CLIMATE NORMAL PERIOD 1981 TO 2010
CLIMATE RECORD PERIOD 1896 TO 2018

WEATHER         OBSERVED          NORMAL  DEPART  LAST YEAR`S
                 VALUE   DATE(S)  VALUE   FROM    VALUE  DATE(S)
                                          NORMAL
................................................................
TEMPERATURE (F)
RECORD
 HIGH             117   07/24/1936
 LOW              -26   12/22/1989
HIGHEST           109   07/21       106       3      104  06/21
LOWEST             -7   01/06        -9       2      -16  12/18
                        01/05
AVG. MAXIMUM     69.6              66.7     2.9     69.9
AVG. MINIMUM     41.6              40.0     1.6     42.2
MEAN             55.6              53.4     2.2     56.0
DAYS MAX >= 90     73              59.0    14.0       65
DAYS MAX <= 32     17              22.6    -5.6       15
DAYS MIN <= 32    128             141.5   -13.5      129
DAYS MIN <= 0       3               4.4    -1.4        4

PRECIPITATION (INCHES)
RECORD
 MAXIMUM        32.06   2008
 MINIMUM        10.53   2012
TOTALS          24.66             22.92    1.74
DAYS >= .01        72                MM      MM       73
DAYS >= .10        40                MM      MM       35
DAYS >= .50        17                MM      MM       15
DAYS >= 1.00        5                MM      MM        9
GREATEST
 24 HR. TOTAL    3.85                               4.50

.................................................................



-  INDICATES NEGATIVE NUMBERS.
R  INDICATES RECORD WAS SET OR TIED.
MM INDICATES DATA IS MISSING.
T  INDICATES TRACE AMOUNT.

$$
