000
CXUS53 KIND 011719
CLAHUF
CLIMATE REPORT
NATIONAL WEATHER SERVICE INDIANAPOLIS IN
1219 PM EST MON JAN 01 2024
...................................
...THE TERRE HAUTE IN CLIMATE SUMMARY FOR THE YEAR OF 2023...
CLIMATE NORMAL PERIOD 1991 TO 2020
CLIMATE RECORD PERIOD 9999 TO 9999
WEATHER OBSERVED NORMAL DEPART LAST YEAR`S
VALUE DATE(S) VALUE FROM VALUE DATE(S)
NORMAL
................................................................
TEMPERATURE (F)
HIGHEST 97 08/25 101 07/05
LOWEST 10 01/31 -7 12/23
AVG. MAXIMUM 67.2 63.7 3.5 64.7
AVG. MINIMUM 45.1 43.4 1.7 43.3
MEAN 56.1 53.5 2.6 54.0
DAYS MAX >= 90 23 23.6 -0.6 30
DAYS MAX <= 32 6 26.1 -20.1 26
DAYS MIN <= 32 85 110.3 -25.3 112
DAYS MIN <= 0 0 4.0 -4.0 2
PRECIPITATION (INCHES)
TOTALS 34.25R 40.84 -6.59 36.06
DAILY AVG. 0.09 0.11 -0.02 0.10
DAYS >= .01 100 122.6 -22.6 121
DAYS >= .10 61 71.7 -10.7 73
DAYS >= .50 23 28.8 -5.8 29
DAYS >= 1.00 9 11.4 -2.4 7
GREATEST
24 HR. TOTAL 2.13
DEGREE DAYS
HEATING TOTAL 4216 5235 -1019 5182
SINCE 7/1 1611 2037 -426 MM
COOLING TOTAL 1107 1077 30 1307
SINCE 1/1 1107 1076 31 MM
................................................................
WIND (MPH)
AVERAGE WIND SPEED 7.0
HIGHEST WIND SPEED/DIRECTION 43/190 DATE 04/05
HIGHEST GUST SPEED/DIRECTION 61/190 DATE 04/05
SKY COVER
AVERAGE SKY COVER 0.38
AVERAGE RH (PERCENT) 71
WEATHER CONDITIONS. NUMBER OF DAYS WITH
THUNDERSTORM 45 MIXED PRECIP 3
HEAVY RAIN 24 RAIN 75
LIGHT RAIN 128 FREEZING RAIN 0
LT FREEZING RAIN 0 HAIL 0
HEAVY SNOW 1 SNOW 1
LIGHT SNOW 19 SLEET 0
FOG 164 FOG W/VIS <= 1/4 MILE 25
HAZE 30
- INDICATES NEGATIVE NUMBERS.
R INDICATES RECORD WAS SET OR TIED.
MM INDICATES DATA IS MISSING.
T INDICATES TRACE AMOUNT.
$$