757
CXUS55 KVEF 031134
CLAIGM

CLIMATE REPORT
NATIONAL WEATHER SERVICE LAS VEGAS, NV
330 AM PST THU JAN 3 2019

...................................

...THE KINGMAN AZ CLIMATE SUMMARY FOR THE YEAR OF 2018...

CLIMATE NORMAL PERIOD 1981 TO 2010
CLIMATE RECORD PERIOD 1901 TO 2019

WEATHER         OBSERVED          NORMAL  DEPART  LAST YEAR`S
                 VALUE   DATE(S)  VALUE   FROM    VALUE  DATE(S)
                                          NORMAL
................................................................
TEMPERATURE (F)
RECORD
 HIGH             113   06/20/2017
                        07/17/2005
                        06/20/2016
 LOW                4   01/29/1979
HIGHEST           108   07/25        76      32      113  06/20
                        07/24
LOWEST             19   02/21        47     -28       18  12/22
                        02/20
AVG. MAXIMUM     78.8              76.0     2.8     79.3
AVG. MINIMUM     49.6              48.4     1.2     48.9
MEAN             64.2              62.2     2.0     64.1
DAYS MAX >= 90    130             104.6    25.4      106
DAYS MAX <= 32      0               0.1    -0.1        0
DAYS MIN <= 32     52              59.0    -7.0       45
DAYS MIN <= 0       0               0.0     0.0        0

PRECIPITATION (INCHES)
RECORD
 MAXIMUM        18.93   1931
 MINIMUM         3.58   1947
TOTALS           6.42              8.39   -1.97     7.97
DAILY AVG.          T              0.02   -0.02        T
DAYS >= .01        35                MM      MM       37
DAYS >= .10        15                MM      MM       20
DAYS >= .50         3                MM      MM        4
DAYS >= 1.00        1                MM      MM        1
GREATEST
 24 HR. TOTAL    1.30   10/03 TO 10/04           12/31 TO 12/31
                                                          12/31 TO 12/31
                                                          12/31 TO 12/31
 STORM TOTAL     1.01                                 MM
 (MM/DD(HH))  10/03(22) TO 10/04(01)          12/31(00) TO 12/31(00)
                                                 12/31(00) TO 12/31(00)1
                                                 12/31(00) TO 12/31(00)1

SNOWFALL (INCHES)
RECORDS
 TOTAL          198.0   2017
 24 HR TOTAL     99.0   MM
 SNOW DEPTH        99   MM
TOTALS            0.0                MM      MM    198.0
 LIQUID EQUIV    0.00                MM      MM    19.80
SINCE 7/1         0.0                MM      MM    198.0
 LIQUID 7/1      0.00                MM      MM    19.80
SNOWDEPTH AVG.      0                MM      MM       22
DAYS >= TRACE       0                MM      MM       99
DAYS >= 1.0         0                MM      MM       99
GREATEST
 SNOW DEPTH         0   MM                            99  MM
 24 HR TOTAL      0.0   MM                       12/31 TO 12/31
                                                          12/31 TO 12/31
                                                          12/31 TO 12/31
 STORM TOTAL       MM                                 MM
 (MM/DD(HH))            MM                    12/31(00) TO 12/31(00)
                                                 12/31(00) TO 12/31(00)1
                                                 12/31(00) TO 12/31(00)1

DEGREE_DAYS
HEATING TOTAL    2576              3103    -527     2396
 SINCE 7/1       1172              1249     -77       MM
COOLING TOTAL    2476              2095     381     2183
 SINCE 1/1       2476              2093     383     2183

FREEZE DATES
RECORD
 EARLIEST     10/22/1996
 LATEST       05/21/1975
EARLIEST                        11/14
LATEST                          04/04
.................................................................

WIND (MPH)
AVERAGE WIND SPEED              9.6
RESULTANT WIND SPEED/DIRECTION   4/193
HIGHEST WIND SPEED/DIRECTION    53/090    DATE  07/09
HIGHEST GUST SPEED/DIRECTION    62/090    DATE  07/09

SKY COVER
POSSIBLE SUNSHINE (PERCENT)   MM
AVERAGE SKY COVER           0.10
NUMBER OF DAYS FAIR          335
NUMBER OF DAYS PC             27
NUMBER OF DAYS CLOUDY          3

AVERAGE RH (PERCENT)     35

WEATHER CONDITIONS. NUMBER OF DAYS WITH
THUNDERSTORM             41     MIXED PRECIP               0
HEAVY RAIN               10     RAIN                      12
LIGHT RAIN               60     FREEZING RAIN              0
LT FREEZING RAIN          0     HAIL                       0
HEAVY SNOW                0     SNOW                       0
LIGHT SNOW                1     SLEET                      0
FOG                      16     FOG W/VIS <= 1/4 MILE      1
HAZE                     30

-  INDICATES NEGATIVE NUMBERS.
R  INDICATES RECORD WAS SET OR TIED.
MM INDICATES DATA IS MISSING.
T  INDICATES TRACE AMOUNT.

$$
