000
CXUS51 KPHI 031053
CLAILG

CLIMATE REPORT
NATIONAL WEATHER SERVICE MOUNT HOLLY NJ
552 AM EST SUN FEB 3 2019

...................................

...THE WILMINGTON DE CLIMATE SUMMARY FOR THE YEAR OF 2018...

CLIMATE NORMAL PERIOD 1981 TO 2010
CLIMATE RECORD PERIOD 1894 TO 2019

WEATHER         OBSERVED          NORMAL  DEPART  LAST YEAR`S
                 VALUE   DATE(S)  VALUE   FROM    VALUE  DATE(S)
                                          NORMAL
................................................................
TEMPERATURE (F)
RECORD
 HIGH             107   08/07/1918
 LOW              -15   02/09/1934
HIGHEST            97   06/30        MM      MM       95  06/13
LOWEST              2   01/07        MM      MM        8  12/31
AVG. MAXIMUM     64.6              64.2     0.4     66.1
AVG. MINIMUM     47.1              45.7     1.4     47.5
MEAN             55.9              54.9     1.0     56.8
DAYS MAX >= 90     29              17.6    11.4       22
DAYS MAX <= 32     10              13.1    -3.1       11
DAYS MIN <= 32     99              89.4     9.6       85
DAYS MIN <= 0       0               0.5    -0.5        0

PRECIPITATION (INCHES)
RECORD
 MAXIMUM        61.37   2018
 MINIMUM        39.90   2017
TOTALS          61.37             43.08   18.29    39.90
DAILY AVG.       0.17              0.12    0.05     0.11
DAYS >= .01       146             117.7    28.3      121
DAYS >= .10        99              71.6    27.4       68
DAYS >= .50        49              29.6    19.4       23
DAYS >= 1.00       14              11.3     2.7       10
GREATEST
 24 HR. TOTAL    2.54   11/24 TO 11/24                MM
 STORM TOTAL       MM                                 MM
 (MM/DD(HH))            MM                                MM

SNOWFALL (INCHES)
RECORDS
 TOTAL           25.4   2016
 24 HR TOTAL     13.1   MM
 SNOW DEPTH        12   01/25/2016
                        01/24/2016
TOTALS           23.2              20.2     3.0     16.8
 LIQUID EQUIV    2.32              2.00    0.32     1.68
SINCE 7/1         3.0               3.8    -0.8      7.8
 LIQUID 7/1      0.30              0.40   -0.10     0.78
SNOWDEPTH AVG.      0                MM      MM        0
DAYS >= TRACE      19              11.8     7.2       17
DAYS >= 1.0         7               5.4     1.6        6
GREATEST
 SNOW DEPTH         6   03/22                          4  12/10
 24 HR TOTAL      6.7   03/21 TO 03/21                MM
 STORM TOTAL       MM                                 MM
 (MM/DD(HH))            MM                                MM

DEGREE_DAYS
HEATING TOTAL    4705              4819    -114     4184
 SINCE 7/1         MM              1777      MM       MM
COOLING TOTAL    1496              1145     351     1304
 SINCE 1/1       1496              1145     351     1304

FREEZE DATES
RECORD
 EARLIEST     MM
 LATEST       MM
EARLIEST                        MM
LATEST                          MM
.................................................................

WIND (MPH)
AVERAGE WIND SPEED              8.6
RESULTANT WIND SPEED/DIRECTION   2/295
HIGHEST WIND SPEED/DIRECTION    45/320    DATE  03/02
HIGHEST GUST SPEED/DIRECTION    57/320    DATE  03/02

SKY COVER
POSSIBLE SUNSHINE (PERCENT)    0
AVERAGE SKY COVER           0.40
NUMBER OF DAYS FAIR          164
NUMBER OF DAYS PC            111
NUMBER OF DAYS CLOUDY         84

AVERAGE RH (PERCENT)     72

WEATHER CONDITIONS. NUMBER OF DAYS WITH
THUNDERSTORM             37     MIXED PRECIP               1
HEAVY RAIN               61     RAIN                      88
LIGHT RAIN              177     FREEZING RAIN              3
LT FREEZING RAIN          3     HAIL                       0
HEAVY SNOW                3     SNOW                       7
LIGHT SNOW               18     SLEET                      4
FOG                     190     FOG W/VIS <= 1/4 MILE     37
HAZE                     22

-  INDICATES NEGATIVE NUMBERS.
R  INDICATES RECORD WAS SET OR TIED.
MM INDICATES DATA IS MISSING.
T  INDICATES TRACE AMOUNT.

$$
