000
CXUS51 KOKX 021803
CLAJFK

CLIMATE REPORT
NATIONAL WEATHER SERVICE NEW YORK NY
1259 PM EST TUE JAN 2 2018

...................................

...THE KENNEDY NY CLIMATE SUMMARY FOR THE YEAR OF 2017...

CLIMATE NORMAL PERIOD 1981 TO 2010
CLIMATE RECORD PERIOD 1948 TO 2018

WEATHER         OBSERVED          NORMAL  DEPART  LAST YEAR`S
                 VALUE   DATE(S)  VALUE   FROM    VALUE  DATE(S)
                                          NORMAL
................................................................
TEMPERATURE (F)
RECORD
 HIGH             104   07/03/1966
 LOW               -2   01/21/1985
                        02/08/1963
HIGHEST            95   07/21        MM      MM       98  07/23
LOWEST              9   12/31        MM      MM        1  02/14
AVG. MAXIMUM     63.1              61.6     1.5     64.1
AVG. MINIMUM     48.8              47.3     1.5     49.4
MEAN             55.9              54.5     1.4     56.7
DAYS MAX >= 90      9               8.8     0.2       15
DAYS MAX <= 32     17              14.2     2.8       10
DAYS MIN <= 32     67              71.9    -4.9       59
DAYS MIN <= 0       0               0.0     0.0        0

PRECIPITATION (INCHES)
RECORD
 MAXIMUM        59.12   1983
 MINIMUM           MM   MM
TOTALS          43.11             42.77    0.34    36.01
DAILY AVG.       0.12              0.12    0.00     0.10
DAYS >= .01       122             119.4     2.6      111
DAYS >= .10        72              73.7    -1.7       65
DAYS >= .50        27              28.8    -1.8       23
DAYS >= 1.00       11              11.2    -0.2        7
GREATEST
 24 HR. TOTAL    3.14   MM                       12/31 TO 12/31
                                                          12/31 TO 12/31
                                                          12/31 TO 12/31
 STORM TOTAL       MM                                 MM
 (MM/DD(HH))            MM                    12/31(00) TO 12/31(00)
                                                 12/31(00) TO 12/31(00)1
                                                 12/31(00) TO 12/31(00)1

SNOWFALL (INCHES)
RECORDS
 TOTAL           61.9   2003
 24 HR TOTAL     30.3   MM
 SNOW DEPTH        28   01/24/2016
                        02/18/2003
TOTALS           34.3              23.8    10.5     44.6
 LIQUID EQUIV    3.43              2.40    1.03     4.46
SINCE 7/1         6.7               4.9     1.8      3.3
 LIQUID 7/1      0.67              0.50    0.17     0.33
SNOWDEPTH AVG.      0                MM      MM        0
DAYS >= TRACE      30              13.6    16.4       28
DAYS >= 1.0         9               5.4     3.6        6
GREATEST
 SNOW DEPTH         8   02/10                         28  01/24
                        01/08
 24 HR TOTAL      8.3   MM                       12/31 TO 12/31
                                                          12/31 TO 12/31
                                                          12/31 TO 12/31
 STORM TOTAL       MM                                 MM
 (MM/DD(HH))            MM                    12/31(00) TO 12/31(00)
                                                 12/31(00) TO 12/31(00)1
                                                 12/31(00) TO 12/31(00)1

DEGREE_DAYS
HEATING TOTAL    4384              4840    -456     4279
 SINCE 7/1         MM              1669      MM       MM
COOLING TOTAL    1169              1004     165     1362
 SINCE 1/1       1169              1005     164     1362
..................................................

WIND (MPH)
AVERAGE WIND SPEED              11.5
RESULTANT WIND SPEED/DIRECTION   3/272
HIGHEST WIND SPEED/DIRECTION    44/300    DATE  02/13
HIGHEST GUST SPEED/DIRECTION    62/300    DATE  02/13

SKY COVER
POSSIBLE SUNSHINE (PERCENT)   MM
AVERAGE SKY COVER           0.60
NUMBER OF DAYS FAIR           44
NUMBER OF DAYS PC            185
NUMBER OF DAYS CLOUDY        136

AVERAGE RH (PERCENT)     69

WEATHER CONDITIONS. NUMBER OF DAYS WITH
THUNDERSTORM              0     MIXED PRECIP               0
HEAVY RAIN               39     RAIN                      58
LIGHT RAIN              143     FREEZING RAIN              1
LT FREEZING RAIN          1     HAIL                       0
HEAVY SNOW                1     SNOW                       9
LIGHT SNOW               26     SLEET                      4
FOG                     148     FOG W/VIS <= 1/4 MILE     24
HAZE                     28

-  INDICATES NEGATIVE NUMBERS.
R  INDICATES RECORD WAS SET OR TIED.
MM INDICATES DATA IS MISSING.
T  INDICATES TRACE AMOUNT.

$$
