000
CXUS51 KOKX 011803
CLAJFK

CLIMATE REPORT
NATIONAL WEATHER SERVICE NEW YORK NY
102 PM EST TUE JAN 1 2019

...................................

...THE KENNEDY NY CLIMATE SUMMARY FOR THE YEAR OF 2018...

CLIMATE NORMAL PERIOD 1981 TO 2010
CLIMATE RECORD PERIOD 1948 TO 2018

WEATHER         OBSERVED          NORMAL  DEPART  LAST YEAR`S
                 VALUE   DATE(S)  VALUE   FROM    VALUE  DATE(S)
                                          NORMAL
................................................................
TEMPERATURE (F)
RECORD
 HIGH             104   07/03/1966
 LOW               -2   01/21/1985
                        02/08/1963
HIGHEST            94   07/01        MM      MM       95  07/21
LOWEST              4   01/07        MM      MM        9  12/31
AVG. MAXIMUM     61.5              61.6    -0.1     63.1
AVG. MINIMUM     47.8              47.3     0.5     48.8
MEAN             54.7              54.5     0.2     55.9
DAYS MAX >= 90      8               8.8    -0.8        9
DAYS MAX <= 32     14              14.2    -0.2       17
DAYS MIN <= 32     87              71.9    15.1       67
DAYS MIN <= 0       0               0.0     0.0        0

PRECIPITATION (INCHES)
RECORD
 MAXIMUM        59.12   1983
 MINIMUM           MM   MM
TOTALS          57.40             42.77   14.63    43.11
DAILY AVG.       0.16              0.12    0.04     0.12
DAYS >= .01       156             119.4    36.6      122
DAYS >= .10        96              73.7    22.3       72
DAYS >= .50        42              28.8    13.2       27
DAYS >= 1.00       18              11.2     6.8       11
GREATEST
 24 HR. TOTAL    2.16   MM                       12/31 TO 12/31
                                                          12/31 TO 12/31EATHER         OBSERVED          NORMAL  DEPART  LAST YEAR`S
                                                          12/31 TO 12/31EATHER         OBSERVED          NORMAL  DEPART  LAST YEAR`S
 STORM TOTAL       MM                                 MM
 (MM/DD(HH))            MM                    12/31(00) TO 12/31(00)
                                                 12/31(00) TO 12/31(00)1EATHER         OBSERVED          NORMAL  DEPART  LAST YEAR`S
                                                 12/31(00) TO 12/31(00)1EATHER         OBSERVED          NORMAL  DEPART  LAST YEAR`S

SNOWFALL (INCHES)
RECORDS
 TOTAL           61.9   2003
 24 HR TOTAL     30.3   MM
 SNOW DEPTH        28   01/24/2016
                        02/18/2003
TOTALS           33.6              23.8     9.8     34.3
 LIQUID EQUIV    3.36              2.40    0.96     3.43
SINCE 7/1         4.8               4.9    -0.1      6.7
 LIQUID 7/1      0.48              0.50   -0.02     0.67
SNOWDEPTH AVG.      0                MM      MM        0
DAYS >= TRACE      27              13.6    13.4       30
DAYS >= 1.0         8               5.4     2.6        9
GREATEST
 SNOW DEPTH         9   03/22                          8  02/10
                                                          01/08
 24 HR TOTAL      8.4   MM                       12/31 TO 12/31
                                                          12/31 TO 12/31EATHER         OBSERVED          NORMAL  DEPART  LAST YEAR`S
                                                          12/31 TO 12/31EATHER         OBSERVED          NORMAL  DEPART  LAST YEAR`S
 STORM TOTAL       MM                                 MM
 (MM/DD(HH))            MM                    12/31(00) TO 12/31(00)
                                                 12/31(00) TO 12/31(00)1EATHER         OBSERVED          NORMAL  DEPART  LAST YEAR`S
                                                 12/31(00) TO 12/31(00)1EATHER         OBSERVED          NORMAL  DEPART  LAST YEAR`S

DEGREE_DAYS
HEATING TOTAL    4873              4840      33     4384
 SINCE 7/1         MM              1669      MM       MM
COOLING TOTAL    1220              1004     216     1169
 SINCE 1/1       1220              1005     215     1169
.................................................................

WIND (MPH)
AVERAGE WIND SPEED              11.6
RESULTANT WIND SPEED/DIRECTION   3/274
HIGHEST WIND SPEED/DIRECTION    51/330    DATE  03/02
HIGHEST GUST SPEED/DIRECTION    66/340    DATE  03/02

SKY COVER
POSSIBLE SUNSHINE (PERCENT)   MM
AVERAGE SKY COVER           0.70
NUMBER OF DAYS FAIR           43
NUMBER OF DAYS PC            161
NUMBER OF DAYS CLOUDY        161

AVERAGE RH (PERCENT)     73

WEATHER CONDITIONS. NUMBER OF DAYS WITH
  0
 63
  0
  1
 10
  6
 40
HAZE                      9

-  INDICATES NEGATIVE NUMBERS.
R  INDICATES RECORD WAS SET OR TIED.
MM INDICATES DATA IS MISSING.
T  INDICATES TRACE AMOUNT.

$$
