000
CXUS53 KJKL 011601
CLAJKL

CLIMATE REPORT
NATIONAL WEATHER SERVICE JACKSON KY
1101 AM EST TUE JAN 1 2019

...................................

...THE JACKSON KY CLIMATE SUMMARY FOR THE YEAR OF 2018...

CLIMATE NORMAL PERIOD 1981 TO 2010
CLIMATE RECORD PERIOD 1981 TO 2018

WEATHER         OBSERVED          NORMAL  DEPART  LAST YEAR`S
                 VALUE   DATE(S)  VALUE   FROM    VALUE
                                          NORMAL
.............................................................
TEMPERATURE (F)
RECORD
 HIGH             104   06/29/2012
 LOW              -18   01/19/1994
                        01/21/1985
                        01/20/1985
HIGHEST            93   07/04        81      12       92
LOWEST              0   01/02        31     -31        8
AVG. MAXIMUM     66.6              66.0     0.6     67.8
AVG. MINIMUM     48.7              47.1     1.6     49.0
MEAN             57.6              56.6     1.0     58.4
DAYS MAX >= 90     15              12.2     2.8        7
DAYS MAX <= 32     15              14.2     0.8       15
DAYS MIN <= 32     86              76.4     9.6       64
DAYS MIN <= 0       1               1.0     0.0        0

PRECIPITATION (INCHES)
RECORD
 MAXIMUM        63.29   1989
 MINIMUM        34.37   2001
TOTALS          67.98R            48.34   19.64    51.52
DAYS >= .01       185             144.4    40.6      144
DAYS >= .10       119              91.1    27.9       90
DAYS >= .50        53              32.7    20.3       34
DAYS >= 1.00       20              11.6     8.4       13
GREATEST
 24 HR. TOTAL    1.88   09/27 TO 09/27              2.26

SNOWFALL (INCHES)
RECORDS
 TOTAL           62.7   1996
 24 HR TOTAL     19.8   03/13/1993 TO 03/13/1993
TOTALS           24.4              23.5              5.5
SINCE 7/1         2.9               5.5    -2.6      1.0
SNOWDEPTH AVG.      0                MM      MM        0
DAYS >= 1.0         9               7.4     1.6        2
GREATEST
 24 HR TOTAL      5.2   03/12 TO 03/12               2.3

DEGREE_DAYS
HEATING TOTAL    4206              4235     -29     3492
 SINCE 7/1       1668              1634      34     1602
COOLING TOTAL    1631              1156     475     1200
 SINCE 1/1       1631              1155     476     1200
..............................................................

WIND (MPH)
AVERAGE WIND SPEED              3.0
RESULTANT WIND SPEED/DIRECTION   1/139
HIGHEST WIND SPEED/DIRECTION    24/300    DATE  03/01
HIGHEST GUST SPEED/DIRECTION    43/310    DATE  10/20

SKY COVER
POSSIBLE SUNSHINE (PERCENT)   MM
NUMBER OF DAYS FAIR          160
NUMBER OF DAYS PC            119
NUMBER OF DAYS CLOUDY         85

AVERAGE RH (PERCENT)     72

WEATHER CONDITIONS. NUMBER OF DAYS WITH
THUNDERSTORM             69     MIXED PRECIP               0
HEAVY RAIN               85     RAIN                     106
LIGHT RAIN              186     FREEZING RAIN              5
LT FREEZING RAIN          8     HAIL                       1
HEAVY SNOW                2     SNOW                      12
LIGHT SNOW               46     SLEET                      5
FOG                     223     FOG W/VIS <= 1/4 MILE     77
HAZE                     10

-  INDICATES NEGATIVE NUMBERS.
R  INDICATES RECORD WAS SET OR TIED.
MM INDICATES DATA IS MISSING.
T  INDICATES TRACE AMOUNT.

$$

CARICO
