000
CXUS51 KCTP 011313 RRA
CLAJST

CLIMATE REPORT
NATIONAL WEATHER SERVICE STATE COLLEGE PA
806 AM EST MON JAN 1 2018

...................................

...THE JOHNSTOWN CLIMATE SUMMARY FOR THE YEAR OF 2017...

CLIMATE NORMAL PERIOD 1981 TO 2010
CLIMATE RECORD PERIOD 1892 TO 2017

WEATHER         OBSERVED          NORMAL  DEPART
                 VALUE   DATE(S)  VALUE   FROM
                                          NORMAL
................................................
TEMPERATURE (F)
RECORD
 HIGH             104   09/03/1953
                        07/09/1936
 LOW              -20   01/30/1977
HIGHEST            86   06/18        MM      MM
                        06/13
LOWEST              0   12/28        MM      MM
AVG. MAXIMUM     58.2              55.7     2.5
AVG. MINIMUM     42.3              39.6     2.7
MEAN             50.2              47.6     2.6
DAYS MAX >= 90      0                MM      MM
DAYS MAX <= 32     41                MM      MM
DAYS MIN <= 32    107                MM      MM
DAYS MIN <= 0       1                MM      MM

PRECIPITATION (INCHES)
RECORD
 MAXIMUM        60.58   1927
 MINIMUM        28.63   2013
TOTALS          45.01             41.10    3.91
DAILY AVG.       0.12              0.11    0.01
DAYS >= .01       159                MM      MM
DAYS >= .10        96                MM      MM
DAYS >= .50        31                MM      MM
DAYS >= 1.00        8                MM      MM
GREATEST
 24 HR. TOTAL    2.98   MM
 STORM TOTAL       MM
 (MM/DD(HH))            MM

DEGREE_DAYS
HEATING TOTAL    5770              6690    -920
 SINCE 7/1       2390              2590    -200
COOLING TOTAL     497               388     109
 SINCE 1/1        497               388     109

FREEZE DATES
RECORD
 EARLIEST     08/31/1894
 LATEST       05/27/1915
EARLIEST                        MM
LATEST                          MM
.................................................

WIND (MPH)
AVERAGE WIND SPEED              9.4
HIGHEST WIND SPEED/DIRECTION    44/290    DATE  02/12
HIGHEST GUST SPEED/DIRECTION    60/310    DATE  02/12

SKY COVER
POSSIBLE SUNSHINE (PERCENT)   MM
AVERAGE SKY COVER           0.50
NUMBER OF DAYS FAIR          125
NUMBER OF DAYS PC            123
NUMBER OF DAYS CLOUDY        116

AVERAGE RH (PERCENT)     73

WEATHER CONDITIONS. NUMBER OF DAYS WITH
MISSING

-  INDICATES NEGATIVE NUMBERS.
R  INDICATES RECORD WAS SET OR TIED.
MM INDICATES DATA IS MISSING.
T  INDICATES TRACE AMOUNT.

$$

LA CORTE
