000
CXUS53 KJKL 011642 CCA
CLALOZ

CLIMATE REPORT
NATIONAL WEATHER SERVICE JACKSON KY
1111 AM EST TUE JAN 1 2019

...................................

...THE LONDON KY CLIMATE SUMMARY FOR THE YEAR OF 2018...

CLIMATE NORMAL PERIOD 1981 TO 2010
CLIMATE RECORD PERIOD 1954 TO 2018

WEATHER         OBSERVED          NORMAL  DEPART  LAST YEAR`S
                 VALUE   DATE(S)  VALUE   FROM    VALUE
                                          NORMAL
.............................................................
TEMPERATURE (F)
RECORD
 HIGH             105   06/29/2012
 LOW              -25   01/19/1994
HIGHEST            94   07/04        MM      MM       95
LOWEST             -7   01/17        MM      MM        8
AVG. MAXIMUM     67.2              67.5    -0.3     68.4
AVG. MINIMUM     47.7              46.0     1.7     47.5
MEAN             57.5              56.7     0.8     57.9
DAYS MAX >= 90     16              19.3    -3.3       11
DAYS MAX <= 32     14              10.3     3.7       10
DAYS MIN <= 32     85              87.1    -2.1       77
DAYS MIN <= 0       3               0.9     2.1        0

PRECIPITATION (INCHES)
RECORD
 MAXIMUM        65.22   2004
 MINIMUM        32.32   2007
TOTALS          64.60*            47.14   17.46*   44.37
DAYS >= .01       169*            133.9    35.1*     137
DAYS >= .10       112*             86.1    25.9*      88
DAYS >= .50        51*             33.0    18.0*      40
DAYS >= 1.00       16*             10.9     5.1*      14
GREATEST
 24 HR. TOTAL    2.56   06/12 TO 06/12              2.39

SNOWFALL (INCHES)
RECORDS
 TOTAL           63.9
 24 HR TOTAL     15.0   03/09/1960 TO 03/09/1960
TOTALS             MM              10.3      MM       MM
SINCE 7/1          MM               1.1      MM       MM
SNOWDEPTH AVG.     MM                MM      MM       MM
DAYS >= 1.0        MM               4.7      MM       MM
GREATEST
 24 HR TOTAL       MM                                 MM

DEGREE_DAYS
HEATING TOTAL    4139              4205     -66     3602
 SINCE 7/1       1690              1652      38     1665
COOLING TOTAL    1574              1191     383     1141
 SINCE 1/1       1574              1191     383     1141
..............................................................

WIND (MPH)
AVERAGE WIND SPEED              5.0
RESULTANT WIND SPEED/DIRECTION   1/244
HIGHEST WIND SPEED/DIRECTION    37/320    DATE  07/05
HIGHEST GUST SPEED/DIRECTION    64/330    DATE  07/05

SKY COVER
POSSIBLE SUNSHINE (PERCENT)   MM
AVERAGE SKY COVER           0.50
NUMBER OF DAYS FAIR          144
NUMBER OF DAYS PC            127
NUMBER OF DAYS CLOUDY         86

AVERAGE RH (PERCENT)     75

WEATHER CONDITIONS. NUMBER OF DAYS WITH
THUNDERSTORM             55     MIXED PRECIP               0
HEAVY RAIN               72     RAIN                     102
LIGHT RAIN              179     FREEZING RAIN              1
LT FREEZING RAIN          5     HAIL                       0
HEAVY SNOW                0     SNOW                       4
LIGHT SNOW               27     SLEET                      0
FOG                     250     FOG W/VIS <= 1/4 MILE     41
HAZE                     12

-  INDICATES NEGATIVE NUMBERS.
R  INDICATES RECORD WAS SET OR TIED.
MM INDICATES DATA IS MISSING.
T  INDICATES TRACE AMOUNT.

&&

...*TOTAL INCOMPLETE...MISSING PRECIPITATION DATE...
...JANUARY 1ST AND 2ND...SEPTEMBER 22ND-24TH AND OCTOBER 2ND AND 11TH...

$$

CARICO
