000
CXUS53 KARX 010758
CLALSE

MKECLMLSE 000
TTAA00 KARX 010758


CLIMATE REPORT
NATIONAL WEATHER SERVICE LA CROSSE WI
158 AM CST MON JAN 1 2018

...................................

...THE LA CROSSE WI CLIMATE SUMMARY FOR THE YEAR OF 2017...

CLIMATE NORMAL PERIOD 1981 TO 2010
CLIMATE RECORD PERIOD 1873 TO 2017

WEATHER         OBSERVED          NORMAL  DEPART
                 VALUE   DATE(S)  VALUE   FROM
                                          NORMAL
................................................
TEMPERATURE (F)
RECORD
 HIGH             108   07/13/1995
                        07/14/1936
 LOW              -43   01/18/1873
HIGHEST            97   06/03        MM      MM
LOWEST            -11   12/31        MM      MM
AVG. MAXIMUM     59.7              57.0     2.7
AVG. MINIMUM     41.2              37.8     3.4
MEAN             50.4              47.4     3.0
DAYS MAX >= 90     18              13.4     4.6
DAYS MAX <= 32     46              61.0   -15.0
DAYS MIN <= 32    121             142.2   -21.2
DAYS MIN <= 0      10              20.1   -10.1

PRECIPITATION (INCHES)
RECORD
 MAXIMUM        42.88   2010
 MINIMUM        26.68   2012
TOTALS          39.60             33.06    6.54
DAILY AVG.       0.11              0.09    0.02
DAYS >= .01       134             118.8    15.2
DAYS >= .10        73              64.9     8.1
DAYS >= .50        23              20.3     2.7
DAYS >= 1.00       10               7.1     2.9
GREATEST
 24 HR. TOTAL    2.85   07/19 TO 07/19
 STORM TOTAL     0.53
 (MM/DD(HH))            MM

SNOWFALL (INCHES)
RECORDS
 TOTAL           78.7   2008
 24 HR TOTAL     13.9   MM
TOTALS           25.8              43.3   -17.5
 LIQUID EQUIV    2.58              4.30   -1.72
SINCE 7/1         4.4              15.6   -11.2
 LIQUID 7/1      0.44
DAYS >= TRACE      59              30.1    28.9
DAYS >= 1.0         7              13.2    -6.2
GREATEST
 SNOW DEPTH         6   01/18
                        01/16
                        01/17
 24 HR TOTAL      3.5   MM
 STORM TOTAL       MM
 (MM/DD(HH))            MM

DEGREE_DAYS
HEATING TOTAL    6200              7194    -994
 SINCE 7/1         MM              2844      MM
COOLING TOTAL    1001               781     220
 SINCE 1/1       1001               782     219

FREEZE DATES
RECORD
 EARLIEST     MM
 LATEST       MM
EARLIEST                        MM
LATEST                          MM
.................................................

WIND (MPH)
AVERAGE WIND SPEED              8.4
HIGHEST WIND SPEED/DIRECTION    41/060    DATE  07/19
HIGHEST GUST SPEED/DIRECTION    55/280    DATE  06/24

SKY COVER
POSSIBLE SUNSHINE (PERCENT)   MM
AVERAGE SKY COVER           0.40
NUMBER OF DAYS FAIR          168
NUMBER OF DAYS PC            108
NUMBER OF DAYS CLOUDY         89

AVERAGE RH (PERCENT)     67

WEATHER CONDITIONS. NUMBER OF DAYS WITH
THUNDERSTORM              0     MIXED PRECIP               0
HEAVY RAIN               36     RAIN                      49
LIGHT RAIN              155     FREEZING RAIN              1
LT FREEZING RAIN          1     HAIL                       1
HEAVY SNOW                1     SNOW                       5
LIGHT SNOW               57     SLEET                      1
FOG                     142     FOG W/VIS <= 1/4 MILE     28
HAZE                     38

-  INDICATES NEGATIVE NUMBERS.
R  INDICATES RECORD WAS SET OR TIED.
MM INDICATES DATA IS MISSING.
T  INDICATES TRACE AMOUNT.

$$
