000
CXUS53 KILX 011913
CLALWV

CLIMATE REPORT
NATIONAL WEATHER SERVICE LINCOLN IL
113 PM CST MON JAN 1 2018

...................................

...THE LAWRENCEVILLE IL AIRPORT CLIMATE SUMMARY FOR THE YEAR OF 2017...

CLIMATE NORMAL PERIOD 1981 TO 2010
CLIMATE RECORD PERIOD 9999 TO 9999

WEATHER         OBSERVED          NORMAL  DEPART  LAST YEAR`S
                 VALUE   DATE(S)  VALUE   FROM    VALUE  DATE(S)
                                          NORMAL
................................................................
TEMPERATURE (F)
RECORD
 HIGH              MM   MM
 LOW               MM   MM
HIGHEST            98   07/22        MM      MM       97  06/26
LOWEST              0   01/07        MM      MM        2  01/20
AVG. MAXIMUM     68.0              66.1     1.9     67.3
AVG. MINIMUM     47.4              45.8     1.6     47.2
MEAN             57.7              56.0     1.7     57.3
DAYS MAX >= 90     32              37.1    -5.1       43
DAYS MAX <= 32     14              17.3    -3.3       22
DAYS MIN <= 32     80              89.8    -9.8       92
DAYS MIN <= 0       1               2.2    -1.2        0

PRECIPITATION (INCHES)
RECORD
 MAXIMUM           MM   MM
 MINIMUM           MM   MM
TOTALS          33.64             43.88  -10.24    42.03
DAILY AVG.       0.09                               0.11
DAYS >= .01        93                MM      MM      109
DAYS >= .10        57                MM      MM       73
DAYS >= .50        24                MM      MM       26
DAYS >= 1.00       10                MM      MM       12
GREATEST
 24 HR. TOTAL    2.87   MM                          3.78

DEGREE_DAYS
HEATING TOTAL    3996              4680    -684     4367
COOLING TOTAL    1432              1387      45     1615

FREEZE DATES
RECORD
 EARLIEST     MM
 LATEST       MM
EARLIEST                        MM
LATEST                          MM
.................................................................

SKY COVER
POSSIBLE SUNSHINE (PERCENT)   MM



-  INDICATES NEGATIVE NUMBERS.
R  INDICATES RECORD WAS SET OR TIED.
MM INDICATES DATA IS MISSING.
T  INDICATES TRACE AMOUNT.

&&

PRECIPITATION DATA INCOMPLETE DUE TO MISSING DATA.

$$
