000
CXUS53 KILX 012018
CLALWV

CLIMATE REPORT
NATIONAL WEATHER SERVICE LINCOLN IL
105 PM CST TUE JAN 1 2019

...................................

...THE LAWRENCEVILLE IL AIRPORT CLIMATE SUMMARY FOR THE YEAR OF 2018...

CLIMATE NORMAL PERIOD 1981 TO 2010
CLIMATE RECORD PERIOD 9999 TO 9999

WEATHER         OBSERVED          NORMAL  DEPART  LAST YEAR`S
                 VALUE   DATE(S)  VALUE   FROM    VALUE
                                          NORMAL
.............................................................
TEMPERATURE (F)
RECORD
 HIGH              MM   MM
 LOW               MM   MM
HIGHEST            98   07/05        MM      MM       98
LOWEST             -9   01/16        MM      MM        0
AVG. MAXIMUM     66.4              66.1     0.3     68.0
AVG. MINIMUM     46.8              45.8     1.0     47.4
MEAN             56.6              56.0     0.6     57.7
DAYS MAX >= 90     68              37.1    30.9       32
DAYS MAX <= 32     20              17.3     2.7       14
DAYS MIN <= 32     98              89.8     8.2       80
DAYS MIN <= 0       5               2.2     2.8        1

PRECIPITATION (INCHES)
RECORD
 MAXIMUM           MM   MM
 MINIMUM           MM   MM
TOTALS          49.80             43.88    5.92    33.64
DAILY AVG.       0.14                               0.09
DAYS >= .01       125                MM      MM       93
DAYS >= .10        81                MM      MM       57
DAYS >= .50        35                MM      MM       24
DAYS >= 1.00       15                MM      MM       10
GREATEST
 24 HR. TOTAL    4.72   MM                          2.87

DEGREE_DAYS
HEATING TOTAL    4890              4680     210     3996
COOLING TOTAL    1952              1387     565     1432

FREEZE DATES
RECORD
 EARLIEST     MM
 LATEST       MM
EARLIEST                        MM
LATEST                          MM
..............................................................

SKY COVER
POSSIBLE SUNSHINE (PERCENT)   MM

WEATHER CONDITIONS. NUMBER OF DAYS WITH
THUNDERSTORM             47     MIXED PRECIP               2
HEAVY RAIN               57     RAIN                      68
LIGHT RAIN              146     FREEZING RAIN              1
LT FREEZING RAIN          5     HAIL                       0
HEAVY SNOW                0     SNOW                       5
LIGHT SNOW               34     SLEET                      0
FOG                     215     FOG W/VIS <= 1/4 MILE     20
HAZE                     86

-  INDICATES NEGATIVE NUMBERS.
R  INDICATES RECORD WAS SET OR TIED.
MM INDICATES DATA IS MISSING.
T  INDICATES TRACE AMOUNT.

$$
