000
CXUS53 KABR 021935
CLAMBG

CLIMATE REPORT
NATIONAL WEATHER SERVICE ABERDEEN SD
1236 PM CST WED JAN 2 2019

...................................

...THE MOBRIDGE SD CLIMATE SUMMARY FOR THE YEAR OF 2018...

CLIMATE NORMAL PERIOD 1981 TO 2010
CLIMATE RECORD PERIOD 1911 TO 2019

WEATHER         OBSERVED          NORMAL  DEPART  LAST YEAR`S
                 VALUE   DATE(S)  VALUE   FROM    VALUE  DATE(S)
                                          NORMAL
................................................................
TEMPERATURE (F)
RECORD
 HIGH             116   07/15/2006
                        07/16/1936
 LOW              -44   02/19/1929
HIGHEST           103   08/10        MM      MM      106  07/09
LOWEST            -30   01/01        MM      MM      -30  12/31
AVG. MAXIMUM     56.1              56.8    -0.7     59.0
AVG. MINIMUM     33.8              33.1     0.7     34.9
MEAN             44.9              44.9     0.0     47.0
DAYS MAX >= 90     35              22.3    12.7       29
DAYS MAX <= 32     71              65.2     5.8       56
DAYS MIN <= 32    175             172.0     3.0      166
DAYS MIN <= 0      30              30.2    -0.2       25

PRECIPITATION (INCHES)
RECORD
 MAXIMUM        26.86   1915
 MINIMUM         6.15   1934
TOTALS          19.17             17.87    1.30    15.60
DAILY AVG.       0.05              0.05    0.00     0.04
DAYS >= .01       103                MM      MM       83
DAYS >= .10        50                MM      MM       28
DAYS >= .50         6                MM      MM        9
DAYS >= 1.00        3                MM      MM        3

SNOWFALL (INCHES)
RECORDS
 TOTAL           69.4   1966
TOTALS           51.8              31.1    20.7     27.5
 LIQUID EQUIV    5.18                MM      MM     2.75
SINCE 7/1        11.0              11.0     0.0      8.6
 LIQUID 7/1      1.10                MM      MM     0.86
DAYS >= TRACE      68                MM      MM       47
DAYS >= 1.0        15                MM      MM       11

DEGREE_DAYS
HEATING TOTAL    8119              7960     159     7245
 SINCE 7/1         MM              3216      MM       MM
COOLING TOTAL     966               643     323      791
 SINCE 1/1        966               644     322      791
.................................................................

WIND (MPH)
AVERAGE WIND SPEED              9.8
HIGHEST WIND SPEED/DIRECTION    66/260    DATE  07/04
HIGHEST GUST SPEED/DIRECTION    95/250    DATE  07/04



-  INDICATES NEGATIVE NUMBERS.
R  INDICATES RECORD WAS SET OR TIED.
MM INDICATES DATA IS MISSING.
T  INDICATES TRACE AMOUNT.

$$
