000
CXUS53 KABR 022148
CLAMBG

CLIMATE REPORT...CORRECTED
NATIONAL WEATHER SERVICE ABERDEEN SD

333 PM CST TUE JAN 2 2018

...................................

...THE MOBRIDGE SD CLIMATE SUMMARY FOR THE YEAR OF 2017...

CLIMATE NORMAL PERIOD 1981 TO 2010
CLIMATE RECORD PERIOD 1911 TO 2018

WEATHER         OBSERVED          NORMAL  DEPART  LAST YEAR`S
                 VALUE   DATE(S)  VALUE   FROM    VALUE  DATE(S)
                                          NORMAL
................................................................
TEMPERATURE (F)
RECORD
 HIGH             116   07/15/2006
                        07/16/1936
 LOW              -44   02/19/1929
HIGHEST           106   07/09        MM      MM      105  07/20
LOWEST            -30   12/31        MM      MM      -28  12/17
AVG. MAXIMUM     59.0              56.8     2.2     61.3
AVG. MINIMUM     34.9              33.1     1.8     37.8
MEAN             47.0              44.9     2.1     49.5
DAYS MAX >= 90     29              22.3     6.7       35
DAYS MAX <= 32     56              65.2    -9.2       49
DAYS MIN <= 32    166             172.0    -6.0      141
DAYS MIN <= 0      25              30.2    -5.2       16

PRECIPITATION (INCHES)
RECORD
 MAXIMUM        26.86   1915
 MINIMUM         6.15   1934
TOTALS          15.60             17.87   -2.27    21.43
DAILY AVG.       0.04              0.05   -0.01     0.06
DAYS >= .01        83                MM      MM       98
DAYS >= .10        28                MM      MM       44
DAYS >= .50         9                MM      MM       11
DAYS >= 1.00        3                MM      MM        5

SNOWFALL (INCHES)
RECORDS
 TOTAL           75.9   1997
TOTALS           27.5                MM      MM     37.2
 LIQUID EQUIV    2.75                MM      MM     3.72
SINCE 7/1         8.6                MM      MM     28.4
 LIQUID 7/1      0.86                MM      MM     2.84
DAYS >= TRACE      47                MM      MM       53
DAYS >= 1.0        11                MM      MM       12

DEGREE_DAYS
HEATING TOTAL    7245              7960    -715     6526
 SINCE 7/1         MM              3216      MM       MM
COOLING TOTAL     791               643     148      961
 SINCE 1/1        791               644     147      961
.................................................................

WIND (MPH)
AVERAGE WIND SPEED              10.2
HIGHEST WIND SPEED/DIRECTION    45/320    DATE  06/17
HIGHEST GUST SPEED/DIRECTION    65/310    DATE  07/18



-  INDICATES NEGATIVE NUMBERS.
R  INDICATES RECORD WAS SET OR TIED.
MM INDICATES DATA IS MISSING.
T  INDICATES TRACE AMOUNT.

$$
