000
CXUS53 KEAX 021606
CLAMCI

CLIMATE REPORT
NATIONAL WEATHER SERVICE KANSAS CITY/PLEASANT HILL MO
1001 AM CST TUE JAN 2 2018

...................................

...THE KANSAS CITY INTERNATIONAL MO CLIMATE SUMMARY FOR THE YEAR OF 2017...

CLIMATE NORMAL PERIOD 1981 TO 2010
CLIMATE RECORD PERIOD 1888 TO 2018

WEATHER         OBSERVED          NORMAL  DEPART  LAST YEAR`S
                 VALUE   DATE(S)  VALUE   FROM    VALUE
                                          NORMAL
.............................................................
TEMPERATURE (F)
RECORD
 HIGH             113   08/14/1936
 LOW              -23   12/23/1989
                        12/22/1989
HIGHEST            98   07/22        99      -1
                        07/21
LOWEST             -6   12/31         0      -6
AVG. MAXIMUM     66.5              64.7     1.8
AVG. MINIMUM     46.2              44.6     1.6
MEAN             56.3              54.6     1.7
DAYS MAX >= 90     24              30.2    -6.2
DAYS MAX <= 32     18              27.0    -9.0
DAYS MIN <= 32     88             108.2   -20.2      105
DAYS MIN <= 0       4               5.2    -1.2

PRECIPITATION (INCHES)
RECORD
 MAXIMUM        60.25   1961
 MINIMUM        20.93   1953
TOTALS          46.02             38.86    7.16
DAILY AVG.       0.12              0.11    0.01
DAYS >= .01        95             104.8    -9.8
DAYS >= .10        55              64.1    -9.1
DAYS >= .50        25              25.6    -0.6
DAYS >= 1.00       14              10.0     4.0
GREATEST
 24 HR. TOTAL    4.08   MM

SNOWFALL (INCHES)
RECORDS
 TOTAL           63.0   1960
 24 HR TOTAL     20.0   03/23/1912 TO 03/23/1912
TOTALS            4.8              18.8   -14.0
DAYS >= TRACE      13              14.6    -1.6
DAYS >= 1.0         3               5.9    -2.9
GREATEST
 SNOW DEPTH         2   01/06
                        01/04
                        01/05
 24 HR TOTAL      1.5   MM

DEGREE_DAYS
HEATING TOTAL    4381              5133    -752
COOLING TOTAL    1325              1360     -35
..............................................................

WIND (MPH)
AVERAGE WIND SPEED              10.2
HIGHEST WIND SPEED/DIRECTION    53/030    DATE  06/16
HIGHEST GUST SPEED/DIRECTION    67/210    DATE  03/06

SKY COVER
POSSIBLE SUNSHINE (PERCENT)   MM
AVERAGE SKY COVER           0.50
NUMBER OF DAYS FAIR          107
NUMBER OF DAYS PC            164
NUMBER OF DAYS CLOUDY         94

AVERAGE RH (PERCENT)     68

WEATHER CONDITIONS. NUMBER OF DAYS WITH
THUNDERSTORM             51     MIXED PRECIP               0
HEAVY RAIN               35     RAIN                      43
LIGHT RAIN              114     FREEZING RAIN              0
LT FREEZING RAIN          4     HAIL                       2
HEAVY SNOW                0     SNOW                       0
LIGHT SNOW               11     SLEET                      0
FOG                     160     FOG W/VIS <= 1/4 MILE     21
HAZE                    119

-  INDICATES NEGATIVE NUMBERS.
R  INDICATES RECORD WAS SET OR TIED.
MM INDICATES DATA IS MISSING.
T  INDICATES TRACE AMOUNT.

$$
