000
CXUS53 KGLD 021946
CLAMCK

CLIMATE REPORT
NATIONAL WEATHER SERVICE GOODLAND
1232 PM MST WED JAN 2 2019

...................................

...THE MCCOOK CLIMATE SUMMARY FOR THE YEAR OF 2018...

CLIMATE NORMAL PERIOD 1981 TO 2010
CLIMATE RECORD PERIOD 1896 TO 2018

WEATHER         OBSERVED          NORMAL  DEPART  LAST YEAR`S
                 VALUE   DATE(S)  VALUE   FROM    VALUE  DATE(S)
                                          NORMAL
................................................................
TEMPERATURE (F)
RECORD
 HIGH             115   06/26/2012
 LOW              -30   01/12/1912
HIGHEST           106   06/28       105       1      107  07/21
                                                          07/19
LOWEST             -6   01/02       -10       4      -12  01/06
AVG. MAXIMUM     64.3              64.9    -0.6     67.9
AVG. MINIMUM     37.8              36.6     1.2     39.3
MEAN             51.0              50.8     0.2     53.6
DAYS MAX >= 90     57              44.7    12.3       64
DAYS MAX <= 32     27              27.6    -0.6       22
DAYS MIN <= 32    168             161.0     7.0      143
DAYS MIN <= 0       5               8.6    -3.6        6

PRECIPITATION (INCHES)
RECORD
 MAXIMUM        38.80   1930
 MINIMUM         9.34   1910
TOTALS          26.12             22.53    3.59
DAYS >= .01        85              75.1     9.9       73
DAYS >= .10        40              43.8    -3.8       36
DAYS >= .50        18              14.5     3.5       15
DAYS >= 1.00        6               5.1     0.9        3
GREATEST
 24 HR. TOTAL    2.92   07/17                       1.53

.................................................................



-  INDICATES NEGATIVE NUMBERS.
R  INDICATES RECORD WAS SET OR TIED.
MM INDICATES DATA IS MISSING.
T  INDICATES TRACE AMOUNT.

$$
