000
CXUS56 KMFR 021711 RRA
CLAMFR

CLIMATE REPORT
NATIONAL WEATHER SERVICE MEDFORD, OR
905 AM PST WED JAN 2 2019

...................................

...THE MEDFORD OR CLIMATE SUMMARY FOR THE YEAR OF 2018...

CLIMATE NORMAL PERIOD 1981 TO 2010
CLIMATE RECORD PERIOD 1911 TO 2019

WEATHER         OBSERVED          NORMAL  DEPART  LAST YEAR`S
                 VALUE   DATE(S)  VALUE   FROM    VALUE  DATE(S)
                                          NORMAL
................................................................
TEMPERATURE (F)
RECORD
 HIGH             115   07/20/1946
 LOW              -10   12/13/1919
HIGHEST           105   07/16                        112  08/02
LOWEST             20   02/23                          6  01/06
AVG. MAXIMUM     69.5              68.0     1.5     68.7
AVG. MINIMUM     43.3              43.2     0.1     44.7
MEAN             56.4              55.6     0.8     56.7
DAYS MAX >= 90     63              53.9     9.1       77
DAYS MAX <= 32      0               0.6    -0.6        2
DAYS MIN <= 32     70              55.1    14.9       60
DAYS MIN <= 0       0               0.0     0.0        0

PRECIPITATION (INCHES)
RECORD
 MAXIMUM        31.41   1996
 MINIMUM         8.07   2013
TOTALS          12.06             18.35   -6.29    18.13
DAILY AVG.       0.03              0.05   -0.02        T
DAYS >= .01        91             102.6   -11.6       94
DAYS >= .10        41              50.9    -9.9       42
DAYS >= .50         2               8.1    -6.1        5
DAYS >= 1.00        0               1.6    -1.6        1
GREATEST
 24 HR. TOTAL    0.95   MM

SNOWFALL (INCHES)
RECORDS
 TOTAL           24.1   1930
TOTALS            4.2               4.1     0.1     11.4
SINCE 7/1           T               1.7    -1.7      0.0
DAYS >= TRACE      11               5.1     5.9       11
DAYS >= 1.0         1               1.6    -0.6        2

DEGREE_DAYS
HEATING TOTAL    3989              4250    -261     4199
 SINCE 7/1       1630              1766    -136       MM
COOLING TOTAL     994               828     166     1281
 SINCE 1/1        994               829     165     1281

FREEZE DATES
.................................................................

WIND (MPH)
AVERAGE WIND SPEED              3.6
HIGHEST WIND SPEED/DIRECTION    38/030    DATE  06/17
HIGHEST GUST SPEED/DIRECTION    47/020    DATE  06/17

SKY COVER
POSSIBLE SUNSHINE (PERCENT)    0
AVERAGE SKY COVER           0.40
NUMBER OF DAYS FAIR          188
NUMBER OF DAYS PC            116
NUMBER OF DAYS CLOUDY         61

AVERAGE RH (PERCENT)     60

WEATHER CONDITIONS. NUMBER OF DAYS WITH
  0
 30
  0
  0
  2
  0
 45
HAZE                    126

-  INDICATES NEGATIVE NUMBERS.
R  INDICATES RECORD WAS SET OR TIED.
MM INDICATES DATA IS MISSING.
T  INDICATES TRACE AMOUNT.

$$
