000
CXUS51 KPBZ 011519
CLAMGW


CLIMATE REPORT
NATIONAL WEATHER SERVICE PITTSBURGH PA
1019 AM EST TUE JAN 1 2019

...................................

...THE MORGANTOWN WV CLIMATE SUMMARY FOR THE YEAR OF 2018...

CLIMATE NORMAL PERIOD 1981 TO 2010
CLIMATE RECORD PERIOD 1872 TO 2018

WEATHER         OBSERVED          NORMAL  DEPART  LAST YEAR`S
                 VALUE   DATE(S)  VALUE   FROM    VALUE  DATE(S)
                                          NORMAL
................................................................
TEMPERATURE (F)
RECORD
 HIGH             105   MM
 LOW               -9   01/29/2014
                        01/28/2014
                        01/28/2014
HIGHEST            93   07/04        MM      MM       90  07/19
                        07/03                             06/18
LOWEST             -6   01/07        MM      MM        2  12/28
                                                          01/09
AVG. MAXIMUM     63.4              62.7     0.7     64.8
AVG. MINIMUM     45.3              43.3     2.0     45.5
MEAN             54.3              53.0     1.3     55.2
DAYS MAX >= 90     12               8.4     3.6        2
DAYS MAX <= 32     23              23.9    -0.9       20
DAYS MIN <= 32    118             102.0    16.0       87
DAYS MIN <= 0       4               1.4     2.6        0

PRECIPITATION (INCHES)
RECORD
 MAXIMUM           MM   MM
 MINIMUM           MM   MM
TOTALS          54.70             41.83   12.87    49.42
DAILY AVG.       0.15              0.11    0.04     0.13
DAYS >= .01       184             149.8    34.2      168
DAYS >= .10       125              89.6    35.4       88
DAYS >= .50        30              27.2     2.8       35
DAYS >= 1.00        8               6.8     1.2       11
GREATEST
 24 HR. TOTAL    2.77

DEGREE_DAYS
HEATING TOTAL    5067              5183    -116     4374
 SINCE 7/1       1917              1984     -67     1899
COOLING TOTAL    1290               813     477      919
 SINCE 1/1       1290               814     476      919
.................................................................

WIND (MPH)
AVERAGE WIND SPEED              4.7
HIGHEST WIND SPEED/DIRECTION    28/110    DATE  09/09
HIGHEST GUST SPEED/DIRECTION    41/280    DATE  10/21

AVERAGE RH (PERCENT)     72

WEATHER CONDITIONS. NUMBER OF DAYS WITH
THUNDERSTORM             52     MIXED PRECIP               0
HEAVY RAIN               49     RAIN                      95
LIGHT RAIN              162     FREEZING RAIN              0
LT FREEZING RAIN          2     HAIL                       0
HEAVY SNOW                1     SNOW                      13
LIGHT SNOW               59     SLEET                      0
FOG                     236     FOG W/VIS <= 1/4 MILE     30
HAZE                     60

-  INDICATES NEGATIVE NUMBERS.
R  INDICATES RECORD WAS SET OR TIED.
MM INDICATES DATA IS MISSING.
T  INDICATES TRACE AMOUNT.

$$
