000
CXUS53 KIND 011719
CLAMIE
CLIMATE REPORT
NATIONAL WEATHER SERVICE INDIANAPOLIS IN
1219 PM EST MON JAN 01 2024
...................................
...THE MUNCIE IN CLIMATE SUMMARY FOR THE YEAR OF 2023...
CLIMATE NORMAL PERIOD 1991 TO 2020
CLIMATE RECORD PERIOD 9999 TO 9999
WEATHER OBSERVED NORMAL DEPART LAST YEAR`S
VALUE DATE(S) VALUE FROM VALUE DATE(S)
NORMAL
................................................................
TEMPERATURE (F)
HIGHEST 94 06/03 97 07/05
06/14
06/21
LOWEST 10 02/01 -8 12/23
AVG. MAXIMUM 65.6 63.0 2.6 63.6
AVG. MINIMUM 45.4 44.3 1.1 43.9
MEAN 55.5 53.7 1.8 53.8
DAYS MAX >= 90 14 17.4 -3.4 21
DAYS MAX <= 32 6 35.5 -29.5 35
DAYS MIN <= 32 76 118.9 -42.9 102
DAYS MIN <= 0 0 5.5 -5.5 4
PRECIPITATION (INCHES)
TOTALS 33.16 40.26 -7.10 28.32
DAILY AVG. 0.09 0.11 -0.02 0.08
DAYS >= .01 111 132.4 -21.4 110
DAYS >= .10 62 78.3 -16.3 62
DAYS >= .50 27 27.4 -0.4 16
DAYS >= 1.00 6 9.1 -3.1 6
GREATEST
24 HR. TOTAL 1.67 03/03 TO 03/03
DEGREE DAYS
HEATING TOTAL 4335 5262 -927 5196
SINCE 7/1 1600 1983 -383 MM
COOLING TOTAL 1002 1172 -170 1239
SINCE 1/1 1002 1172 -170 MM
................................................................
WIND (MPH)
AVERAGE WIND SPEED 7.7
HIGHEST WIND SPEED/DIRECTION 48/270 DATE 03/31
HIGHEST GUST SPEED/DIRECTION 67/270 DATE 03/31
SKY COVER
AVERAGE SKY COVER 0.41
AVERAGE RH (PERCENT) 64
WEATHER CONDITIONS. NUMBER OF DAYS WITH
THUNDERSTORM 32 MIXED PRECIP 2
HEAVY RAIN 36 RAIN 74
LIGHT RAIN 138 FREEZING RAIN 0
LT FREEZING RAIN 1 HAIL 0
HEAVY SNOW 4 SNOW 8
LIGHT SNOW 26 SLEET 0
FOG 162 FOG W/VIS <= 1/4 MILE 28
HAZE 144
- INDICATES NEGATIVE NUMBERS.
R INDICATES RECORD WAS SET OR TIED.
MM INDICATES DATA IS MISSING.
T INDICATES TRACE AMOUNT.
$$