000
CXUS53 KGJT 032126
CLAMTJ


CLIMATE REPORT
NATIONAL WEATHER SERVICE GRAND JUNCTION CO
1200 PM MST THU JAN 3 2019

...................................

...THE MONTROSE CO CLIMATE SUMMARY FOR THE YEAR OF 2018...

CLIMATE NORMAL PERIOD 1981 TO 2010
CLIMATE RECORD PERIOD 9999 TO 9999

WEATHER         OBSERVED          NORMAL  DEPART  LAST YEAR`S
                 VALUE   DATE(S)  VALUE   FROM    VALUE  DATE(S)
                                          NORMAL
................................................................
TEMPERATURE (F)
RECORD
 HIGH              MM   MM
 LOW               MM   MM
HIGHEST            99   06/27        MM      MM       98  07/06
                                                          06/22
LOWEST              4   02/21        MM      MM      -10  01/07
AVG. MAXIMUM     65.4              63.7     1.7     66.7
AVG. MINIMUM     37.5              35.8     1.7     38.2
MEAN             51.4              49.8     1.6     52.4
DAYS MAX >= 90     62              33.1    28.9       44
DAYS MAX <= 32     12              18.4    -6.4        9
DAYS MIN <= 32    154             156.5    -2.5      145
DAYS MIN <= 0       0               3.5    -3.5        2

PRECIPITATION (INCHES)
RECORD
 MAXIMUM           MM   MM
 MINIMUM           MM   MM
TOTALS           5.83             11.32   -5.49     8.17
DAILY AVG.       0.02              0.03   -0.01     0.02
DAYS >= .01        68                MM      MM       70
DAYS >= .10        23                MM      MM       25
DAYS >= .50         0                MM      MM        2
DAYS >= 1.00        0                MM      MM        0
GREATEST
 24 HR. TOTAL    0.41   MM                       12/31 TO 12/31
 STORM TOTAL       MM                                 MM
 (SNOWFALL (INCHES)
RECORDS
 TOTAL             MM   MM
 24 HR TOTAL       MM
 SNOW DEPTH        MM   MM
TOTALS             MM                MM      MM       MM
 LIQUID EQUIV      MM                MM      MM       MM
SINCE 7/1          MM                MM      MM       MM
 LIQUID 7/1        MM                MM      MM       MM
SNOWDEPTH AVG.     MM                MM      MM       MM
DAYS >= TRACE      MM                MM      MM       MM
DAYS >= 1.0        MM                MM      MM       MM
GREATEST
 SNOW DEPTH        MM                                 MM  MM
 24 HR TOTAL       MM                                 MM
 STORM TOTAL       MM                                 MM

DEGREE_DAYS
HEATING TOTAL    5782              6202    -420     5279
 SINCE 7/1       2616              2608       8     2238
COOLING TOTAL     961               644     317      807
 SINCE 1/1        961               643     318      807

FREEZE DATES
RECORD
 EARLIEST     MM
 LATEST       MM
EARLIEST                        MM
LATEST                          MM
.................................................................

WIND (MPH)
AVERAGE WIND SPEED              7.5
RESULTANT WIND SPEED/DIRECTION   2/162
HIGHEST WIND SPEED/DIRECTION    51/100    DATE  08/10
HIGHEST GUST SPEED/DIRECTION    65/210    DATE  02/19

SKY COVER
POSSIBLE SUNSHINE (PERCENT)    0
AVERAGE SKY COVER           0.20
NUMBER OF DAYS FAIR          268
NUMBER OF DAYS PC             63
NUMBER OF DAYS CLOUDY         33

AVERAGE RH (PERCENT)     45

WEATHER CONDITIONS. NUMBER OF DAYS WITH
THUNDERSTORM             32     MIXED PRECIP                0
HEAVY RAIN                7     RAIN                       21
LIGHT RAIN               90     FREEZING RAIN               0
LT FREEZING RAIN          0     HAIL                        0
HEAVY SNOW                1     SNOW                        9
LIGHT SNOW               30     SLEET                       0
FOG                      55     FOG W/VIS <= 1/4 MILE       5
HAZE                     59

-  INDICATES NEGATIVE NUMBERS.
R  INDICATES RECORD WAS SET OR TIED.
MM INDICATES DATA IS MISSING.
T  INDICATES TRACE AMOUNT.

$$
