000
CXUS53 KGJT 012053
CLAMTJ

CLIMATE REPORT
NATIONAL WEATHER SERVICE GRAND JUNCTION CO
659 AM MST MON JAN 1 2018

...................................

...THE MONTROSE CO CLIMATE SUMMARY FOR THE YEAR OF 2017...

CLIMATE NORMAL PERIOD 1981 TO 2010
CLIMATE RECORD PERIOD 9999 TO 9999

WEATHER         OBSERVED          NORMAL  DEPART  LAST YEAR`S
                 VALUE   DATE(S)  VALUE   FROM    VALUE  DATE(S)
                                          NORMAL
................................................................
TEMPERATURE (F)
RECORD
 HIGH              MM   MM
 LOW               MM   MM
HIGHEST            98   07/06        MM      MM       99  06/21
                        06/22                             06/20
LOWEST            -10   01/07        MM      MM       -5  02/04
AVG. MAXIMUM     66.7              63.7     3.0     64.8
AVG. MINIMUM     38.2              35.8     2.4     37.4
MEAN             52.4              49.8     2.6     51.1
DAYS MAX >= 90     44              33.1    10.9       40
DAYS MAX <= 32      9              18.4    -9.4       23
DAYS MIN <= 32    145             156.5   -11.5      144
DAYS MIN <= 0       2               3.5    -1.5        3

PRECIPITATION (INCHES)
RECORD
 MAXIMUM           MM   MM
 MINIMUM           MM   MM
TOTALS           8.17             11.32   -3.15     7.62
DAILY AVG.       0.02              0.03   -0.01     0.02
DAYS >= .01        70                MM      MM       72
DAYS >= .10        25                MM      MM       24
DAYS >= .50         2                MM      MM        1
DAYS >= 1.00        0                MM      MM        0
GREATEST
 24 HR. TOTAL    0.52   MM                       12/31 TO 12/31
 STORM TOTAL       MM                                 MM

SNOWFALL (INCHES)
RECORDS
 TOTAL             MM   MM
 24 HR TOTAL       MM
 SNOW DEPTH        MM   MM
TOTALS             MM                MM      MM       MM
 LIQUID EQUIV      MM                MM      MM       MM
SINCE 7/1          MM                MM      MM       MM
 LIQUID 7/1        MM                MM      MM       MM
SNOWDEPTH AVG.     MM                MM      MM       MM
DAYS >= TRACE      MM                MM      MM       MM
DAYS >= 1.0        MM                MM      MM       MM
GREATEST
 SNOW DEPTH        MM                                 MM  MM
 24 HR TOTAL       MM                                 MM
 STORM TOTAL       MM                                 MM

DEGREE_DAYS
HEATING TOTAL    5279              6202    -923     5708
 SINCE 7/1       2238              2608    -370     2155
COOLING TOTAL     807               644     163      726
 SINCE 1/1        807               643     164      726

FREEZE DATES
RECORD
 EARLIEST     MM
 LATEST       MM
EARLIEST                        MM
LATEST                          MM
..................................................

WIND (MPH)
AVERAGE WIND SPEED              7.4
RESULTANT WIND SPEED/DIRECTION   3/165
HIGHEST WIND SPEED/DIRECTION    43/160    DATE  07/06
HIGHEST GUST SPEED/DIRECTION    59/220    DATE  03/22

SKY COVER
POSSIBLE SUNSHINE (PERCENT)   MM
AVERAGE SKY COVER           0.20
NUMBER OF DAYS FAIR          276
NUMBER OF DAYS PC             64
NUMBER OF DAYS CLOUDY         25

AVERAGE RH (PERCENT)     48

WEATHER CONDITIONS. NUMBER OF DAYS WITH
THUNDERSTORM             46     MIXED PRECIP               0
HEAVY RAIN               10     RAIN                      21
LIGHT RAIN               99     FREEZING RAIN              0
LT FREEZING RAIN          0     HAIL                       0
HEAVY SNOW                4     SNOW                       9
LIGHT SNOW               31     SLEET                      0
FOG                      50     FOG W/VIS <= 1/4 MILE      8
HAZE                     54

-  INDICATES NEGATIVE NUMBERS.
R  INDICATES RECORD WAS SET OR TIED.
MM INDICATES DATA IS MISSING.
T  INDICATES TRACE AMOUNT.

$$
