000
CXUS51 KOKX 011807
CLANYC

CLIMATE REPORT
NATIONAL WEATHER SERVICE NEW YORK NY
105 PM EST TUE JAN 1 2019

...................................

...THE CENTRAL PARK NY CLIMATE SUMMARY FOR THE YEAR OF 2018...

CLIMATE NORMAL PERIOD 1981 TO 2010
CLIMATE RECORD PERIOD 1869 TO 2018

WEATHER         OBSERVED          NORMAL  DEPART  LAST YEAR`S
                 VALUE   DATE(S)  VALUE   FROM    VALUE  DATE(S)
                                          NORMAL
................................................................
TEMPERATURE (F)
RECORD
 HIGH             106   07/09/1936
 LOW              -15   02/09/1934
HIGHEST            96   07/01        MM      MM       94  07/20
                                                          06/13
LOWEST              5   01/07        MM      MM        9  12/31
AVG. MAXIMUM     62.6              62.0     0.6     63.3
AVG. MINIMUM     49.2              48.0     1.2     49.6
MEAN             55.9              55.0     0.9     56.3
DAYS MAX >= 90     21              12.2     8.8       13
DAYS MAX <= 32     14              17.6    -3.6       18
DAYS MIN <= 32     66              65.6     0.4       58
DAYS MIN <= 0       0               0.0     0.0        0

PRECIPITATION (INCHES)
RECORD
 MAXIMUM        80.56   1983
 MINIMUM        26.09   1965
TOTALS          65.55             49.94   15.61    45.04
DAILY AVG.       0.18              0.14    0.04     0.12
DAYS >= .01       158             122.0    36.0      121
DAYS >= .10       102              78.0    24.0       73
DAYS >= .50        51              33.0    18.0       29
DAYS >= 1.00       18              13.9     4.1       13
GREATEST
 24 HR. TOTAL    2.90   MM                       12/31 TO 12/31
                                                          12/31 TO 12/31EATHER         OBSERVED          NORMAL  DEPART  LAST YEAR`S
                                                          12/31 TO 12/31EATHER         OBSERVED          NORMAL  DEPART  LAST YEAR`S
 STORM TOTAL       MM                                 MM
 (MM/DD(HH))            MM                    12/31(00) TO 12/31(00)
                                                 12/31(00) TO 12/31(00)1EATHER         OBSERVED          NORMAL  DEPART  LAST YEAR`S
                                                 12/31(00) TO 12/31(00)1EATHER         OBSERVED          NORMAL  DEPART  LAST YEAR`S

SNOWFALL (INCHES)
RECORDS
 TOTAL           64.0   1896
 24 HR TOTAL     26.6   MM
 SNOW DEPTH        26   12/27/1947
TOTALS           39.6              25.8    13.8     34.7
 LIQUID EQUIV    3.96              2.60    1.36     3.47
SINCE 7/1         6.4               5.1     1.3      7.7
 LIQUID 7/1      0.64              0.50    0.14     0.77
SNOWDEPTH AVG.      0                MM      MM        0
DAYS >= TRACE      26              11.4    14.6       22
DAYS >= 1.0         6               6.2    -0.2        9
GREATEST
 SNOW DEPTH         8   03/22                          8  02/10
 24 HR TOTAL      9.8   MM                       12/31 TO 12/31
                                                          12/31 TO 12/31EATHER         OBSERVED          NORMAL  DEPART  LAST YEAR`S
                                                          12/31 TO 12/31EATHER         OBSERVED          NORMAL  DEPART  LAST YEAR`S
 STORM TOTAL       MM                                 MM
 (MM/DD(HH))            MM                    12/31(00) TO 12/31(00)
                                                 12/31(00) TO 12/31(00)1EATHER         OBSERVED          NORMAL  DEPART  LAST YEAR`S
                                                 12/31(00) TO 12/31(00)1EATHER         OBSERVED          NORMAL  DEPART  LAST YEAR`S

DEGREE_DAYS
HEATING TOTAL    4643              4750    -107     4302
 SINCE 7/1         MM              1685      MM       MM
COOLING TOTAL    1433              1105     328     1265
 SINCE 1/1       1433              1105     328     1265
.................................................................

WIND (MPH)
AVERAGE WIND SPEED              4.4
RESULTANT WIND SPEED/DIRECTION   1/056
HIGHEST WIND SPEED/DIRECTION    28/060    DATE  04/16
HIGHEST GUST SPEED/DIRECTION    43/050    DATE  04/16

SKY COVER
POSSIBLE SUNSHINE (PERCENT)   MM
AVERAGE SKY COVER           0.50
NUMBER OF DAYS FAIR          155
NUMBER OF DAYS PC            115
NUMBER OF DAYS CLOUDY         95

AVERAGE RH (PERCENT)     66

WEATHER CONDITIONS. NUMBER OF DAYS WITH
  0
 79
  1
  0
  8
  0
 10
HAZE                     61

-  INDICATES NEGATIVE NUMBERS.
R  INDICATES RECORD WAS SET OR TIED.
MM INDICATES DATA IS MISSING.
T  INDICATES TRACE AMOUNT.

$$
