000
CXUS52 KCAE 011310
CLAOGB
CLIMATE REPORT
NATIONAL WEATHER SERVICE COLUMBIA SC
810 AM EST MON JAN 01 2024
...................................
...THE ORANGEBURG AIRPORT SC CLIMATE SUMMARY FOR THE YEAR OF 2023...
CLIMATE NORMAL PERIOD: 1991 TO 2020
CLIMATE RECORD PERIOD: 9999 TO 9999
WEATHER OBSERVED NORMAL DEPART LAST YEAR`S
VALUE DATE(S) VALUE FROM VALUE DATE(S)
NORMAL
................................................................
TEMPERATURE (F)
HIGHEST 97 08/15 MM MM 98 08/01
08/26
LOWEST 28 01/15 MM MM 14 12/24
12/20
AVG. MAXIMUM 77.2 75.8 1.4 76.1
AVG. MINIMUM 55.9 54.2 1.7 54.7
MEAN 66.5 65.0 1.5 65.4
DAYS MAX >= 90 63 74.8 -11.8 67
DAYS MAX <= 32 0 0.3 -0.3 1
DAYS MIN <= 32 16 35.1 -19.1 34
DAYS MIN <= 0 0 0.0 0.0 0
PRECIPITATION (INCHES)
TOTALS 54.32 43.67 10.65 42.25
DAILY AVG. 0.15 0.12 0.03 0.12
DAYS >= .01 111 121.3 -10.3 110
DAYS >= .10 77 66.7 10.3 66
DAYS >= .50 29 27.0 2.0 26
DAYS >= 1.00 15 10.5 4.5 14
GREATEST
24 HR. TOTAL 4.53 2.78 03/16 TO 03/16
STORM TOTAL 4.53 2.78
(MM/DD(HH)) MM
SNOWFALL (INCHES)
TOTALS MM MM MM MM
LIQUID EQUIV MM MM MM MM
SINCE 7/1 MM MM MM MM
LIQUID 7/1 MM MM MM MM
SNOWDEPTH AVG. MM MM
DAYS >= TRACE MM MM MM MM
DAYS >= 1.0 MM MM MM MM
GREATEST
SNOW DEPTH MM MM MM
24 HR TOTAL MM MM
STORM TOTAL MM MM
(MM/DD(HH)) MM
DEGREE DAYS
HEATING TOTAL 1565 2195 -630 2040
SINCE 7/1 644 855 -211 MM
COOLING TOTAL 2233 2234 -1 2320
SINCE 1/1 2233 2234 -1 MM
FREEZE DATES
RECORD
EARLIEST MM
LATEST MM
EARLIEST 11/30
LATEST 03/21
................................................................
WIND (MPH)
AVERAGE WIND SPEED 5.4
RESULTANT WIND SPEED/DIRECTION 1/260
HIGHEST WIND SPEED/DIRECTION 39/290 DATE 07/20
HIGHEST GUST SPEED/DIRECTION 54/300 DATE 07/20
SKY COVER
POSSIBLE SUNSHINE (PERCENT) MM
AVERAGE SKY COVER 0.30
NUMBER OF DAYS FAIR 235
NUMBER OF DAYS PC 87
NUMBER OF DAYS CLOUDY 43
AVERAGE RH (PERCENT) 70
WEATHER CONDITIONS. NUMBER OF DAYS WITH
THUNDERSTORM 55 MIXED PRECIP 0
HEAVY RAIN 50 RAIN 59
LIGHT RAIN 128 FREEZING RAIN 0
LT FREEZING RAIN 0 HAIL 0
HEAVY SNOW 0 SNOW 0
LIGHT SNOW 0 SLEET 0
FOG 202 FOG W/VIS <= 1/4 MILE 36
HAZE 29
- INDICATES NEGATIVE NUMBERS.
R INDICATES RECORD WAS SET OR TIED.
MM INDICATES DATA IS MISSING.
T INDICATES TRACE AMOUNT.
$$