000
CXUS52 KCAE 012103
CLAOGB


CLIMATE REPORT
NATIONAL WEATHER SERVICE COLUMBIA SC
332 PM EST MON JAN 1 2018

...................................

...THE ORANGEBURG AIRPORT SC CLIMATE SUMMARY FOR THE YEAR OF 2017...

CLIMATE NORMAL PERIOD 1981 TO 2010
CLIMATE RECORD PERIOD 9999 TO 9999

WEATHER         OBSERVED          NORMAL  DEPART  LAST YEAR`S
                 VALUE   DATE(S)  VALUE   FROM    VALUE  DATE(S)
                                          NORMAL
................................................................
TEMPERATURE (F)
HIGHEST            97   08/23        MM      MM      101  07/08
                        08/16
LOWEST             23   01/09        MM      MM       24  01/20
                        01/08
AVG. MAXIMUM     77.5              75.6     1.9     77.1
AVG. MINIMUM     55.7              53.1     2.6     55.6
MEAN             66.6              64.4     2.2     66.4
DAYS MAX >= 90     74              63.2    10.8       95
DAYS MAX <= 32      0               0.2    -0.2        0
DAYS MIN <= 32     22              35.9   -13.9       29
DAYS MIN <= 0       0               0.0     0.0        0

PRECIPITATION (INCHES)
TOTALS          38.64             46.73   -8.09    45.80
DAILY AVG.       0.11              0.13   -0.02     0.13
DAYS >= .01        96                MM      MM       97
DAYS >= .10        57                MM      MM       57
DAYS >= .50        30                MM      MM       25
DAYS >= 1.00       10                MM      MM       10
GREATEST
 24 HR. TOTAL    3.76   09/11


DEGREE_DAYS
HEATING TOTAL    1726              2334    -608     2009
 SINCE 7/1        848               904     -56      752
COOLING TOTAL    2410              2106     304     2562
 SINCE 1/1       2410              2106     304     2562


..................................................

WIND (MPH)
AVERAGE WIND SPEED              5.9
RESULTANT WIND SPEED/DIRECTION   1/228
HIGHEST WIND SPEED/DIRECTION    38/300    DATE  02/15
HIGHEST GUST SPEED/DIRECTION    62/300    DATE  02/15

SKY COVER
POSSIBLE SUNSHINE (PERCENT)   MM
AVERAGE SKY COVER           0.30
NUMBER OF DAYS FAIR          241
NUMBER OF DAYS PC             91
NUMBER OF DAYS CLOUDY         32

AVERAGE RH (PERCENT)     69

WEATHER CONDITIONS. NUMBER OF DAYS WITH
THUNDERSTORM              0     MIXED PRECIP               0
HEAVY RAIN               48     RAIN                      64
LIGHT RAIN              140     FREEZING RAIN              0
LT FREEZING RAIN          0     HAIL                       0
HEAVY SNOW                0     SNOW                       0
LIGHT SNOW                1     SLEET                      1
FOG                     188     FOG W/VIS <= 1/4 MILE     29
HAZE                     12

-  INDICATES NEGATIVE NUMBERS.
R  INDICATES RECORD WAS SET OR TIED.
MM INDICATES DATA IS MISSING.
T  INDICATES TRACE AMOUNT.

$$
