000
CXUS52 KCAE 012124
CLAOGB


CLIMATE REPORT
NATIONAL WEATHER SERVICE COLUMBIA SC
406 PM EST TUE JAN 1 2019

...................................

...THE ORANGEBURG AIRPORT SC CLIMATE SUMMARY FOR THE YEAR OF 2018...

CLIMATE NORMAL PERIOD 1981 TO 2010
CLIMATE RECORD PERIOD 9999 TO 9999

WEATHER         OBSERVED          NORMAL  DEPART  LAST YEAR`S
                 VALUE   DATE(S)  VALUE   FROM    VALUE  DATE(S)
                                          NORMAL
................................................................
TEMPERATURE (F)
HIGHEST            97   06/24        MM      MM       97  08/23
                        06/20                             08/16
                        06/21
LOWEST             16   01/05        MM      MM       23  01/09
                                                          01/08
AVG. MAXIMUM     75.7              75.6     0.1     77.5
AVG. MINIMUM     55.3              53.1     2.2     55.7
MEAN             65.5              64.4     1.1     66.6
DAYS MAX >= 90     85              63.2    21.8       74
DAYS MAX <= 32      1               0.2     0.8        0
DAYS MIN <= 32     33              35.9    -2.9       22
DAYS MIN <= 0       0               0.0     0.0        0

PRECIPITATION (INCHES)
TOTALS          45.50             46.73   -1.23    38.64
DAILY AVG.       0.12              0.13   -0.01     0.11
DAYS >= .01       126                MM      MM       96
DAYS >= .10        80                MM      MM       57
DAYS >= .50        29                MM      MM       30
DAYS >= 1.00       12                MM      MM       10
GREATEST
 24 HR. TOTAL    3.38   05/18 TO 05/18

DEGREE_DAYS
HEATING TOTAL    2209              2334    -125     1726
 SINCE 7/1        865               904     -39      848
COOLING TOTAL    2534              2106     428     2410
 SINCE 1/1       2534              2106     428     2410

FREEZE DATES
RECORD
 EARLIEST     MM
 LATEST       MM
EARLIEST                        MM
LATEST                          MM
.................................................................

WIND (MPH)
AVERAGE WIND SPEED              5.8
RESULTANT WIND SPEED/DIRECTION   1/225
HIGHEST WIND SPEED/DIRECTION    37/170    DATE  10/11
HIGHEST GUST SPEED/DIRECTION    53/170    DATE  10/11

SKY COVER
POSSIBLE SUNSHINE (PERCENT)   MM
AVERAGE SKY COVER           0.30
NUMBER OF DAYS FAIR          215
NUMBER OF DAYS PC            100
NUMBER OF DAYS CLOUDY         49

AVERAGE RH (PERCENT)     70

WEATHER CONDITIONS. NUMBER OF DAYS WITH
THUNDERSTORM             70     MIXED PRECIP               0
HEAVY RAIN               62     RAIN                      73
LIGHT RAIN              163     FREEZING RAIN              0
LT FREEZING RAIN          0     HAIL                       0
HEAVY SNOW                1     SNOW                       1
LIGHT SNOW                1     SLEET                      0
FOG                     175     FOG W/VIS <= 1/4 MILE     29
HAZE                     11

-  INDICATES NEGATIVE NUMBERS.
R  INDICATES RECORD WAS SET OR TIED.
MM INDICATES DATA IS MISSING.
T  INDICATES TRACE AMOUNT.

$$
