000
CXUS53 KEAX 010801
CLAOJC

CLIMATE REPORT
NATIONAL WEATHER SERVICE KANSAS CITY/PLEASANT HILL MO
153 AM CST TUE JAN 1 2019
...................................

...THE JOHNSON COUNTY EXECUTIVE KS CLIMATE SUMMARY FOR THE
YEAR OF 2018...

CLIMATE NORMAL PERIOD 1981 TO 2010
CLIMATE RECORD PERIOD 9999 TO 9999

WEATHER         OBSERVED          NORMAL  DEPART
                 VALUE   DATE(S)  VALUE   FROM
                                          NORMAL
................................................
TEMPERATURE (F)
HIGHEST            99   07/12        98       1
LOWEST             -9R  01/01         2     -11
AVG. MAXIMUM     64.4              64.8    -0.4
AVG. MINIMUM     44.9              45.5    -0.6
MEAN             54.6              55.2    -0.6
DAYS MAX >= 90     50              33.2    16.8
DAYS MAX <= 32     29              22.5     6.5
DAYS MIN <= 32    123              98.5    24.5
DAYS MIN <= 0       6               3.1     2.9

PRECIPITATION (INCHES)
TOTALS          33.44             40.04   -6.60
DAILY AVG.       0.09              0.11   -0.02
DAYS >= .01        98             100.3    -2.3
DAYS >= .10        54              65.0   -11.0
DAYS >= .50        18              25.7    -7.7
DAYS >= 1.00       10              11.4    -1.4
GREATEST
 24 HR. TOTAL    3.06   MM

DEGREE_DAYS
HEATING TOTAL    5352              4935     417
COOLING TOTAL    1698              1348     350
.................................................

WIND (MPH)
AVERAGE WIND SPEED              8.5
HIGHEST WIND SPEED/DIRECTION    38/330    DATE  06/02
HIGHEST GUST SPEED/DIRECTION    58/330    DATE  06/02

SKY COVER
POSSIBLE SUNSHINE (PERCENT)    0
AVERAGE SKY COVER           0.30
NUMBER OF DAYS FAIR          218
NUMBER OF DAYS PC             86
NUMBER OF DAYS CLOUDY         61

AVERAGE RH (PERCENT)     71

WEATHER CONDITIONS. NUMBER OF DAYS WITH
  0
 46
  2
  0
  5
  0
 12
HAZE                     25

-  INDICATES NEGATIVE NUMBERS.
R  INDICATES RECORD WAS SET OR TIED.
MM INDICATES DATA IS MISSING.
T  INDICATES TRACE AMOUNT.

$$
