000
CXUS53 KEAX 021608 RRA
CLAOJC

CLIMATE REPORT
NATIONAL WEATHER SERVICE KANSAS CITY/PLEASANT HILL MO
1001 AM CST TUE JAN 2 2018

...................................

...THE JOHNSON COUNTY EXECUTIVE KS CLIMATE SUMMARY FOR THE YEAR OF 2017...

CLIMATE NORMAL PERIOD 1981 TO 2010
CLIMATE RECORD PERIOD 9999 TO 9999

WEATHER         OBSERVED          NORMAL  DEPART
                 VALUE   DATE(S)  VALUE   FROM
                                          NORMAL
................................................
TEMPERATURE (F)
HIGHEST            98   07/22        98       0
LOWEST             -4   12/31         2      -6
AVG. MAXIMUM     66.0              64.8     1.2
AVG. MINIMUM     46.5              45.5     1.0
MEAN             56.3              55.2     1.1
DAYS MAX >= 90     15              33.2   -18.2
DAYS MAX <= 32     21              22.5    -1.5
DAYS MIN <= 32     87              98.5   -11.5
DAYS MIN <= 0       4               3.1     0.9

PRECIPITATION (INCHES)
TOTALS          45.08             40.04    5.04
DAILY AVG.       0.12              0.11    0.01
DAYS >= .01        92             100.3    -8.3
DAYS >= .10        52              65.0   -13.0
DAYS >= .50        25              25.7    -0.7
DAYS >= 1.00       14              11.4     2.6
GREATEST
 24 HR. TOTAL    4.30   MM

DEGREE_DAYS
HEATING TOTAL    4306              4935    -629
COOLING TOTAL    1236              1348    -112
.................................................

WIND (MPH)
AVERAGE WIND SPEED              8.8
HIGHEST WIND SPEED/DIRECTION    46/280    DATE  03/06
HIGHEST GUST SPEED/DIRECTION    99/210    DATE  12/27

SKY COVER
POSSIBLE SUNSHINE (PERCENT)    0
AVERAGE SKY COVER           0.30
NUMBER OF DAYS FAIR          228
NUMBER OF DAYS PC             78
NUMBER OF DAYS CLOUDY         59

AVERAGE RH (PERCENT)     71

WEATHER CONDITIONS. NUMBER OF DAYS WITH
THUNDERSTORM             57     MIXED PRECIP               0
HEAVY RAIN               43     RAIN                      49
LIGHT RAIN              101     FREEZING RAIN              0
LT FREEZING RAIN          2     HAIL                       0
HEAVY SNOW                0     SNOW                       1
LIGHT SNOW                9     SLEET                      0
FOG                     140     FOG W/VIS <= 1/4 MILE     17
HAZE                     23

-  INDICATES NEGATIVE NUMBERS.
R  INDICATES RECORD WAS SET OR TIED.
MM INDICATES DATA IS MISSING.
T  INDICATES TRACE AMOUNT.

$$
