000
CXUS56 KPDT 031628
CLAPDT

CLIMATE REPORT
NATIONAL WEATHER SERVICE PENDLETON OREGON
826 AM PST THU JAN 3 2019

....................................

...THE PENDLETON CLIMATE SUMMARY FOR THE YEAR OF 2018...

CLIMATE NORMAL PERIOD 1981 TO 2010
CLIMATE RECORD PERIOD 1890 TO 2018

WEATHER         OBSERVED          NORMAL  DEPART
                 VALUE   DATE(S)  VALUE   FROM
                                          NORMAL
................................................
TEMPERATURE (F)
RECORD
 HIGH             119  08/10/1898
 LOW              -28  12/13/1919
HIGHEST           106  08/08
LOWEST             10  02/21

AVG. MAXIMUM     65.3
AVG. MINUMUM     41.6
MEAN             53.5
DAYS MAX >= 90     43
DAYS MAX <= 32     16
DAYS MIN <= 32     91
DAYS MIN <= 0       0

PRECIPITATION (INCHES)
TOTALS           10.53
DAILY AVG.        0.03
DAYS >=  0.01       92
DAYS >=  0.10       35
DAYS >=  0.50        1
DAYS >=  1.00        0
GREATEST
 24 HR. TOTAL     0.67   10/09

SNOWFALL (INCHES)
TOTALS             5.7
SINCE 7/1          0.7
SNOWDEPTH AVG.       0
DAYS >=  TRACE       8
DAYS >=  1.0         2
GREATEST
 SNOW DEPTH          1     02/23
 24 HR TOTAL       1.8

DEGREE_DAYS
HEATING_TOTAL      4846
 SINCE 7/1         2144
COOLING TOTAL       736
................................................

WIND (MPH)
AVERAGE WIND SPEED                     8.8
RESULTANT WIND SPEED/DIRECTION         6/188
HIGHEST WIND SPEED/DIRECTION          51/260      DATE          05/08
HIGHEST GUST SPEED/DIRECTION          62/270      DATE          05/08


WEATHER CONDITIONS. NUMBER OF DAYS WITH
THUNDERSTORM               7    MIXED PRECIP                           1
HEAVY RAIN                 6    RAIN                                  24
LIGHT RAIN               120    FREEZING RAIN                          1
LT FREEZING RAIN           4    HAIL                                   1
HEAVY SNOW                 0    SNOW                                   2
LIGHT SNOW                18    SLEET                                  3
FOG                       87    FOG W/VIS <=1/4 MILE                  32
HAZE                      56

-  INDICATES NEGATIVE NUMBERS.
R  INDICATES RECORD WAS SET OR TIED.
MM INDICATES DATA IS MISSING.
T  INDICATES TRACE AMOUNT.

$$
