000
CXUS53 KILX 011939
CLAPIA

CLIMATE REPORT
NATIONAL WEATHER SERVICE LINCOLN IL
105 PM CST TUE JAN 1 2019

...................................

...THE PEORIA IL CLIMATE SUMMARY FOR THE YEAR OF 2018...

CLIMATE NORMAL PERIOD 1981 TO 2010
CLIMATE RECORD PERIOD 1883 TO 2018

WEATHER         OBSERVED          NORMAL  DEPART  LAST YEAR`S
                 VALUE   DATE(S)  VALUE   FROM    VALUE
                                          NORMAL
.............................................................
TEMPERATURE (F)
RECORD
 HIGH             113   07/15/1936
 LOW              -27   01/05/1884
HIGHEST            97   05/27        MM      MM       96
LOWEST            -16   01/01        MM      MM       -9
AVG. MAXIMUM     61.9              61.5     0.4     64.1
AVG. MINIMUM     42.8              42.2     0.6     44.5
MEAN             52.4              51.9     0.5     54.3
DAYS MAX >= 90     34              18.7    15.3       26
DAYS MAX <= 32     32              37.0    -5.0       27
DAYS MIN <= 32    138             115.9    22.1       95
DAYS MIN <= 0      11               7.2     3.8        7

PRECIPITATION (INCHES)
RECORD
 MAXIMUM        55.35   1990
 MINIMUM        22.16   1988
TOTALS          44.32             36.49    7.83    33.94
DAILY AVG.       0.12              0.10    0.02     0.09
DAYS >= .01       132             116.5    15.5      115
DAYS >= .10        79              69.6     9.4       65
DAYS >= .50        28              24.1     3.9       20
DAYS >= 1.00       14               8.5     5.5        7
GREATEST
 24 HR. TOTAL    2.25   MM                          3.21

SNOWFALL (INCHES)
RECORDS
 TOTAL           52.3   1977
 24 HR TOTAL     18.0   02/27/1900 TO 02/28/1900
TOTALS           34.9              24.6    10.3     15.8
DAYS >= TRACE      49              19.9    29.1       26
DAYS >= 1.0        12               7.6     4.4        4
GREATEST
 SNOW DEPTH         6   03/25                          6
 24 HR TOTAL      7.9   MM                           3.9

DEGREE_DAYS
HEATING TOTAL    5942              5831     111     4955
COOLING TOTAL    1472              1040     432     1157

FREEZE DATES
RECORD
 EARLIEST     09/20/1991
 LATEST       05/25/1925
EARLIEST                        10/14
LATEST                          04/19
..............................................................

WIND (MPH)
AVERAGE WIND SPEED              7.5
HIGHEST WIND SPEED/DIRECTION    32/080    DATE  05/28
HIGHEST GUST SPEED/DIRECTION    49/300    DATE  10/28

SKY COVER
POSSIBLE SUNSHINE (PERCENT)   MM
AVERAGE SKY COVER           0.40
NUMBER OF DAYS FAIR          195
NUMBER OF DAYS PC             98
NUMBER OF DAYS CLOUDY         72

AVERAGE RH (PERCENT)     72

WEATHER CONDITIONS. NUMBER OF DAYS WITH
THUNDERSTORM             48     MIXED PRECIP               1
HEAVY RAIN               42     RAIN                      57
LIGHT RAIN              129     FREEZING RAIN              2
LT FREEZING RAIN          7     HAIL                       0
HEAVY SNOW                2     SNOW                      11
LIGHT SNOW               45     SLEET                      6
FOG                     177     FOG W/VIS <= 1/4 MILE     21
HAZE                     60

-  INDICATES NEGATIVE NUMBERS.
R  INDICATES RECORD WAS SET OR TIED.
MM INDICATES DATA IS MISSING.
T  INDICATES TRACE AMOUNT.

&&

* NO ANNUAL RECORDS WERE SET IN PEORIA IL DURING 2018
* 4TH WETTEST FEBRUARY WITH 4.68 INCHES OF PRECIPITATION
* 6TH COLDEST APRIL WITH AVERAGE TEMPERATURE 45.1 DEGREES
* TIED MONTHLY RECORD LOW TEMPERATURE OF 14 DEGREES ON APR 2
* WARMEST MAY ON RECORD WITH AVERAGE TEMPERATURE 71.7 DEGREES
* 6TH WETTEST OCTOBER WITH 5.33 INCHES OF PRECIPITATION
* 2ND SNOWIEST NOVEMBER WITH 9.8 INCHES OF SNOW
* 8TH COLDEST NOVEMBER WITH AVERAGE TEMPERATURE OF 34.6 DEGREES

$$
