000
CXUS51 KALY 020600 CCA
CLAPOU

CLIMATE REPORT...CORRECTED PREICPITATION
NATIONAL WEATHER SERVICE ALBANY NY
100 AM EST WED JAN 2 2019

...................................

...THE POUGHKEEPSIE NY CLIMATE SUMMARY FOR THE YEAR OF 2018...

CLIMATE NORMAL PERIOD 1981 TO 2010
CLIMATE RECORD PERIOD 1931 TO 2018

WEATHER         OBSERVED          NORMAL  DEPART  LAST YEAR`S
                 VALUE   DATE(S)  VALUE   FROM    VALUE  DATE(S)
                                          NORMAL
................................................................
TEMPERATURE (F)
HIGHEST            94   07/03                         93  06/13
                        07/01                             05/18
                        07/02
LOWEST            -14   01/07                         -4  12/31
AVG. MAXIMUM     60.5              61.1    -0.6     61.3
AVG. MINIMUM     41.3              38.5     2.8     40.5
MEAN             50.9              49.8     1.1     50.9
DAYS MAX >= 90     20              14.1     5.9       12
DAYS MAX <= 32     23              24.5    -1.5       27
DAYS MIN <= 32    133             141.5    -8.5      126
DAYS MIN <= 0       3               5.2    -2.2        2

PRECIPITATION (INCHES)
RECORD
 MAXIMUM        62.01   2011
 MINIMUM        24.52   1964
TOTALS          56.08             46.53    9.55    36.60
DAILY AVG.       0.15              0.13    0.02     0.10
DAYS >= .01       152             125.3    26.7      125
DAYS >= .10        99              81.2    17.8       69
DAYS >= .50        42              30.5    11.5       24
DAYS >= 1.00       14              10.9     3.1        7
GREATEST
 24 HR. TOTAL    2.00   11/02 TO 11/02

DEGREE_DAYS
HEATING TOTAL    5950              6210    -260     5757
 SINCE 7/1       2239              2329     -90     2229
COOLING TOTAL     970               671     299      718
 SINCE 1/1        970               672     298      718

FREEZE DATES
RECORD
 EARLIEST     09/15/1963
 LATEST       05/25/1949
EARLIEST                        10/09
LATEST                          04/29
.................................................................

WIND (MPH)
AVERAGE WIND SPEED              4.8
HIGHEST WIND SPEED/DIRECTION    38/320    DATE  05/15
HIGHEST GUST SPEED/DIRECTION    57/240    DATE  08/17


WEATHER CONDITIONS. NUMBER OF DAYS WITH
THUNDERSTORM             26     MIXED PRECIP               0
HEAVY RAIN               38     RAIN                      70
LIGHT RAIN              132     FREEZING RAIN              3
LT FREEZING RAIN          3     HAIL                       0
HEAVY SNOW                5     SNOW                      13
LIGHT SNOW               31     SLEET                      0
FOG                     215     FOG W/VIS <= 1/4 MILE     39
HAZE                     84

-  INDICATES NEGATIVE NUMBERS.
R  INDICATES RECORD WAS SET OR TIED.
MM INDICATES DATA IS MISSING.
T  INDICATES TRACE AMOUNT.

$$
