000
CXUS51 KALY 012017
CLAPSF

ALBCLMPSF 000
TTAA00 KALY 012013


CLIMATE REPORT
NATIONAL WEATHER SERVICE ALBANY NY
316 PM EST TUE JAN 1 2019

...................................

...THE PITTSFIELD MA CLIMATE SUMMARY FOR THE YEAR OF 2018...

CLIMATE NORMAL PERIOD 1981 TO 2010
CLIMATE RECORD PERIOD 9999 TO 9999

WEATHER         OBSERVED          NORMAL  DEPART  LAST YEAR`S
                 VALUE   DATE(S)  VALUE   FROM    VALUE  DATE(S)
                                          NORMAL
................................................................
TEMPERATURE (F)
HIGHEST            93   07/01                         89  06/12
                                                          05/18
LOWEST            -10   01/07                         -6  12/28
AVG. MAXIMUM     56.6              55.3     1.3     56.4
AVG. MINIMUM     38.5              35.4     3.1     37.5
MEAN             47.5              45.3     2.2     47.0
DAYS MAX >= 90      8               1.3     6.7        0
DAYS MAX <= 32     46              56.2   -10.2       47
DAYS MIN <= 32    157             157.3    -0.3      143
DAYS MIN <= 0       8               9.2    -1.2        6

PRECIPITATION (INCHES)
TOTALS          51.27             45.38    5.89    41.64
DAILY AVG.       0.14              0.12    0.02     0.11
DAYS >= .01       162                                150
DAYS >= .10       103                                 96
DAYS >= .50        33                                 22
DAYS >= 1.00       13                                  8
GREATEST
 24 HR. TOTAL    2.69   08/17 TO 08/17

DEGREE_DAYS
HEATING TOTAL    6903              7461    -558     6782
 SINCE 7/1         MM              2838      MM     2587
COOLING TOTAL     635               291     344      351
 SINCE 1/1        635               290     345      351

FREEZE DATES
EARLIEST                        10/04
LATEST                          05/07
.................................................................

WIND (MPH)
AVERAGE WIND SPEED              6.5
HIGHEST WIND SPEED/DIRECTION    44/250    DATE  05/04
HIGHEST GUST SPEED/DIRECTION    58/250    DATE  05/04


WEATHER CONDITIONS. NUMBER OF DAYS WITH
THUNDERSTORM             22     MIXED PRECIP               0
HEAVY RAIN               36     RAIN                      67
LIGHT RAIN              141     FREEZING RAIN              1
LT FREEZING RAIN          9     HAIL                       0
HEAVY SNOW                5     SNOW                      21
LIGHT SNOW               78     SLEET                      0
FOG                     221     FOG W/VIS <= 1/4 MILE     61
HAZE                    103

-  INDICATES NEGATIVE NUMBERS.
R  INDICATES RECORD WAS SET OR TIED.
MM INDICATES DATA IS MISSING.
T  INDICATES TRACE AMOUNT.

$$
