000
CXUS55 KPUB 021331
CLAPUB

CLIMATE REPORT
NATIONAL WEATHER SERVICE PUEBLO
630 AM MST WED JAN 2 2019

...................................

...THE PUEBLO CO CLIMATE SUMMARY FOR THE YEAR OF 2018...

CLIMATE NORMAL PERIOD 1981 TO 2010
CLIMATE RECORD PERIOD 1888 TO 2019

WEATHER         OBSERVED          NORMAL  DEPART
                 VALUE   DATE(S)  VALUE   FROM
                                          NORMAL
................................................
TEMPERATURE (F)
RECORD
 HIGH             109   07/13/2003
 LOW              -31   02/01/1951

HIGHEST           106   06/27
LOWEST             -3   02/11
                        01/01
AVG. MAXIMUM     71.4              68.7     2.7
AVG. MINIMUM     37.6              35.3     2.3

MEAN             54.5              52.0     2.5

DAYS MAX >= 90     83
DAYS MAX <= 32      6
DAYS MIN <= 32    166
DAYS MIN <= 0       4

PRECIPITATION (INCHES)
RECORD
 MAXIMUM        23.09   1957
 MINIMUM         3.94   2002

TOTALS           7.72             12.57   -4.85
DAILY AVG.       0.02              0.03   -0.01

DAYS >= .01        62
DAYS >= .10        26
DAYS >= .50         3
DAYS >= 1.00        0

GREATEST
 24 HR. TOTAL    1.06   07/15 TO 07/16

SNOWFALL (INCHES)
RECORDS
 MAXIMUM         72.4  1990
 MINIMUM          6.9  1977

 24 HR TOTAL     16.8   04/29/1990 TO 04/30/1990
                        04/01/1957 TO 04/02/1957

TOTALS           18.8              31.8   -13.0
SINCE 7/1         7.1              11.5    -4.4

SNOWDEPTH AVG.      0
DAYS >= TRACE      28              21.7     6.3
DAYS >= 1.0         6               9.7    -3.7

GREATEST
 SNOW DEPTH         4   11/11
                        02/16
                        02/10
 24 HR TOTAL      4.4   02/10 TO 02/10

DEGREE_DAYS
HEATING TOTAL    5126              5639    -513
 SINCE 7/1       2254              2363    -109
COOLING TOTAL    1419               896     523
 SINCE 1/1       1419               897     522

FREEZE DATES
RECORD
 EARLIEST     09/09/2001
 LATEST       06/02/1919

EARLIEST      10/09
LATEST        05/02
.................................................

WIND (MPH)
AVERAGE WIND SPEED              8.3
RESULTANT WIND SPEED/DIRECTION   1/067
HIGHEST WIND SPEED/DIRECTION    53/240    DATE  04/17
HIGHEST GUST SPEED/DIRECTION    79/360    DATE  07/23

SKY COVER
POSSIBLE SUNSHINE (PERCENT)   MM
AVERAGE SKY COVER           0.20
NUMBER OF DAYS FAIR          285
NUMBER OF DAYS PC             59
NUMBER OF DAYS CLOUDY         21

AVERAGE RH (PERCENT)     50

WEATHER CONDITIONS. NUMBER OF DAYS WITH

THUNDERSTORM         46   MIXED PRECIP           2
HEAVY RAIN           11   RAIN                  20
LIGHT RAIN           81   FREEZING RAIN          0
LT FREEZING RAIN      1   HAIL                   2
HEAVY SNOW            0   SNOW                   6
LIGHT SNOW           24   SLEET                  0
FOG                  76   FOG W/VIS <= 1/4 MILE  9
HAZE                 51

-  INDICATES NEGATIVE NUMBERS.
R  INDICATES RECORD WAS SET OR TIED.
MM INDICATES DATA IS MISSING.
T  INDICATES TRACE AMOUNT.

$$
