000
CXUS56 KPDT 012330 RRA
CLARDM

CLIMATE REPORT
NATIONAL WEATHER SERVICE PENDLETON OREGON
324 PM PST MON JAN 1 2018

....................................

...THE REDMOND CLIMATE SUMMARY FOR THE YEAR OF 2017...

CLIMATE NORMAL PERIOD 1981 TO 2010
CLIMATE RECORD PERIOD 1949 TO 2017

WEATHER         OBSERVED          NORMAL  DEPART
                 VALUE   DATE(S)  VALUE   FROM
                                          NORMAL
................................................
TEMPERATURE (F)
RECORD
 HIGH             108  08/07/1972
 LOW              -28  12/08/1972
HIGHEST           102  06/25
LOWEST            -14  01/05

AVG. MAXIMUM     62.8
AVG. MINUMUM     32.3
MEAN             47.5
DAYS MAX >= 90     53
DAYS MAX <= 32     23
DAYS MIN <= 32    185
DAYS MIN <= 0       6

PRECIPITATION (INCHES)
TOTALS            6.58
DAILY AVG.        0.02
DAYS >=  0.01       81
DAYS >=  0.10       22
DAYS >=  0.50        0
DAYS >=  1.00        0
GREATEST
 24 HR. TOTAL     0.41   02/07

SNOWFALL (INCHES)
TOTALS            40.2
SINCE 7/1          0.2
SNOWDEPTH AVG.       0
DAYS >=  TRACE      17
DAYS >=  1.0         8
GREATEST
 SNOW DEPTH         19     01/08
 24 HR TOTAL       7.8

DEGREE_DAYS
HEATING_TOTAL      6703
 SINCE 7/1         2711
COOLING TOTAL       434
................................................

WIND (MPH)
AVERAGE WIND SPEED                     6.7
RESULTANT WIND SPEED/DIRECTION         4/247
HIGHEST WIND SPEED/DIRECTION          39/200      DATE          04/07
HIGHEST GUST SPEED/DIRECTION          51/210      DATE          04/07


WEATHER CONDITIONS. NUMBER OF DAYS WITH
THUNDERSTORM              10    MIXED PRECIP                           1
HEAVY RAIN                 4    RAIN                                  16
LIGHT RAIN               111    FREEZING RAIN                          1
LT FREEZING RAIN           5    HAIL                                   0
HEAVY SNOW                 5    SNOW                                   6
LIGHT SNOW                43    SLEET                                  0
FOG                       69    FOG W/VIS <=1/4 MILE                  18
HAZE                      76

-  INDICATES NEGATIVE NUMBERS.
R  INDICATES RECORD WAS SET OR TIED.
MM INDICATES DATA IS MISSING.
T  INDICATES TRACE AMOUNT.

$$
