000
CXUS53 KGRB 021504
CLARHI

CLIMATE REPORT
NATIONAL WEATHER SERVICE GREEN BAY
903 AM CST TUE JAN 2 2018

...TIED 25TH WARMEST YEAR ON RECORD...
...8TH WETTEST YEAR ON RECORD...
...29TH SNOWIEST YEAR ON RECORD...
...15TH LEAST HEATING DEGREE DAYS ON RECORD...
...23RD LEAST COOLING DEGREE DAYS ON RECORD...

..................................................................

...THE RHINELANDER WI CLIMATE SUMMARY FOR THE YEAR OF 2017...

CLIMATE NORMAL PERIOD 1981 TO 2010
CLIMATE RECORD PERIOD 1908 TO 2018

WEATHER         OBSERVED          NORMAL  DEPART  LAST YEAR`S
                 VALUE   DATE(S)  VALUE   FROM    VALUE  DATE(S)
                                          NORMAL
................................................................
TEMPERATURE (F)
RECORD
 HIGH             108   07/13/1936
 LOW              -42   02/03/1996
HIGHEST            88   07/30                         91  07/22
                        07/06
                        06/10
LOWEST            -23   12/28                        -20  02/14
                        12/27                             01/11
AVG. MAXIMUM     52.6              51.5     1.1     54.1
AVG. MINIMUM     31.9              30.4     1.5     33.9
MEAN             42.3              41.0     1.3     44.0
DAYS MAX >= 90      0               2.2    -2.2        2
DAYS MAX <= 32     77              92.2   -15.2       80
DAYS MIN <= 32    172             183.3   -11.3      167
DAYS MIN <= 0      28              34.4    -6.4       26

PRECIPITATION (INCHES)
RECORD
 MAXIMUM        42.86   2016
 MINIMUM        16.90   1989
TOTALS          40.29             31.40    8.89    42.86
DAILY AVG.       0.11
DAYS >= .01       155                MM      MM      150
DAYS >= .10        78                MM      MM       81
DAYS >= .50        25                MM      MM       21
DAYS >= 1.00        7                MM      MM        8

SNOWFALL (INCHES)
RECORDS
 TOTAL          131.5   2014
TOTALS           64.7                MM      MM     65.3
SINCE 7/1        27.1                MM      MM     26.2
SNOWDEPTH AVG.      2
DAYS >= TRACE      78                MM      MM       95
DAYS >= 1.0        16                MM      MM       23
GREATEST
 SNOW DEPTH        20   01/11                         14  02/17
                                                          02/16
 24 HR TOTAL      7.0   MM

DEGREE_DAYS
HEATING TOTAL    8339              9020    -681     7899
 SINCE 7/1       3577              3626     -49     2932
COOLING TOTAL     215               262     -47      321
 SINCE 1/1        215               261     -46      321

FREEZE DATES
RECORD
 EARLIEST     08/27/1915
 LATEST       07/30/1928
EARLIEST                        09/23
LATEST                          05/20
.................................................................

WIND (MPH)
AVERAGE WIND SPEED              7.2
HIGHEST WIND SPEED/DIRECTION    40/270    DATE  03/08
HIGHEST GUST SPEED/DIRECTION    61/270    DATE  03/07

SKY COVER
POSSIBLE SUNSHINE (PERCENT)   MM
AVERAGE SKY COVER           0.50
NUMBER OF DAYS FAIR          125
NUMBER OF DAYS PC            124
NUMBER OF DAYS CLOUDY        116

AVERAGE RH (PERCENT)     74

WEATHER CONDITIONS. NUMBER OF DAYS WITH
THUNDERSTORM             28     MIXED PRECIP               0
HEAVY RAIN               36     RAIN                      47
LIGHT RAIN              135     FREEZING RAIN              1
LT FREEZING RAIN          8     HAIL                       0
HEAVY SNOW                3     SNOW                      15
LIGHT SNOW               85     SLEET                      0
FOG                     256     FOG W/VIS <= 1/4 MILE     70
HAZE                     52

-  INDICATES NEGATIVE NUMBERS.
R  INDICATES RECORD WAS SET OR TIED.
MM INDICATES DATA IS MISSING.
T  INDICATES TRACE AMOUNT.

$$
