000
CXUS53 KGRB 041429
CLARHI

CLIMATE REPORT
NATIONAL WEATHER SERVICE GREEN BAY
830 AM CST FRI JAN 4 2019

...TIED 7TH WARMEST YEAR ON RECORD...
...35TH WETTEST AND 7TH SNOWIEST YEAR ON RECORD...
...2ND LEAST HEATING DEGREE DAYS ON RECORD...
...2ND MOST COOLING DEGREE DAYS ON RECORD...


...THE RHINELANDER WI CLIMATE SUMMARY FOR THE YEAR OF 2018...

CLIMATE NORMAL PERIOD 1981 TO 2010
CLIMATE RECORD PERIOD 1908 TO 2019

WEATHER         OBSERVED          NORMAL  DEPART  LAST YEAR`S
                 VALUE   DATE(S)  VALUE   FROM    VALUE  DATE(S)
                                          NORMAL
................................................................
TEMPERATURE (F)
RECORD
 HIGH             108   07/13/1936
 LOW              -42   02/03/1996
HIGHEST            96   06/29                         88  07/30
                                                          07/06
                                                          06/10
LOWEST            -24   01/14                        -23  12/28
                                                          12/27
AVG. MAXIMUM     54.6              51.5     3.1     52.6
AVG. MINIMUM     32.7              30.4     2.3     31.9
MEAN             43.7              41.0     2.7     42.3
DAYS MAX >= 90     16               2.2    13.8        0
DAYS MAX <= 32     76              92.2   -16.2       77
DAYS MIN <= 32    163             183.3   -20.3      172
DAYS MIN <= 0      30              34.4    -4.4       28

PRECIPITATION (INCHES)
RECORD
 MAXIMUM        42.86   2016
 MINIMUM        16.90   1989
TOTALS          34.34             31.40    2.94    40.29
DAILY AVG.       0.10
DAYS >= .01       114                MM      MM      155
DAYS >= .10        67                MM      MM       78
DAYS >= .50        21                MM      MM       25
DAYS >= 1.00        7                MM      MM        7

SNOWFALL (INCHES)
RECORDS
 TOTAL          131.5   2014
TOTALS           89.4                MM      MM     64.7
SINCE 7/1        26.0                MM      MM     27.1
SNOWDEPTH AVG.      4
DAYS >= TRACE      71                MM      MM       78
DAYS >= 1.0        23                MM      MM       16
GREATEST
 SNOW DEPTH        20   02/25                         20  01/11
 24 HR TOTAL     16.6   MM

DEGREE_DAYS
HEATING TOTAL    7538              9020   -1482     8339
 SINCE 7/1       3368              3626    -258     3577
COOLING TOTAL     566               262     304      215
 SINCE 1/1        566               261     305      215

FREEZE DATES
RECORD
 EARLIEST     08/27/1915
 LATEST       07/30/1928
EARLIEST                        09/23
LATEST                          05/20
.................................................................

WIND (MPH)
AVERAGE WIND SPEED              6.7
HIGHEST WIND SPEED/DIRECTION    44/280    DATE  08/05
HIGHEST GUST SPEED/DIRECTION    62/280    DATE  08/05

SKY COVER
POSSIBLE SUNSHINE (PERCENT)   MM
AVERAGE SKY COVER           0.50
NUMBER OF DAYS FAIR          139
NUMBER OF DAYS PC            112
NUMBER OF DAYS CLOUDY         83

AVERAGE RH (PERCENT)     69

WEATHER CONDITIONS. NUMBER OF DAYS WITH
THUNDERSTORM             26     MIXED PRECIP               0
HEAVY RAIN               24     RAIN                      37
LIGHT RAIN               94     FREEZING RAIN              1
LT FREEZING RAIN          4     HAIL                       0
HEAVY SNOW               10     SNOW                      23
LIGHT SNOW               74     SLEET                      0
FOG                     193     FOG W/VIS <= 1/4 MILE     55
HAZE                     78

-  INDICATES NEGATIVE NUMBERS.
R  INDICATES RECORD WAS SET OR TIED.
MM INDICATES DATA IS MISSING.
T  INDICATES TRACE AMOUNT.

$$
