000
CXUS51 KBGM 011628
CLASYR


CLIMATE REPORT
NATIONAL WEATHER SERVICE BINGHAMTON NY
1106 AM EST TUE JAN 1 2019

...................................

...THE SYRACUSE NY CLIMATE SUMMARY FOR THE YEAR OF 2018...

CLIMATE NORMAL PERIOD 1981 TO 2010
CLIMATE RECORD PERIOD 1902 TO 2018

WEATHER         OBSERVED          NORMAL  DEPART  LAST YEAR`S
                 VALUE   DATE(S)  VALUE   FROM    VALUE  DATE(S)
                                          NORMAL
................................................................
TEMPERATURE (F)
RECORD
 HIGH             101   07/17/2012
                        07/21/2011
                        08/14/2002
 LOW              -26   02/18/1979
                        01/26/1966
HIGHEST            95   07/16        57      38       91  09/27
                        07/02                             09/26
LOWEST            -15   01/01        38     -53       -8  12/28
AVG. MAXIMUM     57.2              57.7    -0.5     58.1
AVG. MINIMUM     39.5              39.0     0.5     39.8
MEAN             48.3              48.3     0.0     48.9
DAYS MAX >= 90     15               6.8     8.2        5
DAYS MAX <= 32     45              45.7    -0.7       45
DAYS MIN <= 32    156             129.5    26.5      131
DAYS MIN <= 0       8               7.1     0.9        4

PRECIPITATION (INCHES)
RECORD
 MAXIMUM        58.17   1976
 MINIMUM        27.10   1964
TOTALS          42.10             38.47    3.63    45.98
DAILY AVG.       0.12              0.11    0.01     0.13
DAYS >= .01       187             173.6    13.4      177
DAYS >= .10       102              89.7    12.3      103
DAYS >= .50        23              22.7     0.3       34
DAYS >= 1.00        8               5.3     2.7        5
GREATEST
 24 HR. TOTAL    1.67   11/15 TO 11/16

SNOWFALL (INCHES)
RECORDS
 TOTAL          192.1   1992
 24 HR TOTAL     22.1   03/13/1993 TO 03/13/1993
 SNOW DEPTH        48   02/01/1966
                        02/21/1958
                        02/20/1958
TOTALS          151.7             123.8    27.9    111.9
SINCE 7/1        37.5              42.6    -5.1     39.4
SNOWDEPTH AVG.      2                MM      MM        1
DAYS >= TRACE     110              66.4    43.6       90
DAYS >= 1.0        42              34.5     7.5       32
GREATEST
 SNOW DEPTH        24   01/06                         22  03/15
 24 HR TOTAL     16.7   03/02 TO 03/02

DEGREE_DAYS
HEATING TOTAL    6737              6651      86     6311
 SINCE 7/1       2554              2453     101     2458
COOLING TOTAL     806               570     236      562
 SINCE 1/1        806               569     237      562

FREEZE DATES
RECORD
 EARLIEST     09/23/1963
 LATEST       05/24/1963
EARLIEST                        10/14
LATEST                          04/29
.................................................................

WIND (MPH)
AVERAGE WIND SPEED              8.1
RESULTANT WIND SPEED/DIRECTION   2/255
HIGHEST WIND SPEED/DIRECTION    46/250    DATE  04/04
HIGHEST GUST SPEED/DIRECTION    58/250    DATE  04/04

SKY COVER
POSSIBLE SUNSHINE (PERCENT)   MM
AVERAGE SKY COVER           0.80
NUMBER OF DAYS FAIR           25
NUMBER OF DAYS PC            128
NUMBER OF DAYS CLOUDY        212

AVERAGE RH (PERCENT)     77

WEATHER CONDITIONS. NUMBER OF DAYS WITH
THUNDERSTORM             27     MIXED PRECIP                0
HEAVY RAIN               32     RAIN                       60
LIGHT RAIN              162     FREEZING RAIN               2
LT FREEZING RAIN          7     HAIL                       10
HEAVY SNOW               12     SNOW                       34
LIGHT SNOW              109     SLEET                       8
FOG                     215     FOG W/VIS <= 1/4 MILE      11
HAZE                     21

-  INDICATES NEGATIVE NUMBERS.
R  INDICATES RECORD WAS SET OR TIED.
MM INDICATES DATA IS MISSING.
T  INDICATES TRACE AMOUNT.

&&
11TH GREATEST ANNUAL SNOWFALL
23RD GREATEST ANNUAL PRECIPITATION
$$

TAC
