000
CXUS51 KBGM 040130 CCA
CLASYR

CLIMATE REPORT...CORRECTED
NATIONAL WEATHER SERVICE BINGHAMTON NY
832 PM EST WED JAN 3 2018

...................................

...THE SYRACUSE NY CLIMATE SUMMARY FOR THE YEAR OF 2017...

CLIMATE NORMAL PERIOD 1981 TO 2010
CLIMATE RECORD PERIOD 1902 TO 2018

WEATHER         OBSERVED          NORMAL  DEPART  LAST YEAR`S
                 VALUE   DATE(S)  VALUE   FROM    VALUE  DATE(S)
                                          NORMAL
................................................................
TEMPERATURE (F)
RECORD
 HIGH             101   07/17/2012
                        07/21/2011
                        08/14/2002
 LOW              -26   02/18/1979
                        01/26/1966
HIGHEST            91   09/27        57      34       94  07/13
                        09/26
LOWEST             -8   12/28        38     -46      -23  02/14
AVG. MAXIMUM     58.1              57.7     0.4     59.4
AVG. MINIMUM     39.8              39.0     0.8     39.8
MEAN             48.9              48.3     0.6     49.6
DAYS MAX >= 90      5               6.8    -1.8       11
DAYS MAX <= 32     45              45.7    -0.7       40
DAYS MIN <= 32    131             129.5     1.5      140
DAYS MIN <= 0       4               7.1    -3.1        4

PRECIPITATION (INCHES)
RECORD
 MAXIMUM        58.17   1976
 MINIMUM        27.10   1964
TOTALS          45.98             38.47    7.51    40.62
DAILY AVG.       0.13              0.11    0.02     0.11
DAYS >= .01       177             173.6     3.4      150
DAYS >= .10       103              89.7    13.3       79
DAYS >= .50        34              22.7    11.3       25
DAYS >= 1.00        5               5.3    -0.3       10
GREATEST
 24 HR. TOTAL    3.09   10/29 TO 10/30

SNOWFALL (INCHES)
RECORDS
 TOTAL          192.1   1992
 24 HR TOTAL     22.1   03/13/1993 TO 03/13/1993
 SNOW DEPTH        48   02/01/1966
                        02/21/1958
                        02/20/1958
TOTALS          111.9             123.8   -11.9    139.3
SINCE 7/1        39.4              42.6    -3.2     62.6
SNOWDEPTH AVG.      1                MM      MM        1
DAYS >= TRACE      90              66.4    23.6       93
DAYS >= 1.0        32              34.5    -2.5       30
GREATEST
 SNOW DEPTH        22   03/15                         22  11/21
 24 HR TOTAL     20.7   03/14 TO 03/15

DEGREE_DAYS
HEATING TOTAL    6311              6651    -340     6321
 SINCE 7/1       2458              2453       5     2285
COOLING TOTAL     562               570      -8      810
 SINCE 1/1        562               569      -7      810

FREEZE DATES
RECORD
 EARLIEST     09/23/1963
 LATEST       05/24/1963
EARLIEST                        10/14
LATEST                          04/29
.................................................................

WIND (MPH)
AVERAGE WIND SPEED              8.4
RESULTANT WIND SPEED/DIRECTION   3/250
HIGHEST WIND SPEED/DIRECTION    45/270    DATE  10/15
HIGHEST GUST SPEED/DIRECTION    64/270    DATE  03/02

SKY COVER
POSSIBLE SUNSHINE (PERCENT)   MM
AVERAGE SKY COVER           0.70
NUMBER OF DAYS FAIR           22
NUMBER OF DAYS PC            146
NUMBER OF DAYS CLOUDY        195

AVERAGE RH (PERCENT)     74

WEATHER CONDITIONS. NUMBER OF DAYS WITH
THUNDERSTORM             33     MIXED PRECIP               0
HEAVY RAIN               37     RAIN                      66
LIGHT RAIN              174     FREEZING RAIN              2
LT FREEZING RAIN         11     HAIL                       0
HEAVY SNOW                6     SNOW                      30
LIGHT SNOW               86     SLEET                      5
FOG                     205     FOG W/VIS <= 1/4 MILE     12
HAZE                     18

-  INDICATES NEGATIVE NUMBERS.
R  INDICATES RECORD WAS SET OR TIED.
MM INDICATES DATA IS MISSING.
T  INDICATES TRACE AMOUNT.

&&
11TH WETTEST YEAR
CORRECTED TABLE AT BOTTOM
$$

TAC
