000
CXUS55 KLKN 021638
CLAWMC


CLIMATE REPORT
NATIONAL WEATHER SERVICE ELKO NV
829 AM PST WED JAN 2 2019

...................................

...THE WINNEMUCCA AIRPORT NV CLIMATE SUMMARY FOR THE YEAR OF 2018...

CLIMATE NORMAL PERIOD 1981 TO 2010
CLIMATE RECORD PERIOD 1877 TO 2019

WEATHER         OBSERVED          NORMAL  DEPART  LAST YEAR`S
                 VALUE   DATE(S)  VALUE   FROM    VALUE
                                          NORMAL
.............................................................
TEMPERATURE (F)
RECORD
 HIGH             109   07/11/2002
 LOW              -37   12/22/1990
HIGHEST           107   08/09       104       3      104
LOWEST              0   02/20        -9       9       -7
AVG. MAXIMUM     68.1              65.7     2.4     67.3
AVG. MINIMUM     33.5              32.7     0.8     34.3
MEAN             50.8              49.2     1.6     50.8
DAYS MAX >= 90     72              58.0    14.0       83
DAYS MAX <= 32     11              10.9     0.1       11
DAYS MIN <= 32    184             178.7     5.3      166
DAYS MIN <= 0       1               4.8    -3.8        2

PRECIPITATION (INCHES)
RECORD
 MAXIMUM        16.10   1998
 MINIMUM         3.13   1954
TOTALS           9.80              8.28    1.52     8.42
DAILY AVG.          T              0.02   -0.02     0.02
DAYS >= .01        70              70.8    -0.8       80
DAYS >= .10        34              26.8     7.2       31
DAYS >= .50         5               2.1     2.9        2
DAYS >= 1.00        1               0.1     0.9        0
GREATEST
 24 HR. TOTAL    1.15   12/24 TO 12/24

SNOWFALL (INCHES)
RECORDS
 TOTAL           56.2   1937
 24 HR TOTAL     10.9   01/12/1890 TO 01/12/1890
 SNOW DEPTH        17   01/31/1937
TOTALS           37.8              20.9    16.9     14.8
SNOWDEPTH AVG.      0                MM      MM        0
DAYS >= TRACE      36              21.0    15.0       37
DAYS >= 1.0        13               7.5     5.5        5
GREATEST
 SNOW DEPTH         8   03/17                          4
 24 HR TOTAL      8.7   03/16 TO 03/16

DEGREE_DAYS
HEATING TOTAL    5834              6306    -472     5987
COOLING TOTAL     779               542     237      927
..............................................................

WIND (MPH)
AVERAGE WIND SPEED              7.1
HIGHEST WIND SPEED/DIRECTION    47/230    DATE  03/13
HIGHEST GUST SPEED/DIRECTION    60/220    DATE  03/13

AVERAGE RH (PERCENT)     48

WEATHER CONDITIONS. NUMBER OF DAYS WITH
THUNDERSTORM             19     MIXED PRECIP               0
HEAVY RAIN                3     RAIN                      14
LIGHT RAIN               72     FREEZING RAIN              0
LT FREEZING RAIN          0     HAIL                       0
HEAVY SNOW                4     SNOW                       9
LIGHT SNOW               37     SLEET                      0
FOG                      55     FOG W/VIS <= 1/4 MILE      9
HAZE                     55

-  INDICATES NEGATIVE NUMBERS.
R  INDICATES RECORD WAS SET OR TIED.
MM INDICATES DATA IS MISSING.
T  INDICATES TRACE AMOUNT.


$$
=====================================================================

...13TH WARMEST YEAR ON RECORD IN WINNEMUCCA WITH AN AVERAGE
TEMPERATURE OF 50.8 DEGREES.

...4TH WARMEST SUMMER ON RECORD WITH AN AVERAGE TEMPERATURE OF 72.1
DEGREES IN WINNEMUCCA...

...JULY 2018 WAS THE WARMEST JULY ON RECORD WITH AN AVERAGE
TEMPERATURE OF 78.1 DEGREES...

$$
DP/LM/DK
