000
CXUS55 KLKN 011947
CLAWMC


CLIMATE REPORT
NATIONAL WEATHER SERVICE ELKO NV
1123 AM PST MON JAN 1 2018

...................................

...THE WINNEMUCCA AIRPORT NV CLIMATE SUMMARY FOR THE YEAR OF 2017...

CLIMATE NORMAL PERIOD 1981 TO 2010
CLIMATE RECORD PERIOD 1877 TO 2017

WEATHER         OBSERVED          NORMAL  DEPART  LAST YEAR`S
                 VALUE   DATE(S)  VALUE   FROM    VALUE
                                          NORMAL
.............................................................
TEMPERATURE (F)
RECORD
 HIGH             109   07/11/2002
 LOW              -37   12/22/1990
HIGHEST           104   08/03       104       0      104
                        08/01
                        08/02
LOWEST             -7   01/06        -9       2      -13
AVG. MAXIMUM     67.3              65.7     1.6     67.0
AVG. MINIMUM     34.3              32.7     1.6     33.8
MEAN             50.8              49.2     1.6     50.4
DAYS MAX >= 90     83              58.0    25.0       MM
DAYS MAX <= 32     11              10.9     0.1       MM
DAYS MIN <= 32    166             178.7   -12.7       MM
DAYS MIN <= 0       2               4.8    -2.8       MM

PRECIPITATION (INCHES)
RECORD
 MAXIMUM        16.10   1998
 MINIMUM         3.13   1954
TOTALS           8.42              8.28    0.14     9.36
DAILY AVG.       0.02              0.02    0.00        T
DAYS >= .01        80              70.8     9.2       MM
DAYS >= .10        31              26.8     4.2       MM
DAYS >= .50         2               2.1    -0.1       MM
DAYS >= 1.00        0               0.1    -0.1       MM
GREATEST
 24 HR. TOTAL    0.78   06/12 TO 06/12

SNOWFALL (INCHES)
RECORDS
 TOTAL           56.2   1937
 24 HR TOTAL     10.9   01/12/1890 TO 01/12/1890
 SNOW DEPTH        17   01/31/1937
TOTALS           14.8              20.9    -6.1     18.6
SNOWDEPTH AVG.      0                MM      MM        0
DAYS >= TRACE      37              21.0    16.0       MM
DAYS >= 1.0         5               7.5    -2.5       MM
GREATEST
 SNOW DEPTH         4   01/03                          3
 24 HR TOTAL      2.5   01/23 TO 01/23

DEGREE_DAYS
HEATING TOTAL    5987              6306    -319     5816
COOLING TOTAL     927               542     385      577
..............................................................

WIND (MPH)
AVERAGE WIND SPEED              7.6
HIGHEST WIND SPEED/DIRECTION    45/270    DATE  05/24
HIGHEST GUST SPEED/DIRECTION    59/200    DATE  07/06

AVERAGE RH (PERCENT)     53

WEATHER CONDITIONS. NUMBER OF DAYS WITH
THUNDERSTORM             15     MIXED PRECIP               0
HEAVY RAIN                3     RAIN                      17
LIGHT RAIN               88     FREEZING RAIN              1
LT FREEZING RAIN          2     HAIL                       0
HEAVY SNOW                1     SNOW                       4
LIGHT SNOW               38     SLEET                      0
FOG                      64     FOG W/VIS <= 1/4 MILE      3
HAZE                     31

-  INDICATES NEGATIVE NUMBERS.
R  INDICATES RECORD WAS SET OR TIED.
MM INDICATES DATA IS MISSING.
T  INDICATES TRACE AMOUNT.

&&

=====================================================================

...11TH WARMEST YEAR ON RECORD IN WINNEMUCCA WITH AN AVERAGE
TEMPERATURE OF 50.8 DEGREES.

...WARMEST SUMMER ON RECORD WITH AN AVERAGE TEMPERATURE OF 72.6
DEGREES...

...WARMEST NOVEMBER ON RECORD WITH AN AVERAGE TEMPERATURE OF 43.9
DEGREES...

$$

DS
