000
CXUS56 KPDT 031633
CLAYKM

CLIMATE REPORT
NATIONAL WEATHER SERVICE PENDLETON OREGON
826 AM PST THU JAN 3 2019

....................................

...THE YAKIMA CLIMATE SUMMARY FOR THE YEAR OF 2018...

CLIMATE NORMAL PERIOD 1981 TO 2010
CLIMATE RECORD PERIOD 1946 TO 2018

WEATHER         OBSERVED          NORMAL  DEPART
                 VALUE   DATE(S)  VALUE   FROM
                                          NORMAL
................................................
TEMPERATURE (F)
RECORD
 HIGH             110  08/10/1971
 LOW              -25  02/01/1950
HIGHEST           105  08/09
LOWEST             11  02/23

AVG. MAXIMUM     66.4
AVG. MINUMUM     39.1
MEAN             52.8
DAYS MAX >= 90     42
DAYS MAX <= 32      6
DAYS MIN <= 32    128
DAYS MIN <= 0       0

PRECIPITATION (INCHES)
TOTALS            5.06
DAILY AVG.        0.02
DAYS >=  0.01       63
DAYS >=  0.10       21
DAYS >=  0.50        0
DAYS >=  1.00        0
GREATEST
 24 HR. TOTAL     0.34   04/07

SNOWFALL (INCHES)
TOTALS             1.1
SINCE 7/1          0.3
SNOWDEPTH AVG.       0
DAYS >=  TRACE       6
DAYS >=  1.0         0
GREATEST
 SNOW DEPTH          0     12/31
 24 HR TOTAL       0.4

DEGREE_DAYS
HEATING_TOTAL      5004
 SINCE 7/1         2399
COOLING TOTAL       677
................................................

WIND (MPH)
AVERAGE WIND SPEED                     5.6
RESULTANT WIND SPEED/DIRECTION         3/258
HIGHEST WIND SPEED/DIRECTION          38/270      DATE          11/02
HIGHEST GUST SPEED/DIRECTION          52/270      DATE          11/02


WEATHER CONDITIONS. NUMBER OF DAYS WITH
THUNDERSTORM               6    MIXED PRECIP                           0
HEAVY RAIN                 3    RAIN                                  11
LIGHT RAIN                88    FREEZING RAIN                          1
LT FREEZING RAIN           3    HAIL                                   0
HEAVY SNOW                 0    SNOW                                   0
LIGHT SNOW                15    SLEET                                  1
FOG                       84    FOG W/VIS <=1/4 MILE                  21
HAZE                      66

-  INDICATES NEGATIVE NUMBERS.
R  INDICATES RECORD WAS SET OR TIED.
MM INDICATES DATA IS MISSING.
T  INDICATES TRACE AMOUNT.

$$
