000
CXUS51 KPBZ 011519
CLAZZV


CLIMATE REPORT
NATIONAL WEATHER SERVICE PITTSBURGH PA
1019 AM EST TUE JAN 1 2019

...................................

...THE ZANESVILLE OH CLIMATE SUMMARY FOR THE YEAR OF 2018...

CLIMATE NORMAL PERIOD 1981 TO 2010
CLIMATE RECORD PERIOD 1895 TO 2018

WEATHER         OBSERVED          NORMAL  DEPART  LAST YEAR`S
                 VALUE   DATE(S)  VALUE   FROM    VALUE  DATE(S)
                                          NORMAL
................................................................
TEMPERATURE (F)
RECORD
 HIGH             106   MM
 LOW              -20   01/29/2014
HIGHEST            93   09/04        MM      MM       92  09/27
                        07/04                             09/24
LOWEST             -9   01/03        MM      MM       -2  12/31
                        01/01
AVG. MAXIMUM     62.8              62.3     0.5     64.4
AVG. MINIMUM     44.3              41.4     2.9     44.2
MEAN             53.5              51.8     1.7     54.3
DAYS MAX >= 90     14              10.1     3.9        6
DAYS MAX <= 32     23              25.5    -2.5       21
DAYS MIN <= 32    127             117.3     9.7       99
DAYS MIN <= 0       7               3.5     3.5        1

PRECIPITATION (INCHES)
RECORD
 MAXIMUM           MM   MM
 MINIMUM           MM   MM
TOTALS          53.51             37.86   15.65    40.98
DAILY AVG.       0.15              0.10    0.05     0.11
DAYS >= .01       163             136.5    26.5      151
DAYS >= .10       102              79.3    22.7       80
DAYS >= .50        33              25.0     8.0       31
DAYS >= 1.00       12               7.0     5.0        8
GREATEST
 24 HR. TOTAL    2.52

DEGREE_DAYS
HEATING TOTAL    5352              5571    -219     4662
 SINCE 7/1       2023              2145    -122     2045
COOLING TOTAL    1277               768     509      877
 SINCE 1/1       1277               768     509      877
.................................................................

WIND (MPH)
AVERAGE WIND SPEED              5.9
HIGHEST WIND SPEED/DIRECTION    39/310    DATE  05/14
HIGHEST GUST SPEED/DIRECTION    54/310    DATE  05/14

AVERAGE RH (PERCENT)     71

WEATHER CONDITIONS. NUMBER OF DAYS WITH
THUNDERSTORM             51     MIXED PRECIP               0
HEAVY RAIN               61     RAIN                      82
LIGHT RAIN              154     FREEZING RAIN              3
LT FREEZING RAIN          7     HAIL                       0
HEAVY SNOW                2     SNOW                       8
LIGHT SNOW               52     SLEET                      0
FOG                     229     FOG W/VIS <= 1/4 MILE     32
HAZE                     70

-  INDICATES NEGATIVE NUMBERS.
R  INDICATES RECORD WAS SET OR TIED.
MM INDICATES DATA IS MISSING.
T  INDICATES TRACE AMOUNT.

$$
