000
CDUS41 KALY 230631
CLIALB


CLIMATE REPORT
NATIONAL WEATHER SERVICE ALBANY NY
227 AM EDT SAT JUN 23 2018


...................................

...THE ALBANY NY CLIMATE SUMMARY FOR JUNE 22 2018...

CLIMATE NORMAL PERIOD 1981 TO 2010
CLIMATE RECORD PERIOD 1874 TO 2018


WEATHER ITEM   OBSERVED TIME   RECORD YEAR NORMAL DEPARTURE LAST
                VALUE   (LST)  VALUE       VALUE  FROM      YEAR
                                                  NORMAL
..................................................................
TEMPERATURE (F)
 YESTERDAY
  MAXIMUM         81    421 PM  95    1954  80      1       81
  MINIMUM         50    358 AM  37    1940  59     -9       53
  AVERAGE         66                        69     -3       67

PRECIPITATION (IN)
  YESTERDAY        0.00          1.52 2011   0.12  -0.12     0.00
  MONTH TO DATE    1.58                      2.82  -1.24     3.74
  SINCE JUN 1      1.58                      2.82  -1.24     3.74
  SINCE JAN 1     15.92                     17.60  -1.68    22.65

DEGREE DAYS
 HEATING
  YESTERDAY        0                         1     -1        0
  MONTH TO DATE   24                        47    -23       47
  SINCE JUN 1     24                        47    -23       47
  SINCE JUL 1   6310                      6675   -365     5864

 COOLING
  YESTERDAY        1                         5     -4        2
  MONTH TO DATE   78                        72      6      104
  SINCE JUN 1     78                        72      6      104
  SINCE JAN 1    148                       102     46      154
..................................................................


WIND (MPH)
  HIGHEST WIND SPEED    14   HIGHEST WIND DIRECTION     S (170)
  HIGHEST GUST SPEED    19   HIGHEST GUST DIRECTION     S (160)
  AVERAGE WIND SPEED     5.9


SKY COVER
  AVERAGE SKY COVER 0.6



RELATIVE HUMIDITY (PERCENT)
 HIGHEST    74
 LOWEST     35
 AVERAGE    55

..........................................................


THE ALBANY NY CLIMATE NORMALS FOR TODAY
                         NORMAL    RECORD    YEAR
 MAXIMUM TEMPERATURE (F)   80        96      1888
 MINIMUM TEMPERATURE (F)   59        44      1940
                                             1918


SUNRISE AND SUNSET
JUNE 23 2018..........SUNRISE   518 AM EDT   SUNSET   837 PM EDT
JUNE 24 2018..........SUNRISE   518 AM EDT   SUNSET   837 PM EDT


-  INDICATES NEGATIVE NUMBERS.
R  INDICATES RECORD WAS SET OR TIED.
MM INDICATES DATA IS MISSING.
T  INDICATES TRACE AMOUNT.




$$
