000
CDUS41 KALY 280632
CLIALB

CLIMATE REPORT
NATIONAL WEATHER SERVICE ALBANY NY
232 AM EDT WED OCT 28 2020

...................................

...THE ALBANY NY CLIMATE SUMMARY FOR OCTOBER 27 2020...

CLIMATE NORMAL PERIOD: 1981 TO 2010
CLIMATE RECORD PERIOD: 1874 TO 2020


WEATHER ITEM   OBSERVED TIME   RECORD YEAR NORMAL DEPARTURE LAST
                VALUE   (LST)  VALUE       VALUE  FROM      YEAR
                                                  NORMAL
...................................................................
TEMPERATURE (F)
 YESTERDAY
  MAXIMUM         48   1:49 PM  79    1963  56     -8       54
  MINIMUM         38  11:59 PM  21    1950  36      2       47
  AVERAGE         43                        46     -3       51

PRECIPITATION (IN)
  YESTERDAY        0.05          1.67 2007   0.12  -0.07     0.92
  MONTH TO DATE    1.80                      3.22  -1.42     6.71
  SINCE SEP 1      4.43                      6.52  -2.09     8.94
  SINCE JAN 1     28.34                     32.67  -4.33    37.92

SNOWFALL (IN)
  YESTERDAY        0.0           1.7  2016   0.0    0.0      0.0
  MONTH TO DATE    0.0                       0.2   -0.2      0.0
  SINCE SEP 1      0.0                       0.2   -0.2      0.0
  SINCE JUL 1      0.0                       0.2   -0.2      0.0
  SNOW DEPTH       0

DEGREE DAYS
 HEATING
  YESTERDAY       22                        19      3       14
  MONTH TO DATE  377                       400    -23      332
  SINCE SEP 1    553                       544      9      407
  SINCE JUL 1    578                       567     11      409

 COOLING
  YESTERDAY        0                         0      0        0
  MONTH TO DATE    0                         0      0        4
  SINCE SEP 1     25                        51    -26       48
  SINCE JAN 1    815                       594    221      771
...................................................................


WIND (MPH)
  HIGHEST WIND SPEED    10   HIGHEST WIND DIRECTION    NW (300)
  HIGHEST GUST SPEED    14   HIGHEST GUST DIRECTION     W (280)
  AVERAGE WIND SPEED     4.9


SKY COVER
  AVERAGE SKY COVER 0.9


RELATIVE HUMIDITY (PERCENT)
 HIGHEST   100          12:00 AM
 LOWEST     76           4:00 PM
 AVERAGE    88

..........................................................


THE ALBANY NY CLIMATE NORMALS FOR TODAY
                         NORMAL    RECORD    YEAR
 MAXIMUM TEMPERATURE (F)   55        78      1971
 MINIMUM TEMPERATURE (F)   36        18      1974


SUNRISE AND SUNSET
OCTOBER 28 2020.......SUNRISE   7:25 AM EDT   SUNSET   5:52 PM EDT
OCTOBER 29 2020.......SUNRISE   7:26 AM EDT   SUNSET   5:51 PM EDT


-  INDICATES NEGATIVE NUMBERS.
R  INDICATES RECORD WAS SET OR TIED.
MM INDICATES DATA IS MISSING.
T  INDICATES TRACE AMOUNT.




$$
