000
CDUS41 KALY 230623
CLIALB


CLIMATE REPORT
NATIONAL WEATHER SERVICE ALBANY NY
222 AM EDT WED OCT 23 2019


...................................

...THE ALBANY NY CLIMATE SUMMARY FOR OCTOBER 22 2019...

CLIMATE NORMAL PERIOD 1981 TO 2010
CLIMATE RECORD PERIOD 1874 TO 2019


WEATHER ITEM   OBSERVED TIME   RECORD YEAR NORMAL DEPARTURE LAST
                VALUE   (LST)  VALUE       VALUE  FROM      YEAR
                                                  NORMAL
..................................................................
TEMPERATURE (F)
 YESTERDAY
  MAXIMUM         59    402 PM  86    1979  57      2       48
  MINIMUM         43    153 AM  20    1959  38      5       36
                                      1948
  AVERAGE         51                        48      3       42

PRECIPITATION (IN)
  YESTERDAY        0.27          1.21 2016   0.11   0.16     0.00
  MONTH TO DATE    5.65                      2.65   3.00     2.66
  SINCE SEP 1      7.88                      5.95   1.93     8.28
  SINCE JAN 1     36.86                     32.10   4.76    34.54

SNOWFALL (IN)
  YESTERDAY        0.0           T    2005   0.0    0.0      0.0
                                      2003
  MONTH TO DATE    0.0                       0.2   -0.2      0.0
  SINCE SEP 1      0.0                       0.2   -0.2      0.0
  SINCE JUL 1      0.0                       0.2   -0.2      0.0
  SNOW DEPTH       0

DEGREE DAYS
 HEATING
  YESTERDAY       14                        18     -4       23
  MONTH TO DATE  265                       307    -42      255
  SINCE SEP 1    340                       451   -111      343
  SINCE JUL 1    342                       474   -132      343

 COOLING
  YESTERDAY        0                         0      0        0
  MONTH TO DATE    4                         0      4       19
  SINCE SEP 1     48                        51     -3      181
  SINCE JAN 1    771                       594    177     1058
..................................................................


WIND (MPH)
  HIGHEST WIND SPEED    16   HIGHEST WIND DIRECTION    SE (140)
  HIGHEST GUST SPEED    24   HIGHEST GUST DIRECTION    SE (130)
  AVERAGE WIND SPEED     6.0


SKY COVER
  AVERAGE SKY COVER 1.0



RELATIVE HUMIDITY (PERCENT)
 HIGHEST    89
 LOWEST     59
 AVERAGE    74

..........................................................


THE ALBANY NY CLIMATE NORMALS FOR TODAY
                         NORMAL    RECORD    YEAR
 MAXIMUM TEMPERATURE (F)   57        81      1947
 MINIMUM TEMPERATURE (F)   37        20      1969


SUNRISE AND SUNSET
OCTOBER 23 2019.......SUNRISE   718 AM EDT   SUNSET   601 PM EDT
OCTOBER 24 2019.......SUNRISE   719 AM EDT   SUNSET   559 PM EDT


-  INDICATES NEGATIVE NUMBERS.
R  INDICATES RECORD WAS SET OR TIED.
MM INDICATES DATA IS MISSING.
T  INDICATES TRACE AMOUNT.




$$
