000
CDUS41 KALY 150626
CLIALB


CLIMATE REPORT
NATIONAL WEATHER SERVICE ALBANY NY
125 AM EST THU NOV 15 2018


...................................

...THE ALBANY NY CLIMATE SUMMARY FOR NOVEMBER 14 2018...

CLIMATE NORMAL PERIOD 1981 TO 2010
CLIMATE RECORD PERIOD 1874 TO 2018


WEATHER ITEM   OBSERVED TIME   RECORD YEAR NORMAL DEPARTURE LAST
                VALUE   (LST)  VALUE       VALUE  FROM      YEAR
                                                  NORMAL
..................................................................
TEMPERATURE (F)
 YESTERDAY
  MAXIMUM         33    225 PM  70    1973  49    -16       40
  MINIMUM         22   1128 PM  12    1996  32    -10       32
                                      1986
                                      1971
  AVERAGE         28                        40    -12       36

PRECIPITATION (IN)
  YESTERDAY        0.01          1.79 1972   0.11  -0.10     0.00
  MONTH TO DATE    3.40                      1.53   1.87     0.47
  SINCE SEP 1     12.79                      8.51   4.28     6.00
  SINCE JAN 1     39.05                     34.66   4.39    37.80

SNOWFALL (IN)
  YESTERDAY        0.6          14.4  1972   0.1    0.5      0.0
  MONTH TO DATE    0.8                       0.7    0.1       T
  SINCE SEP 1      0.8                       1.0   -0.2       T
  SINCE JUL 1      0.8                       1.0   -0.2       T
  SNOW DEPTH       1

DEGREE DAYS
 HEATING
  YESTERDAY       37                        25     12       29
  MONTH TO DATE  316                       317     -1      340
  SINCE SEP 1    858                       939    -81      669
  SINCE JUL 1    858                       962   -104      688

 COOLING
  YESTERDAY        0                         0      0        0
  MONTH TO DATE    0                         0      0        0
  SINCE SEP 1    181                        55    126      139
  SINCE JAN 1   1058                       598    460      714
..................................................................


WIND (MPH)
  HIGHEST WIND SPEED    25   HIGHEST WIND DIRECTION    NW (320)
  HIGHEST GUST SPEED    38   HIGHEST GUST DIRECTION     W (290)
  AVERAGE WIND SPEED    11.5


SKY COVER
  AVERAGE SKY COVER 0.8



RELATIVE HUMIDITY (PERCENT)
 HIGHEST    75
 LOWEST     36
 AVERAGE    56

..........................................................


THE ALBANY NY CLIMATE NORMALS FOR TODAY
                         NORMAL    RECORD    YEAR
 MAXIMUM TEMPERATURE (F)   48        74      1993
 MINIMUM TEMPERATURE (F)   32        14      1939


SUNRISE AND SUNSET
NOVEMBER 15 2018......SUNRISE   647 AM EST   SUNSET   432 PM EST
NOVEMBER 16 2018......SUNRISE   648 AM EST   SUNSET   431 PM EST


-  INDICATES NEGATIVE NUMBERS.
R  INDICATES RECORD WAS SET OR TIED.
MM INDICATES DATA IS MISSING.
T  INDICATES TRACE AMOUNT.




$$
