000
CDUS41 KALY 230627
CLIALB


CLIMATE REPORT
NATIONAL WEATHER SERVICE ALBANY NY
124 AM EST WED JAN 23 2019


...................................

...THE ALBANY NY CLIMATE SUMMARY FOR JANUARY 22 2019...

CLIMATE NORMAL PERIOD 1981 TO 2010
CLIMATE RECORD PERIOD 1874 TO 2019


WEATHER ITEM   OBSERVED TIME   RECORD YEAR NORMAL DEPARTURE LAST
                VALUE   (LST)  VALUE       VALUE  FROM      YEAR
                                                  NORMAL
..................................................................
TEMPERATURE (F)
 YESTERDAY
  MAXIMUM         18    329 PM  62    1906  30    -12       39
  MINIMUM          0    617 AM -20    1984  14    -14       33
  AVERAGE          9                        22    -13       36

PRECIPITATION (IN)
  YESTERDAY        0.00          1.18 1891   0.09  -0.09     0.09
  MONTH TO DATE    2.62                      1.84   0.78     1.69
  SINCE DEC 1      5.66                      4.77   0.89     3.62
  SINCE JAN 1      2.62                      1.84   0.78     1.69

SNOWFALL (IN)
  YESTERDAY        0.0          12.9  1987   0.6   -0.6       T
  MONTH TO DATE   14.8                      12.9    1.9     12.7
  SINCE DEC 1     18.1                      26.6   -8.5     24.8
  SINCE JUL 1     28.5                      29.7   -1.2     24.8
  SNOW DEPTH      10

DEGREE DAYS
 HEATING
  YESTERDAY       56                        43     13       29
  MONTH TO DATE  891                       937    -46      971
  SINCE DEC 1   1895                      2068   -173     2210
  SINCE JUL 1   3271                      3472   -201     3324

 COOLING
  YESTERDAY        0                         0      0        0
  MONTH TO DATE    0                         0      0        0
  SINCE DEC 1      0                         0      0        0
  SINCE JAN 1      0                         0      0        0
..................................................................


WIND (MPH)
  HIGHEST WIND SPEED    24   HIGHEST WIND DIRECTION     W (290)
  HIGHEST GUST SPEED    31   HIGHEST GUST DIRECTION     W (290)
  AVERAGE WIND SPEED     5.0


SKY COVER
  AVERAGE SKY COVER 0.4



RELATIVE HUMIDITY (PERCENT)
 HIGHEST    58
 LOWEST     43
 AVERAGE    51

..........................................................


THE ALBANY NY CLIMATE NORMALS FOR TODAY
                         NORMAL    RECORD    YEAR
 MAXIMUM TEMPERATURE (F)   31        64      1906
 MINIMUM TEMPERATURE (F)   14       -20      1970


SUNRISE AND SUNSET
JANUARY 23 2019.......SUNRISE   718 AM EST   SUNSET   456 PM EST
JANUARY 24 2019.......SUNRISE   717 AM EST   SUNSET   458 PM EST


-  INDICATES NEGATIVE NUMBERS.
R  INDICATES RECORD WAS SET OR TIED.
MM INDICATES DATA IS MISSING.
T  INDICATES TRACE AMOUNT.




$$
