000
CDUS41 KALY 242037
CLIALB

CLIMATE REPORT
NATIONAL WEATHER SERVICE ALBANY NY
437 PM EDT TUE MAY 24 2022

...................................

...THE ALBANY NY CLIMATE SUMMARY FOR MAY 24 2022...
VALID TODAY AS OF 0400 PM LOCAL TIME.

CLIMATE NORMAL PERIOD: 1991 TO 2020
CLIMATE RECORD PERIOD: 1874 TO 2022


WEATHER ITEM   OBSERVED TIME   RECORD YEAR NORMAL DEPARTURE LAST
                VALUE   (LST)  VALUE       VALUE  FROM      YEAR
                                                  NORMAL
...................................................................
TEMPERATURE (F)
 TODAY
  MAXIMUM         72   2:52 PM  92    1964  74     -2       70
  MINIMUM         50   2:49 AM  29    1963  51     -1       44
  AVERAGE         61                        62     -1       57

PRECIPITATION (IN)
  TODAY            0.00          1.62 1979   0.12  -0.12     0.00
  MONTH TO DATE    1.81                      2.56  -0.75     1.57
  SINCE MAR 1     10.16                      8.76   1.40     7.28
  SINCE JAN 1     14.21                     13.64   0.57    10.91

SNOWFALL (IN)
  TODAY            0.0           0.0    MM   0.0    0.0      0.0
  MONTH TO DATE    0.0                       0.1   -0.1      0.0
  SINCE MAR 1     11.9                      13.7   -1.8      1.3
  SINCE JUL 1     36.4                      59.2  -22.8     54.6
  SNOW DEPTH       0

DEGREE DAYS
 HEATING
  TODAY            4                         5     -1        8
  MONTH TO DATE  135                       176    -41      233
  SINCE MAR 1   1496                      1598   -102     1652
  SINCE JUL 1   5988                      6292   -304     6570

 COOLING
  TODAY            0                         2     -2        0
  MONTH TO DATE   55                        23     32       18
  SINCE MAR 1     55                        28     27       18
  SINCE JAN 1     55                        28     27       18
...................................................................


WIND (MPH)
  HIGHEST WIND SPEED     9   HIGHEST WIND DIRECTION     S (170)
  HIGHEST GUST SPEED    12   HIGHEST GUST DIRECTION     S (160)
  AVERAGE WIND SPEED     4.7


SKY COVER
  AVERAGE SKY COVER 0.7


RELATIVE HUMIDITY (PERCENT)
 HIGHEST    68           4:00 AM
 LOWEST     38           3:00 PM
 AVERAGE    53

..........................................................


THE ALBANY NY CLIMATE NORMALS FOR TOMORROW
                         NORMAL    RECORD    YEAR
 MAXIMUM TEMPERATURE (F)   74        94      1981
 MINIMUM TEMPERATURE (F)   51        30      1956


SUNRISE AND SUNSET
MAY 24 2022...........SUNRISE   5:25 AM EDT   SUNSET   8:20 PM EDT
MAY 25 2022...........SUNRISE   5:24 AM EDT   SUNSET   8:21 PM EDT


-  INDICATES NEGATIVE NUMBERS.
R  INDICATES RECORD WAS SET OR TIED.
MM INDICATES DATA IS MISSING.
T  INDICATES TRACE AMOUNT.




$$
