000
CDUS43 KBIS 310736
CLIBIS


CLIMATE REPORT
NATIONAL WEATHER SERVICE BISMARCK ND
236 AM CDT SAT OCT 31 2020


...................................

...THE BISMARCK ND CLIMATE SUMMARY FOR OCTOBER 30 2020...

CLIMATE NORMAL PERIOD 1981 TO 2010
CLIMATE RECORD PERIOD 1875 TO 2020


WEATHER ITEM   OBSERVED TIME   RECORD YEAR NORMAL DEPARTURE LAST
                VALUE   (LST)  VALUE       VALUE  FROM      YEAR
                                                  NORMAL
..................................................................
TEMPERATURE (F)
 YESTERDAY
  MAXIMUM         43   1158 PM  84    1950  50     -7       33
  MINIMUM         33   1235 AM -10    1991  27      6       17
  AVERAGE         38                        38      0       25

PRECIPITATION (IN)
  YESTERDAY        0.00          1.30 1900   0.04  -0.04     0.00
  MONTH TO DATE    0.73                      1.22  -0.49     3.36
  SINCE SEP 1      1.23                      2.81  -1.58     9.10
  SINCE JAN 1      7.91                     16.62  -8.71    27.94

SNOWFALL (IN)
  YESTERDAY        0.0           2.5  1971   0.1   -0.1      0.0
  MONTH TO DATE    4.7                       2.0    2.7     17.1
  SINCE SEP 1      4.7                       2.2    2.5     17.1
  SINCE JUL 1      4.7                       2.2    2.5     17.1
  SNOW DEPTH       0

DEGREE DAYS
 HEATING
  YESTERDAY       27                        27      0       40
  MONTH TO DATE  730                       598    132      758
  SINCE SEP 1    899                       829     70      928
  SINCE JUL 1    901                       884     17      959

 COOLING
  YESTERDAY        0                         0      0        0
  MONTH TO DATE    0                         0      0        0
  SINCE SEP 1     23                        38    -15       41
  SINCE JAN 1    793                       519    274      530
..................................................................


WIND (MPH)
  HIGHEST WIND SPEED    22   HIGHEST WIND DIRECTION    SE (150)
  HIGHEST GUST SPEED    30   HIGHEST GUST DIRECTION    NW (310)
  AVERAGE WIND SPEED    10.3


SKY COVER
  POSSIBLE SUNSHINE  MM
  AVERAGE SKY COVER 0.8


WEATHER CONDITIONS
 THE FOLLOWING WEATHER WAS RECORDED YESTERDAY.
  FOG


RELATIVE HUMIDITY (PERCENT)
 HIGHEST   100          1000 AM
 LOWEST     82          1100 PM
 AVERAGE    91

..........................................................


THE BISMARCK ND CLIMATE NORMALS FOR TODAY
                         NORMAL    RECORD    YEAR
 MAXIMUM TEMPERATURE (F)   49        77      1999
 MINIMUM TEMPERATURE (F)   26       -10      1991


SUNRISE AND SUNSET
OCTOBER 31 2020.......SUNRISE   825 AM CDT   SUNSET   628 PM CDT
NOVEMBER  1 2020......SUNRISE   726 AM CST   SUNSET   526 PM CST


-  INDICATES NEGATIVE NUMBERS.
R  INDICATES RECORD WAS SET OR TIED.
MM INDICATES DATA IS MISSING.
T  INDICATES TRACE AMOUNT.




$$
