000
CDUS43 KBIS 230846
CLIBIS


CLIMATE REPORT
NATIONAL WEATHER SERVICE BISMARCK ND
245 AM CST FRI FEB 23 2018


...................................

...THE BISMARCK ND CLIMATE SUMMARY FOR FEBRUARY 22 2018...

CLIMATE NORMAL PERIOD 1981 TO 2010
CLIMATE RECORD PERIOD 1875 TO 2018


WEATHER ITEM   OBSERVED TIME   RECORD YEAR NORMAL DEPARTURE LAST
                VALUE   (LST)  VALUE       VALUE  FROM      YEAR
                                                  NORMAL
..................................................................
TEMPERATURE (F)
 YESTERDAY
  MAXIMUM         19    359 PM  60    2002  30    -11       35
  MINIMUM        -11    812 AM -26    1910  11    -22       30
  AVERAGE          4                        20    -16       33

PRECIPITATION (IN)
  YESTERDAY        T             0.69 1922   0.02  -0.02     0.32
  MONTH TO DATE    0.30                      0.36  -0.06     0.75
  SINCE DEC 1      1.14                      1.28  -0.14     3.44
  SINCE JAN 1      0.72                      0.79  -0.07     1.39

SNOWFALL (IN)
  YESTERDAY        T             8.9  1979   0.3   -0.3      1.0
  MONTH TO DATE    4.4                       6.1   -1.7      3.7
  SINCE DEC 1     16.2                      24.3   -8.1     43.4
  SINCE JUL 1     17.5                      35.5  -18.0     62.4

DEGREE DAYS
 HEATING
  YESTERDAY       61                        45     16       32
  MONTH TO DATE 1300                      1055    245      916
  SINCE DEC 1   4303                      4187    116     4259
  SINCE JUL 1   6042                      6173   -131     5739

 COOLING
  YESTERDAY        0                         0      0        0
  MONTH TO DATE    0                         0      0        0
  SINCE DEC 1      0                         0      0        0
  SINCE JAN 1      0                         0      0        0
..................................................................


WIND (MPH)
  HIGHEST WIND SPEED     9   HIGHEST WIND DIRECTION    NW (320)
  HIGHEST GUST SPEED    12   HIGHEST GUST DIRECTION    NW (330)
  AVERAGE WIND SPEED     4.0


SKY COVER
  POSSIBLE SUNSHINE  MM
  AVERAGE SKY COVER 0.3


WEATHER CONDITIONS
 THE FOLLOWING WEATHER WAS RECORDED YESTERDAY.
  LIGHT SNOW
  FOG
  HAZE


RELATIVE HUMIDITY (PERCENT)
 HIGHEST    83           300 AM
 LOWEST     61           300 PM
 AVERAGE    72

..........................................................


THE BISMARCK ND CLIMATE NORMALS FOR TODAY
                         NORMAL    RECORD    YEAR
 MAXIMUM TEMPERATURE (F)   31        63      1976
 MINIMUM TEMPERATURE (F)   11       -34      1889


SUNRISE AND SUNSET
FEBRUARY 23 2018......SUNRISE   733 AM CST   SUNSET   620 PM CST
FEBRUARY 24 2018......SUNRISE   732 AM CST   SUNSET   621 PM CST


-  INDICATES NEGATIVE NUMBERS.
R  INDICATES RECORD WAS SET OR TIED.
MM INDICATES DATA IS MISSING.
T  INDICATES TRACE AMOUNT.




$$
