000
CDUS43 KBIS 140743
CLIBIS


CLIMATE REPORT
NATIONAL WEATHER SERVICE BISMARCK ND
240 AM CDT MON OCT 14 2019


...................................

...THE BISMARCK ND CLIMATE SUMMARY FOR OCTOBER 13 2019...

CLIMATE NORMAL PERIOD 1981 TO 2010
CLIMATE RECORD PERIOD 1875 TO 2019


WEATHER ITEM   OBSERVED TIME   RECORD YEAR NORMAL DEPARTURE LAST
                VALUE   (LST)  VALUE       VALUE  FROM      YEAR
                                                  NORMAL
..................................................................
TEMPERATURE (F)
 YESTERDAY
  MAXIMUM         41    502 PM  89    1958  59    -18       52
  MINIMUM         27   1159 PM   8    1909  33     -6       31
  AVERAGE         34                        46    -12       42

PRECIPITATION (IN)
  YESTERDAY        0.01          0.97 1940   0.04  -0.03     0.00
  MONTH TO DATE    1.86                      0.55   1.31     1.50
  SINCE SEP 1      7.60                      2.14   5.46     3.78
  SINCE JAN 1     26.44                     15.95  10.49    16.70

SNOWFALL (IN)
  YESTERDAY        0.2           0.4  1997   0.0    0.2      0.0
  MONTH TO DATE   17.1                       0.3   16.8      0.6
  SINCE SEP 1     17.1                       0.5   16.6      0.6
  SINCE JUL 1     17.1                       0.5   16.6      0.6
  SNOW DEPTH       7

DEGREE DAYS
 HEATING
  YESTERDAY       31                        19     12       23
  MONTH TO DATE  294                       210     84      339
  SINCE SEP 1    464                       441     23      575
  SINCE JUL 1    495                       496     -1      602

 COOLING
  YESTERDAY        0                         0      0        0
  MONTH TO DATE    0                         0      0        0
  SINCE SEP 1     41                        38      3       30
  SINCE JAN 1    530                       519     11      701
..................................................................


WIND (MPH)
  HIGHEST WIND SPEED    18   HIGHEST WIND DIRECTION    NW (320)
  HIGHEST GUST SPEED    25   HIGHEST GUST DIRECTION    NW (310)
  AVERAGE WIND SPEED     7.9


SKY COVER
  POSSIBLE SUNSHINE  MM
  AVERAGE SKY COVER 0.7


WEATHER CONDITIONS
 THE FOLLOWING WEATHER WAS RECORDED YESTERDAY.
  LIGHT SNOW
  FOG


RELATIVE HUMIDITY (PERCENT)
 HIGHEST   100          1100 PM
 LOWEST     64           400 PM
 AVERAGE    82

..........................................................


THE BISMARCK ND CLIMATE NORMALS FOR TODAY
                         NORMAL    RECORD    YEAR
 MAXIMUM TEMPERATURE (F)   59        86      1962
 MINIMUM TEMPERATURE (F)   33        14      1876


SUNRISE AND SUNSET
OCTOBER 14 2019.......SUNRISE   759 AM CDT   SUNSET   658 PM CDT
OCTOBER 15 2019.......SUNRISE   800 AM CDT   SUNSET   656 PM CDT


-  INDICATES NEGATIVE NUMBERS.
R  INDICATES RECORD WAS SET OR TIED.
MM INDICATES DATA IS MISSING.
T  INDICATES TRACE AMOUNT.




$$
