000
CDUS43 KBIS 200734
CLIBIS


CLIMATE REPORT
NATIONAL WEATHER SERVICE BISMARCK ND
233 AM CDT THU SEP 20 2018


...................................

...THE BISMARCK ND CLIMATE SUMMARY FOR SEPTEMBER 19 2018...

CLIMATE NORMAL PERIOD 1981 TO 2010
CLIMATE RECORD PERIOD 1875 TO 2018


WEATHER ITEM   OBSERVED TIME   RECORD YEAR NORMAL DEPARTURE LAST
                VALUE   (LST)  VALUE       VALUE  FROM      YEAR
                                                  NORMAL
..................................................................
TEMPERATURE (F)
 YESTERDAY
  MAXIMUM         66    330 PM  94    1972  71     -5       76
                                      1941
                                      1895
  MINIMUM         45   1255 AM  22    1896  44      1       51
  AVERAGE         56                        57     -1       64

PRECIPITATION (IN)
  YESTERDAY        0.00          1.21 1996   0.05  -0.05     0.03
  MONTH TO DATE    1.10                      1.07   0.03     0.75
  SINCE SEP 1      1.10                      1.07   0.03     0.75
  SINCE JAN 1     14.02                     14.88  -0.86    12.39

SNOWFALL (IN)
  YESTERDAY        0.0           0.0  2002   0.0    0.0      0.0
                                      2001
  MONTH TO DATE    0.0                       0.1   -0.1      0.0
  SINCE SEP 1      0.0                       0.1   -0.1      0.0
  SINCE JUL 1      T                         0.1   -0.1       T
  SNOW DEPTH       0

DEGREE DAYS
 HEATING
  YESTERDAY        9                         9      0        1
  MONTH TO DATE   43                       109    -66       72
  SINCE SEP 1     43                       109    -66       72
  SINCE JUL 1     70                       164    -94       84

 COOLING
  YESTERDAY        0                         1     -1        0
  MONTH TO DATE   30                        34     -4       47
  SINCE SEP 1     30                        34     -4       47
  SINCE JAN 1    701                       515    186      613
..................................................................


WIND (MPH)
  HIGHEST WIND SPEED    18   HIGHEST WIND DIRECTION    NE (40)
  HIGHEST GUST SPEED    23   HIGHEST GUST DIRECTION    NE (50)
  AVERAGE WIND SPEED    10.4


SKY COVER
  POSSIBLE SUNSHINE  MM
  AVERAGE SKY COVER 0.4


WEATHER CONDITIONS
 THE FOLLOWING WEATHER WAS RECORDED YESTERDAY.
  NO SIGNIFICANT WEATHER WAS OBSERVED.


RELATIVE HUMIDITY (PERCENT)
 HIGHEST    93           700 AM
 LOWEST     48           300 PM
 AVERAGE    71

..........................................................


THE BISMARCK ND CLIMATE NORMALS FOR TODAY
                         NORMAL    RECORD    YEAR
 MAXIMUM TEMPERATURE (F)   70        97      1898
 MINIMUM TEMPERATURE (F)   43        25      1982


SUNRISE AND SUNSET
SEPTEMBER 20 2018.....SUNRISE   727 AM CDT   SUNSET   745 PM CDT
SEPTEMBER 21 2018.....SUNRISE   729 AM CDT   SUNSET   743 PM CDT


-  INDICATES NEGATIVE NUMBERS.
R  INDICATES RECORD WAS SET OR TIED.
MM INDICATES DATA IS MISSING.
T  INDICATES TRACE AMOUNT.




$$
