000
CDUS43 KBIS 180031
CLIBIS


CLIMATE REPORT
NATIONAL WEATHER SERVICE BISMARCK ND
731 PM CDT SUN JUN 17 2018


...................................

...THE BISMARCK ND CLIMATE SUMMARY FOR JUNE 17 2018...
VALID TODAY AS OF 0500 PM LOCAL TIME.

CLIMATE NORMAL PERIOD 1981 TO 2010
CLIMATE RECORD PERIOD 1875 TO 2018


WEATHER ITEM   OBSERVED TIME   RECORD YEAR NORMAL DEPARTURE LAST
                VALUE   (LST)  VALUE       VALUE  FROM      YEAR
                                                  NORMAL
..................................................................
TEMPERATURE (F)
 TODAY
  MAXIMUM         72   1253 PM 102    1933  78     -6       73
  MINIMUM         59    309 AM  38    1974  53      6       55
                                      1912
  AVERAGE         66                        65      1       64

PRECIPITATION (IN)
  TODAY            T             1.83 1944   0.12  -0.12     0.40
  MONTH TO DATE    2.18                      1.78   0.40     1.20
  SINCE JUN 1      2.18                      1.78   0.40     1.20
  SINCE JAN 1      6.72                      7.25  -0.53     4.33

SNOWFALL (IN)
  TODAY            0.0           T    2017
  MONTH TO DATE    0.0
  SINCE JUN 1      0.0
  SINCE JUL 1     44.1

DEGREE DAYS
 HEATING
  TODAY            0                         3     -3        1
  MONTH TO DATE    9                        70    -61        1
  SINCE JUN 1      9                        70    -61        1
  SINCE JUL 1   8544                      8535      9     7886

 COOLING
  TODAY            1                         3     -2        0
  MONTH TO DATE   83                        33     50       95
  SINCE JUN 1     83                        33     50       95
  SINCE JAN 1    155                        50    105      109
..................................................................


WIND (MPH)
  RESULTANT WIND SPEED  11   RESULTANT WIND DIRECTION   N (10)
  HIGHEST WIND SPEED    17   HIGHEST WIND DIRECTION    NE (30)
  HIGHEST GUST SPEED    21   HIGHEST GUST DIRECTION     N (20)
  AVERAGE WIND SPEED    10.9


SKY COVER
  POSSIBLE SUNSHINE  MM
  AVERAGE SKY COVER 0.8


WEATHER CONDITIONS
 THE FOLLOWING WEATHER WAS RECORDED TODAY.
  NO SIGNIFICANT WEATHER WAS OBSERVED.


RELATIVE HUMIDITY (PERCENT)
 HIGHEST    90           100 AM
 LOWEST     49           100 PM
 AVERAGE    70

..........................................................


THE BISMARCK ND CLIMATE NORMALS FOR TOMORROW
                         NORMAL    RECORD    YEAR
 MAXIMUM TEMPERATURE (F)   78       106      1933
 MINIMUM TEMPERATURE (F)   53        35      2004


SUNRISE AND SUNSET
JUNE 17 2018..........SUNRISE   548 AM CDT   SUNSET   940 PM CDT
JUNE 18 2018..........SUNRISE   548 AM CDT   SUNSET   940 PM CDT


-  INDICATES NEGATIVE NUMBERS.
R  INDICATES RECORD WAS SET OR TIED.
MM INDICATES DATA IS MISSING.
T  INDICATES TRACE AMOUNT.




$$
