000
CDUS43 KBIS 160019
CLIBIS


CLIMATE REPORT
NATIONAL WEATHER SERVICE BISMARCK ND
619 PM CST SAT DEC 15 2018


...................................

...THE BISMARCK ND CLIMATE SUMMARY FOR DECEMBER 15 2018...
VALID TODAY AS OF 0500 PM LOCAL TIME.

CLIMATE NORMAL PERIOD 1981 TO 2010
CLIMATE RECORD PERIOD 1875 TO 2018


WEATHER ITEM   OBSERVED TIME   RECORD YEAR NORMAL DEPARTURE LAST
                VALUE   (LST)  VALUE       VALUE  FROM      YEAR
                                                  NORMAL
..................................................................
TEMPERATURE (F)
 TODAY
  MAXIMUM         53    321 PM  57    1939  26     27       45
  MINIMUM         23    726 AM -30    1963   6     17       28
  AVERAGE         38                        16     22       37

PRECIPITATION (IN)
  TODAY            0.00          0.25 1893   0.02  -0.02      T
  MONTH TO DATE    T                         0.23  -0.23     0.13
  SINCE DEC 1      T                         0.23  -0.23     0.13
  SINCE JAN 1     17.81                     17.59   0.22    13.50

SNOWFALL (IN)
  TODAY            0.0           2.3  2005
  MONTH TO DATE    T
  SINCE DEC 1      T
  SINCE JUL 1      8.1

DEGREE DAYS
 HEATING
  TODAY           27                        49    -22       28
  MONTH TO DATE  580                       699   -119      492
  SINCE DEC 1    580                       699   -119      492
  SINCE JUL 1   2720                      2685     35     2231

 COOLING
  TODAY            0                         0      0        0
  MONTH TO DATE    0                         0      0        0
  SINCE DEC 1      0                         0      0        0
  SINCE JAN 1    701                       520    181      615
..................................................................


WIND (MPH)
  RESULTANT WIND SPEED   2   RESULTANT WIND DIRECTION   S (200)
  HIGHEST WIND SPEED    17   HIGHEST WIND DIRECTION     W (290)
  HIGHEST GUST SPEED    26   HIGHEST GUST DIRECTION     W (290)
  AVERAGE WIND SPEED     6.9


SKY COVER
  POSSIBLE SUNSHINE  MM
  AVERAGE SKY COVER 0.0


WEATHER CONDITIONS
 THE FOLLOWING WEATHER WAS RECORDED TODAY.
  NO SIGNIFICANT WEATHER WAS OBSERVED.


RELATIVE HUMIDITY (PERCENT)
 HIGHEST    88           900 AM
 LOWEST     41           300 PM
 AVERAGE    65

..........................................................


THE BISMARCK ND CLIMATE NORMALS FOR TOMORROW
                         NORMAL    RECORD    YEAR
 MAXIMUM TEMPERATURE (F)   26        59      1962
 MINIMUM TEMPERATURE (F)    6       -26      1914


SUNRISE AND SUNSET
DECEMBER 15 2018......SUNRISE   821 AM CST   SUNSET   455 PM CST
DECEMBER 16 2018......SUNRISE   822 AM CST   SUNSET   455 PM CST


-  INDICATES NEGATIVE NUMBERS.
R  INDICATES RECORD WAS SET OR TIED.
MM INDICATES DATA IS MISSING.
T  INDICATES TRACE AMOUNT.




$$
