000
CDUS41 KLWX 040524
CLIBWI

CLIMATE REPORT
NATIONAL WEATHER SERVICE BALTIMORE MD/WASHINGTON DC
124 AM EDT TUE OCT 04 2022

...................................

...THE BALTIMORE MD CLIMATE SUMMARY FOR OCTOBER 3 2022...

CLIMATE NORMAL PERIOD: 1991 TO 2020
CLIMATE RECORD PERIOD: 1871 TO 2022


WEATHER ITEM   OBSERVED TIME   RECORD YEAR NORMAL DEPARTURE LAST
                VALUE   (LST)  VALUE       VALUE  FROM      YEAR
                                                  NORMAL
...................................................................
TEMPERATURE (F)
 YESTERDAY
  MAXIMUM         55  12:35 PM  92    1919  73    -18       86
  MINIMUM         47   6:47 AM  34    1974  52     -5       57
  AVERAGE         51                        62    -11       72

PRECIPITATION (IN)
  YESTERDAY        0.59          1.40 1927   0.14   0.45     0.00
  MONTH TO DATE    2.02                      0.41   1.61     0.00
  SINCE SEP 1      5.37                      4.85   0.52     6.04
  SINCE JAN 1     37.30                     34.63   2.67    33.40

SNOWFALL (IN)
  YESTERDAY        0.0          MM      MM   0.0    0.0      0.0
  MONTH TO DATE    0.0                       0.0    0.0      0.0
  SINCE SEP 1      0.0                       0.0    0.0      0.0
  SINCE JUL 1      T                         0.0    0.0      0.0
  SNOW DEPTH       0

DEGREE DAYS
 HEATING
  YESTERDAY       14                         4     10        0
  MONTH TO DATE   28                        12     16        4
  SINCE SEP 1     52                        48      4       11
  SINCE JUL 1     52                        48      4       11

 COOLING
  YESTERDAY        0                         2     -2        7
  MONTH TO DATE    0                         6     -6        7
  SINCE SEP 1    200                       169     31      213
  SINCE JAN 1   1550                      1303    247     1621
...................................................................


WIND (MPH)
  HIGHEST WIND SPEED    20   HIGHEST WIND DIRECTION    NE (30)
  HIGHEST GUST SPEED    30   HIGHEST GUST DIRECTION    NE (30)
  AVERAGE WIND SPEED    10.2


SKY COVER
  AVERAGE SKY COVER 1.0


WEATHER CONDITIONS
THE FOLLOWING WEATHER WAS RECORDED YESTERDAY.
  LIGHT RAIN
  FOG


RELATIVE HUMIDITY (PERCENT)
 HIGHEST    89          11:00 PM
 LOWEST     62          12:00 PM
 AVERAGE    76

..........................................................


THE BALTIMORE MD CLIMATE NORMALS FOR TODAY
                         NORMAL    RECORD    YEAR
 MAXIMUM TEMPERATURE (F)   73        92      1954
 MINIMUM TEMPERATURE (F)   51        31      1974


SUNRISE AND SUNSET
OCTOBER  4 2022.......SUNRISE   7:06 AM EDT   SUNSET   6:44 PM EDT
OCTOBER  5 2022.......SUNRISE   7:07 AM EDT   SUNSET   6:43 PM EDT


-  INDICATES NEGATIVE NUMBERS.
R  INDICATES RECORD WAS SET OR TIED.
MM INDICATES DATA IS MISSING.
T  INDICATES TRACE AMOUNT.




$$
