000
CDUS41 KLWX 182134
CLIBWI


CLIMATE REPORT
NATIONAL WEATHER SERVICE BALTIMORE MD/WASHINGTON DC
532 PM EDT SAT AUG 18 2018


...................................

...THE BALTIMORE MD CLIMATE SUMMARY FOR AUGUST 18 2018...
VALID TODAY AS OF 0500 PM LOCAL TIME.

CLIMATE NORMAL PERIOD 1981 TO 2010
CLIMATE RECORD PERIOD 1871 TO 2018


WEATHER ITEM   OBSERVED TIME   RECORD YEAR NORMAL DEPARTURE LAST
                VALUE   (LST)  VALUE       VALUE  FROM      YEAR
                                                  NORMAL
..................................................................
TEMPERATURE (F)
 TODAY
  MAXIMUM         88    107 PM  96    2002  85      3       92
                                      1995
                                      1965
  MINIMUM         72    600 AM  51    1981  65      7       74
  AVERAGE         80                        75      5       83

PRECIPITATION (IN)
  TODAY            0.06          1.72 2011   0.11  -0.05     0.44
  MONTH TO DATE    1.94                      1.97  -0.03     3.78
  SINCE JUN 1     23.44                      9.50  13.94    12.29
  SINCE JAN 1     43.36                     26.53  16.83    29.42

SNOWFALL (IN)
  TODAY            0.0          MM      MM   0.0    0.0
  MONTH TO DATE    0.0                       0.0    0.0
  SINCE JUL 1      0.0                       0.0    0.0
  SNOW DEPTH       0

DEGREE DAYS
 HEATING
  TODAY            0                         0      0        0
  MONTH TO DATE    0                         0      0        0
  SINCE JUN 1      8                        15     -7       11
  SINCE JUL 1      0                         0      0        0

 COOLING
  TODAY           15                        10      5       18
  MONTH TO DATE  273                       196     77      177
  SINCE JUN 1    922                       806    116      889
  SINCE JAN 1   1111                       890    221      997
..................................................................


WIND (MPH)
  HIGHEST WIND SPEED    21   HIGHEST WIND DIRECTION     W (250)
  HIGHEST GUST SPEED    31   HIGHEST GUST DIRECTION     W (250)
  AVERAGE WIND SPEED     5.5


SKY COVER
  POSSIBLE SUNSHINE  MM
  AVERAGE SKY COVER 0.8


WEATHER CONDITIONS
 THE FOLLOWING WEATHER WAS RECORDED TODAY.
  THUNDERSTORM
  HEAVY RAIN
  LIGHT RAIN
  FOG


RELATIVE HUMIDITY (PERCENT)
 HIGHEST   100           400 AM
 LOWEST     59          1200 PM
 AVERAGE    80

..........................................................


THE BALTIMORE MD CLIMATE NORMALS FOR TOMORROW
                         NORMAL    RECORD    YEAR
 MAXIMUM TEMPERATURE (F)   85        97      1914
 MINIMUM TEMPERATURE (F)   65        52      1958


SUNRISE AND SUNSET
AUGUST 18 2018........SUNRISE   623 AM EDT   SUNSET   758 PM EDT
AUGUST 19 2018........SUNRISE   623 AM EDT   SUNSET   756 PM EDT


-  INDICATES NEGATIVE NUMBERS.
R  INDICATES RECORD WAS SET OR TIED.
MM INDICATES DATA IS MISSING.
T  INDICATES TRACE AMOUNT.




$$
