000
CDUS41 KLWX 222301
CLIBWI


CLIMATE REPORT
NATIONAL WEATHER SERVICE BALTIMORE MD/WASHINGTON DC
600 PM EST FRI FEB 22 2019


...................................

...THE BALTIMORE MD CLIMATE SUMMARY FOR FEBRUARY 22 2019...
VALID TODAY AS OF 0500 PM LOCAL TIME.

CLIMATE NORMAL PERIOD 1981 TO 2010
CLIMATE RECORD PERIOD 1871 TO 2019


WEATHER ITEM   OBSERVED TIME   RECORD YEAR NORMAL DEPARTURE LAST
                VALUE   (LST)  VALUE       VALUE  FROM      YEAR
                                                  NORMAL
..................................................................
TEMPERATURE (F)
 TODAY
  MAXIMUM         50    100 AM  74    1874  47      3       67
  MINIMUM         44    911 AM   7    1963  28     16       41
  AVERAGE         47                        37     10       54

PRECIPITATION (IN)
  TODAY            T             2.30 2003   0.11  -0.11     0.07
  MONTH TO DATE    3.01                      2.27   0.74     4.69
  SINCE DEC 1     12.70                      8.69   4.01     6.64
  SINCE JAN 1      6.16                      5.32   0.84     5.69

SNOWFALL (IN)
  TODAY            0.0           4.0  1987   0.2   -0.2
  MONTH TO DATE    6.1                       6.7   -0.6
  SINCE JUL 1     15.6                      16.9   -1.3
  SNOW DEPTH       0

DEGREE DAYS
 HEATING
  TODAY           18                        28    -10       11
  MONTH TO DATE  602                       657    -55      528
  SINCE DEC 1   2348                      2529   -181     2450
  SINCE JUL 1   3261                      3433   -172     3197

 COOLING
  TODAY            0                         0      0        0
  MONTH TO DATE    0                         0      0        1
  SINCE DEC 1      0                         0      0        1
  SINCE JAN 1      0                         0      0        1
..................................................................


WIND (MPH)
  HIGHEST WIND SPEED    12   HIGHEST WIND DIRECTION    NW (300)
  HIGHEST GUST SPEED    19   HIGHEST GUST DIRECTION     N (10)
  AVERAGE WIND SPEED     4.9


SKY COVER
  POSSIBLE SUNSHINE  MM
  AVERAGE SKY COVER 1.0


WEATHER CONDITIONS
 THE FOLLOWING WEATHER WAS RECORDED TODAY.
  NO SIGNIFICANT WEATHER WAS OBSERVED.


RELATIVE HUMIDITY (PERCENT)
 HIGHEST    49           900 AM
 LOWEST     42          1200 AM
 AVERAGE    46

..........................................................


THE BALTIMORE MD CLIMATE NORMALS FOR TOMORROW
                         NORMAL    RECORD    YEAR
 MAXIMUM TEMPERATURE (F)   47        78      1874
 MINIMUM TEMPERATURE (F)   28         5      1963


SUNRISE AND SUNSET
FEBRUARY 22 2019......SUNRISE   649 AM EST   SUNSET   551 PM EST
FEBRUARY 23 2019......SUNRISE   648 AM EST   SUNSET   552 PM EST


-  INDICATES NEGATIVE NUMBERS.
R  INDICATES RECORD WAS SET OR TIED.
MM INDICATES DATA IS MISSING.
T  INDICATES TRACE AMOUNT.




$$
