000
CDUS41 KLWX 222121
CLIBWI

CLIMATE REPORT
NATIONAL WEATHER SERVICE BALTIMORE MD/WASHINGTON DC
521 PM EDT THU OCT 22 2020

...................................

...THE BALTIMORE MD CLIMATE SUMMARY FOR OCTOBER 22 2020...
VALID TODAY AS OF 0500 PM LOCAL TIME.

CLIMATE NORMAL PERIOD: 1981 TO 2010
CLIMATE RECORD PERIOD: 1871 TO 2020


WEATHER ITEM   OBSERVED TIME   RECORD YEAR NORMAL DEPARTURE LAST
                VALUE   (LST)  VALUE       VALUE  FROM      YEAR
                                                  NORMAL
...................................................................
TEMPERATURE (F)
 TODAY
  MAXIMUM         78   3:59 PM  85    1920  65     13       63
                                      1979
  MINIMUM         59  12:18 AM  31    1952  43     16       55
  AVERAGE         69                        54     15       59

PRECIPITATION (IN)
  TODAY            0.00          2.04 1956   0.11  -0.11     0.72
  MONTH TO DATE    1.83                      2.38  -0.55     3.61
  SINCE SEP 1      6.31                      6.41  -0.10     3.77
  SINCE JAN 1     43.92                     34.26   9.66    30.86

SNOWFALL (IN)
  TODAY            0.0           T    2003   0.0    0.0      0.0
  MONTH TO DATE    0.0                       0.0    0.0      0.0
  SINCE SEP 1      0.0                       0.0    0.0      0.0
  SINCE JUL 1      0.0                       0.0    0.0      0.0
  SNOW DEPTH       0

DEGREE DAYS
 HEATING
  TODAY            0                        11    -11        6
  MONTH TO DATE   97                       181    -84       94
  SINCE SEP 1    142                       233    -91       97
  SINCE JUL 1    142                       234    -92       97

 COOLING
  TODAY            4                         0      4        0
  MONTH TO DATE   10                        15     -5       58
  SINCE SEP 1    178                       150     28      334
  SINCE JAN 1   1563                      1160    403     1756
...................................................................


WIND (MPH)
  HIGHEST WIND SPEED     8   HIGHEST WIND DIRECTION    SE (120)
  HIGHEST GUST SPEED    12   HIGHEST GUST DIRECTION     E (110)
  AVERAGE WIND SPEED     1.1


SKY COVER
  AVERAGE SKY COVER 0.7


WEATHER CONDITIONS
THE FOLLOWING WEATHER WAS RECORDED TODAY.
  FOG
  FOG W/VISIBILITY <= 1/4 MILE
  HAZE


RELATIVE HUMIDITY (PERCENT)
 HIGHEST    97           9:00 AM
 LOWEST     69           3:00 PM
 AVERAGE    83

..........................................................


THE BALTIMORE MD CLIMATE NORMALS FOR TOMORROW
                         NORMAL    RECORD    YEAR
 MAXIMUM TEMPERATURE (F)   65        91      1947
 MINIMUM TEMPERATURE (F)   43        28      1997


SUNRISE AND SUNSET
OCTOBER 22 2020.......SUNRISE   7:24 AM EDT   SUNSET   6:17 PM EDT
OCTOBER 23 2020.......SUNRISE   7:25 AM EDT   SUNSET   6:16 PM EDT


-  INDICATES NEGATIVE NUMBERS.
R  INDICATES RECORD WAS SET OR TIED.
MM INDICATES DATA IS MISSING.
T  INDICATES TRACE AMOUNT.




$$
