000
CDUS41 KLWX 180523
CLIBWI


CLIMATE REPORT
NATIONAL WEATHER SERVICE BALTIMORE MD/WASHINGTON DC
1223 AM EST SUN NOV 18 2018


...................................

...THE BALTIMORE MD CLIMATE SUMMARY FOR NOVEMBER 17 2018...

CLIMATE NORMAL PERIOD 1981 TO 2010
CLIMATE RECORD PERIOD 1871 TO 2018


WEATHER ITEM   OBSERVED TIME   RECORD YEAR NORMAL DEPARTURE LAST
                VALUE   (LST)  VALUE       VALUE  FROM      YEAR
                                                  NORMAL
..................................................................
TEMPERATURE (F)
 YESTERDAY
  MAXIMUM         49    314 PM  75    1928  56     -7       53
                                      1896
  MINIMUM         31   1158 PM  20    1996  36     -5       32
  AVERAGE         40                        46     -6       43

PRECIPITATION (IN)
  YESTERDAY        0.00          2.39 1935   0.12  -0.12     0.00
  MONTH TO DATE    6.04                      1.84   4.20     1.96
  SINCE SEP 1     17.92                      9.20   8.72     6.90
  SINCE JAN 1     63.18                     37.05  26.13    37.14

SNOWFALL (IN)
  YESTERDAY        0.0           1.0  1935   0.0    0.0
  MONTH TO DATE    1.7                       0.1    1.6
  SINCE JUL 1      1.7                       0.1    1.6
  SNOW DEPTH       0

DEGREE DAYS
 HEATING
  YESTERDAY       25                        19      6       22
  MONTH TO DATE  300                       279     21      296
  SINCE SEP 1    579                       625    -46      487
  SINCE JUL 1    579                       626    -47      487

 COOLING
  YESTERDAY        0                         0      0        0
  MONTH TO DATE    0                         0      0        0
  SINCE SEP 1    352                       153    199      224
  SINCE JAN 1   1615                      1163    452     1316
..................................................................


WIND (MPH)
  HIGHEST WIND SPEED    16   HIGHEST WIND DIRECTION     W (280)
  HIGHEST GUST SPEED    22   HIGHEST GUST DIRECTION     W (280)
  AVERAGE WIND SPEED     6.6


SKY COVER
  POSSIBLE SUNSHINE  MM
  AVERAGE SKY COVER 0.5


WEATHER CONDITIONS
 THE FOLLOWING WEATHER WAS RECORDED YESTERDAY.
  NO SIGNIFICANT WEATHER WAS OBSERVED.


RELATIVE HUMIDITY (PERCENT)
 HIGHEST    89           900 PM
 LOWEST     54           100 PM
 AVERAGE    72

..........................................................


THE BALTIMORE MD CLIMATE NORMALS FOR TODAY
                         NORMAL    RECORD    YEAR
 MAXIMUM TEMPERATURE (F)   56        78      1938
                                             1928
 MINIMUM TEMPERATURE (F)   36        20      1959


SUNRISE AND SUNSET
NOVEMBER 18 2018......SUNRISE   653 AM EST   SUNSET   450 PM EST
NOVEMBER 19 2018......SUNRISE   654 AM EST   SUNSET   449 PM EST


-  INDICATES NEGATIVE NUMBERS.
R  INDICATES RECORD WAS SET OR TIED.
MM INDICATES DATA IS MISSING.
T  INDICATES TRACE AMOUNT.




$$
