162
CDUS41 KLWX 240532
CLIBWI


CLIMATE REPORT
NATIONAL WEATHER SERVICE BALTIMORE MD/WASHINGTON DC
131 AM EDT THU MAY 24 2018


...................................

...THE BALTIMORE MD CLIMATE SUMMARY FOR MAY 23 2018...

CLIMATE NORMAL PERIOD 1981 TO 2010
CLIMATE RECORD PERIOD 1871 TO 2018


WEATHER ITEM   OBSERVED TIME   RECORD YEAR NORMAL DEPARTURE LAST
                VALUE   (LST)  VALUE       VALUE  FROM      YEAR
                                                  NORMAL
..................................................................
TEMPERATURE (F)
 YESTERDAY
  MAXIMUM         81    212 PM  98    1925  76      5       65
  MINIMUM         60   1147 PM  39    1961  54      6       55
  AVERAGE         71                        65      6       60

PRECIPITATION (IN)
  YESTERDAY        0.00          2.40 1989   0.14  -0.14     0.04
  MONTH TO DATE    5.94                      2.91   3.03     3.52
  SINCE MAR 1     11.39                     10.00   1.39    10.86
  SINCE JAN 1     17.69                     15.95   1.74    15.01

SNOWFALL (IN)
  YESTERDAY        0.0          MM      MM   0.0    0.0
  MONTH TO DATE    0.0                       0.0    0.0
  SINCE JUL 1     15.4                      20.1   -4.7
  SNOW DEPTH       0

DEGREE DAYS
 HEATING
  YESTERDAY        0                         3     -3        5
  MONTH TO DATE   18                       115    -97      125
  SINCE MAR 1   1181                      1135     46      954
  SINCE JUL 1   4493                      4730   -237     3845

 COOLING
  YESTERDAY        6                         3      3        0
  MONTH TO DATE  101                        40     61       45
  SINCE MAR 1    122                        54     68       94
  SINCE JAN 1    123                        54     69       94
..................................................................


WIND (MPH)
  HIGHEST WIND SPEED    21   HIGHEST WIND DIRECTION     N (340)
  HIGHEST GUST SPEED    28   HIGHEST GUST DIRECTION     N (350)
  AVERAGE WIND SPEED     7.0


SKY COVER
  POSSIBLE SUNSHINE  MM
  AVERAGE SKY COVER 0.5


WEATHER CONDITIONS
 THE FOLLOWING WEATHER WAS RECORDED YESTERDAY.
  FOG


RELATIVE HUMIDITY (PERCENT)
 HIGHEST   100          1200 AM
 LOWEST     48           100 PM
 AVERAGE    74

..........................................................


THE BALTIMORE MD CLIMATE NORMALS FOR TODAY
                         NORMAL    RECORD    YEAR
 MAXIMUM TEMPERATURE (F)   76        93      1933
 MINIMUM TEMPERATURE (F)   55        41      1963


SUNRISE AND SUNSET
MAY 24 2018...........SUNRISE   547 AM EDT   SUNSET   821 PM EDT
MAY 25 2018...........SUNRISE   546 AM EDT   SUNSET   822 PM EDT


-  INDICATES NEGATIVE NUMBERS.
R  INDICATES RECORD WAS SET OR TIED.
MM INDICATES DATA IS MISSING.
T  INDICATES TRACE AMOUNT.




$$
