040
CDUS41 KLWX 232134
CLIBWI


CLIMATE REPORT
NATIONAL WEATHER SERVICE BALTIMORE MD/WASHINGTON DC
534 PM EDT WED OCT 23 2019


...................................

...THE BALTIMORE MD CLIMATE SUMMARY FOR OCTOBER 23 2019...
VALID TODAY AS OF 0500 PM LOCAL TIME.

CLIMATE NORMAL PERIOD 1981 TO 2010
CLIMATE RECORD PERIOD 1871 TO 2019


WEATHER ITEM   OBSERVED TIME   RECORD YEAR NORMAL DEPARTURE LAST
                VALUE   (LST)  VALUE       VALUE  FROM      YEAR
                                                  NORMAL
..................................................................
TEMPERATURE (F)
 TODAY
  MAXIMUM         68    313 PM  91    1947  65      3       70
  MINIMUM         50    711 AM  28    1997  43      7       42
  AVERAGE         59                        54      5       56

PRECIPITATION (IN)
  TODAY            0.00          2.71 1890   0.10  -0.10     0.00
  MONTH TO DATE    3.61                      2.48   1.13     1.27
  SINCE SEP 1      3.77                      6.51  -2.74    10.46
  SINCE JAN 1     30.86                     34.36  -3.50    55.72

SNOWFALL (IN)
  TODAY            0.0          MM      MM   0.0    0.0
  MONTH TO DATE    0.0                       0.0    0.0
  SINCE JUL 1      0.0                       0.0    0.0
  SNOW DEPTH       0

DEGREE DAYS
 HEATING
  TODAY            6                        11     -5        9
  MONTH TO DATE  100                       192    -92      138
  SINCE SEP 1    103                       244   -141      148
  SINCE JUL 1    103                       245   -142      148

 COOLING
  TODAY            0                         0      0        0
  MONTH TO DATE   58                        15     43       96
  SINCE SEP 1    334                       150    184      352
  SINCE JAN 1   1756                      1160    596     1615
..................................................................


WIND (MPH)
  HIGHEST WIND SPEED    22   HIGHEST WIND DIRECTION     W (290)
  HIGHEST GUST SPEED    27   HIGHEST GUST DIRECTION     W (290)
  AVERAGE WIND SPEED     9.3


SKY COVER
  POSSIBLE SUNSHINE  MM
  AVERAGE SKY COVER 0.1


WEATHER CONDITIONS
 THE FOLLOWING WEATHER WAS RECORDED TODAY.
  NO SIGNIFICANT WEATHER WAS OBSERVED.


RELATIVE HUMIDITY (PERCENT)
 HIGHEST   100           100 AM
 LOWEST     30           300 PM
 AVERAGE    65

..........................................................


THE BALTIMORE MD CLIMATE NORMALS FOR TOMORROW
                         NORMAL    RECORD    YEAR
 MAXIMUM TEMPERATURE (F)   64        82      2001
 MINIMUM TEMPERATURE (F)   43        25      1969


SUNRISE AND SUNSET
OCTOBER 23 2019.......SUNRISE   724 AM EDT   SUNSET   617 PM EDT
OCTOBER 24 2019.......SUNRISE   725 AM EDT   SUNSET   616 PM EDT


-  INDICATES NEGATIVE NUMBERS.
R  INDICATES RECORD WAS SET OR TIED.
MM INDICATES DATA IS MISSING.
T  INDICATES TRACE AMOUNT.




$$
