000
CDUS41 KLWX 200522
CLIBWI

CLIMATE REPORT
NATIONAL WEATHER SERVICE BALTIMORE MD/WASHINGTON DC
122 AM EDT WED OCT 20 2021

...................................

...THE BALTIMORE MD CLIMATE SUMMARY FOR OCTOBER 19 2021...

CLIMATE NORMAL PERIOD: 1991 TO 2020
CLIMATE RECORD PERIOD: 1871 TO 2021


WEATHER ITEM   OBSERVED TIME   RECORD YEAR NORMAL DEPARTURE LAST
                VALUE   (LST)  VALUE       VALUE  FROM      YEAR
                                                  NORMAL
...................................................................
TEMPERATURE (F)
 YESTERDAY
  MAXIMUM         74   3:07 PM  87    2016  67      7       72
  MINIMUM         43   5:30 AM  29    2015  45     -2       49
  AVERAGE         59                        56      3       61

PRECIPITATION (IN)
  YESTERDAY        0.00          2.58 1966   0.12  -0.12     0.00
  MONTH TO DATE    0.24                      2.47  -2.23     1.83
  SINCE SEP 1      6.28                      6.91  -0.63     6.31
  SINCE JAN 1     33.64                     36.69  -3.05    43.92

SNOWFALL (IN)
  YESTERDAY        0.0           0.4  1940   0.0    0.0      0.0
  MONTH TO DATE    0.0                       0.0    0.0      0.0
  SINCE SEP 1      0.0                       0.0    0.0      0.0
  SINCE JUL 1      0.0                       0.0    0.0      0.0
  SNOW DEPTH       0

DEGREE DAYS
 HEATING
  YESTERDAY        6                         9     -3        4
  MONTH TO DATE   24                       122    -98       97
  SINCE SEP 1     31                       158   -127      142
  SINCE JUL 1     31                       158   -127      142

 COOLING
  YESTERDAY        0                         0      0        0
  MONTH TO DATE   74                        21     53        3
  SINCE SEP 1    280                       184     96      171
  SINCE JAN 1   1688                      1318    370     1556
...................................................................


WIND (MPH)
  HIGHEST WIND SPEED    20   HIGHEST WIND DIRECTION     W (290)
  HIGHEST GUST SPEED    30   HIGHEST GUST DIRECTION    NW (300)
  AVERAGE WIND SPEED     8.4


SKY COVER
  AVERAGE SKY COVER 0.0


WEATHER CONDITIONS
THE FOLLOWING WEATHER WAS RECORDED YESTERDAY.
  NO SIGNIFICANT WEATHER WAS OBSERVED.


RELATIVE HUMIDITY (PERCENT)
 HIGHEST    82           2:00 AM
 LOWEST     33           1:00 PM
 AVERAGE    58

..........................................................


THE BALTIMORE MD CLIMATE NORMALS FOR TODAY
                         NORMAL    RECORD    YEAR
 MAXIMUM TEMPERATURE (F)   67        87      1969
 MINIMUM TEMPERATURE (F)   45        28      1972
                                             1981
                                             1992


SUNRISE AND SUNSET
OCTOBER 20 2021.......SUNRISE   7:22 AM EDT   SUNSET   6:20 PM EDT
OCTOBER 21 2021.......SUNRISE   7:23 AM EDT   SUNSET   6:19 PM EDT


-  INDICATES NEGATIVE NUMBERS.
R  INDICATES RECORD WAS SET OR TIED.
MM INDICATES DATA IS MISSING.
T  INDICATES TRACE AMOUNT.




$$
