000
CDUS41 KLWX 250529
CLIBWI

CLIMATE REPORT
NATIONAL WEATHER SERVICE BALTIMORE MD/WASHINGTON DC
1229 AM EST WED NOV 25 2020

...................................

...THE BALTIMORE MD CLIMATE SUMMARY FOR NOVEMBER 24 2020...

CLIMATE NORMAL PERIOD: 1981 TO 2010
CLIMATE RECORD PERIOD: 1871 TO 2020


WEATHER ITEM   OBSERVED TIME   RECORD YEAR NORMAL DEPARTURE LAST
                VALUE   (LST)  VALUE       VALUE  FROM      YEAR
                                                  NORMAL
...................................................................
TEMPERATURE (F)
 YESTERDAY
  MAXIMUM         52   3:23 PM  73    1979  53     -1       52
  MINIMUM         34   6:36 AM  17    1880  34      0       38
                                      1956
                                      1989
  AVERAGE         43                        44     -1       45

PRECIPITATION (IN)
  YESTERDAY        0.00          2.82 1877   0.11  -0.11     0.46
  MONTH TO DATE    3.52                      2.62   0.90     1.09
  SINCE SEP 1     12.36                      9.98   2.38     7.46
  SINCE JAN 1     49.97                     37.83  12.14    34.55

SNOWFALL (IN)
  YESTERDAY        0.0           5.0  1938   0.0    0.0      0.0
  MONTH TO DATE    0.0                       0.2   -0.2       T
  SINCE SEP 1      0.0                       0.2   -0.2       T
  SINCE JUL 1      0.0                       0.2   -0.2       T
  SNOW DEPTH       0

DEGREE DAYS
 HEATING
  YESTERDAY       22                        21      1       20
  MONTH TO DATE  295                       421   -126      500
  SINCE SEP 1    512                       767   -255      646
  SINCE JUL 1    512                       768   -256      646

 COOLING
  YESTERDAY        0                         0      0        0
  MONTH TO DATE    0                         0      0        0
  SINCE SEP 1    183                       153     30      336
  SINCE JAN 1   1568                      1163    405     1758
...................................................................


WIND (MPH)
  HIGHEST WIND SPEED     9   HIGHEST WIND DIRECTION     N (10)
  HIGHEST GUST SPEED    17   HIGHEST GUST DIRECTION    NE (30)
  AVERAGE WIND SPEED     3.6


SKY COVER
  AVERAGE SKY COVER 0.5


WEATHER CONDITIONS
THE FOLLOWING WEATHER WAS RECORDED YESTERDAY.
  NO SIGNIFICANT WEATHER WAS OBSERVED.


RELATIVE HUMIDITY (PERCENT)
 HIGHEST    72           6:00 AM
 LOWEST     35           2:00 PM
 AVERAGE    54

..........................................................


THE BALTIMORE MD CLIMATE NORMALS FOR TODAY
                         NORMAL    RECORD    YEAR
 MAXIMUM TEMPERATURE (F)   53        75      1973
 MINIMUM TEMPERATURE (F)   34        18      1950
                                             1956


SUNRISE AND SUNSET
NOVEMBER 25 2020......SUNRISE   7:01 AM EST   SUNSET   4:46 PM EST
NOVEMBER 26 2020......SUNRISE   7:02 AM EST   SUNSET   4:46 PM EST


-  INDICATES NEGATIVE NUMBERS.
R  INDICATES RECORD WAS SET OR TIED.
MM INDICATES DATA IS MISSING.
T  INDICATES TRACE AMOUNT.




$$
