000
CDUS41 KLWX 190526
CLIBWI


CLIMATE REPORT
NATIONAL WEATHER SERVICE BALTIMORE MD/WASHINGTON DC
1223 AM EST TUE FEB 19 2019


...................................

...THE BALTIMORE MD CLIMATE SUMMARY FOR FEBRUARY 18 2019...

CLIMATE NORMAL PERIOD 1981 TO 2010
CLIMATE RECORD PERIOD 1871 TO 2019


WEATHER ITEM   OBSERVED TIME   RECORD YEAR NORMAL DEPARTURE LAST
                VALUE   (LST)  VALUE       VALUE  FROM      YEAR
                                                  NORMAL
..................................................................
TEMPERATURE (F)
 YESTERDAY
  MAXIMUM         48   1241 PM  75    1976  46      2       48
  MINIMUM         33   1159 PM   3    1979  27      6       30
  AVERAGE         41                        36      5       39

PRECIPITATION (IN)
  YESTERDAY        0.28          1.60 1887   0.10   0.18     0.00
  MONTH TO DATE    2.27                      1.85   0.42     4.61
  SINCE DEC 1     11.96                      8.27   3.69     6.56
  SINCE JAN 1      5.42                      4.90   0.52     5.61

SNOWFALL (IN)
  YESTERDAY        0.0           5.7  1964   0.2   -0.2
  MONTH TO DATE    1.6                       5.6   -4.0
  SINCE JUL 1     11.1                      15.8   -4.7
  SNOW DEPTH       0

DEGREE DAYS
 HEATING
  YESTERDAY       24                        29     -5       26
  MONTH TO DATE  498                       544    -46      489
  SINCE DEC 1   2244                      2416   -172     2411
  SINCE JUL 1   3157                      3320   -163     3158

 COOLING
  YESTERDAY        0                         0      0        0
  MONTH TO DATE    0                         0      0        0
  SINCE DEC 1      0                         0      0        0
  SINCE JAN 1      0                         0      0        0
..................................................................


WIND (MPH)
  HIGHEST WIND SPEED    31   HIGHEST WIND DIRECTION     W (290)
  HIGHEST GUST SPEED    39   HIGHEST GUST DIRECTION    NW (300)
  AVERAGE WIND SPEED    10.4


SKY COVER
  POSSIBLE SUNSHINE  MM
  AVERAGE SKY COVER 0.9


WEATHER CONDITIONS
 THE FOLLOWING WEATHER WAS RECORDED YESTERDAY.
  LIGHT RAIN
  FOG


RELATIVE HUMIDITY (PERCENT)
 HIGHEST   100          1200 AM
 LOWEST     45           400 PM
 AVERAGE    73

..........................................................


THE BALTIMORE MD CLIMATE NORMALS FOR TODAY
                         NORMAL    RECORD    YEAR
 MAXIMUM TEMPERATURE (F)   46        72      1997
 MINIMUM TEMPERATURE (F)   27         5      1903


SUNRISE AND SUNSET
FEBRUARY 19 2019......SUNRISE   653 AM EST   SUNSET   548 PM EST
FEBRUARY 20 2019......SUNRISE   652 AM EST   SUNSET   549 PM EST


-  INDICATES NEGATIVE NUMBERS.
R  INDICATES RECORD WAS SET OR TIED.
MM INDICATES DATA IS MISSING.
T  INDICATES TRACE AMOUNT.




$$
