000
CDUS41 KLWX 120523
CLIBWI

CLIMATE REPORT
NATIONAL WEATHER SERVICE BALTIMORE MD/WASHINGTON DC
123 AM EDT FRI APR 12 2024

...................................

...THE BALTIMORE MD CLIMATE SUMMARY FOR APRIL 11 2024...

CLIMATE NORMAL PERIOD: 1991 TO 2020
CLIMATE RECORD PERIOD: 1871 TO 2024


WEATHER ITEM   OBSERVED TIME   RECORD YEAR NORMAL DEPARTURE LAST
                VALUE   (LST)  VALUE       VALUE  FROM      YEAR
                                                  NORMAL
...................................................................
TEMPERATURE (F)
 YESTERDAY
  MAXIMUM         73   1:11 PM  87    2017  65      8       78
  MINIMUM         61   6:47 AM  26    1960  42     19       44
  AVERAGE         67                        54     13       61

PRECIPITATION (IN)
  YESTERDAY        0.02          1.64 1919   0.12  -0.10     0.00
  MONTH TO DATE    2.90                      1.25   1.65     0.59
  SINCE MAR 1      8.44                      5.26   3.18     2.08
  SINCE JAN 1     17.05                     11.24   5.81     5.94

SNOWFALL (IN)
  YESTERDAY        0.0           2.0  1894   0.0    0.0      0.0
  MONTH TO DATE    0.0                       0.0    0.0      0.0
  SINCE MAR 1      T                         2.8   -2.8       T
  SINCE JUL 1     11.3                      19.3   -8.0      0.2
  SNOW DEPTH       0

DEGREE DAYS
 HEATING
  YESTERDAY        0                        12    -12        4
  MONTH TO DATE  131                       151    -20       96
  SINCE MAR 1    619                       793   -174      653
  SINCE JUL 1   3508                      4198   -690     3465

 COOLING
  YESTERDAY        2                         0      2        0
  MONTH TO DATE    4                         0      4       13
  SINCE MAR 1      4                         2      2       14
  SINCE JAN 1      4                         2      2       14
...................................................................


WIND (MPH)
  HIGHEST WIND SPEED    21   HIGHEST WIND DIRECTION    SE (130)
  HIGHEST GUST SPEED    38   HIGHEST GUST DIRECTION    SE (130)
  AVERAGE WIND SPEED    10.0


SKY COVER
  AVERAGE SKY COVER 1.0


WEATHER CONDITIONS
THE FOLLOWING WEATHER WAS RECORDED YESTERDAY.
  THUNDERSTORM
  LIGHT RAIN
  FOG


RELATIVE HUMIDITY (PERCENT)
 HIGHEST    90           4:00 PM
 LOWEST     68          11:00 AM
 AVERAGE    79

..........................................................


THE BALTIMORE MD CLIMATE NORMALS FOR TODAY
                         NORMAL    RECORD    YEAR
 MAXIMUM TEMPERATURE (F)   65        88      1977
 MINIMUM TEMPERATURE (F)   42        27      1874


SUNRISE AND SUNSET
APRIL 12 2024.........SUNRISE   6:33 AM EDT   SUNSET   7:42 PM EDT
APRIL 13 2024.........SUNRISE   6:32 AM EDT   SUNSET   7:43 PM EDT


-  INDICATES NEGATIVE NUMBERS.
R  INDICATES RECORD WAS SET OR TIED.
MM INDICATES DATA IS MISSING.
T  INDICATES TRACE AMOUNT.




$$
