000
CDUS45 KGJT 220749
CLICAG


CLIMATE REPORT
NATIONAL WEATHER SERVICE GRAND JUNCTION CO
148 AM MDT SUN JUL 22 2018


...................................

...THE CRAIG CO CLIMATE SUMMARY FOR JULY 21 2018...

CLIMATE NORMAL PERIOD 1981 TO 2010
CLIMATE RECORD PERIOD 9999 TO 9999


WEATHER ITEM   OBSERVED TIME   RECORD YEAR NORMAL DEPARTURE LAST
                VALUE   (LST)  VALUE       VALUE  FROM      YEAR
                                                  NORMAL
..................................................................
TEMPERATURE (F)
 YESTERDAY
  MAXIMUM         96   1239 PM  MM      MM  89      7       90
  MINIMUM         61    430 AM  MM      MM  47     14       57
  AVERAGE         79                        68     11       74

PRECIPITATION (IN)
  YESTERDAY       MM            MM      MM   0.03  MM        0.47
  MONTH TO DATE    0.01                      0.71  -0.70     0.68
  SINCE JUN 1      0.12                      2.03  -1.91     1.07
  SINCE JAN 1      6.29                      8.22  -1.93     8.86

SNOWFALL (IN)
  YESTERDAY       MM            MM      MM  MM     MM       MM
  MONTH TO DATE   MM                        MM     MM       MM
  SINCE JUN 1     MM                        MM     MM       MM
  SINCE JUL 1     MM                        MM     MM       MM
  SNOW DEPTH      MM

DEGREE DAYS
 HEATING
  YESTERDAY        0                         0      0        0
  MONTH TO DATE    3                        20    -17        3
  SINCE JUN 1     75                       195   -120       94
  SINCE JUL 1      3                        20    -17        3

 COOLING
  YESTERDAY       14                         3     11        9
  MONTH TO DATE  161                        46    115      136
  SINCE JUN 1    187                        56    131      165
  SINCE JAN 1    187                        56    131      165
..................................................................


WIND (MPH)
  HIGHEST WIND SPEED    36   HIGHEST WIND DIRECTION    SW (220)
  HIGHEST GUST SPEED    46   HIGHEST GUST DIRECTION    SW (220)
  AVERAGE WIND SPEED     5.9


SKY COVER
  POSSIBLE SUNSHINE  MM
  AVERAGE SKY COVER 0.1


WEATHER CONDITIONS
 THE FOLLOWING WEATHER WAS RECORDED YESTERDAY.
  NO SIGNIFICANT WEATHER WAS OBSERVED.


RELATIVE HUMIDITY (PERCENT)
 HIGHEST    84          1100 PM
 LOWEST     16           400 PM
 AVERAGE    50

..........................................................


THE CRAIG CO CLIMATE NORMALS FOR TODAY
                         NORMAL    RECORD    YEAR
 MAXIMUM TEMPERATURE (F)   89        MM        MM
 MINIMUM TEMPERATURE (F)   47        MM        MM


SUNRISE AND SUNSET
JULY 22 2018..........SUNRISE   558 AM MDT   SUNSET   834 PM MDT
JULY 23 2018..........SUNRISE   559 AM MDT   SUNSET   834 PM MDT


-  INDICATES NEGATIVE NUMBERS.
R  INDICATES RECORD WAS SET OR TIED.
MM INDICATES DATA IS MISSING.
T  INDICATES TRACE AMOUNT.




$$
