000
CDUS41 KCLE 120529
CLICAK

CLIMATE REPORT
NATIONAL WEATHER SERVICE CLEVELAND, OH
129 AM EDT WED AUG 12 2020

...................................

...THE AKRON CANTON OH CLIMATE SUMMARY FOR AUGUST 11 2020...

CLIMATE NORMAL PERIOD 1981 TO 2010
CLIMATE RECORD PERIOD 1887 TO 2020


WEATHER ITEM   OBSERVED TIME   RECORD YEAR NORMAL DEPARTURE LAST
                VALUE   (LST)  VALUE       VALUE  FROM      YEAR
                                                  NORMAL
...................................................................
TEMPERATURE (F)
 YESTERDAY
  MAXIMUM         88    318 PM  96    1918  81      7       83
                                      1944
  MINIMUM         70   1159 PM  49    1919  61      9       60
                                      1965
  AVERAGE         79                        71      8       72

PRECIPITATION (IN)
  YESTERDAY        0.00                      0.11  -0.11     0.00
  MONTH TO DATE    0.91                      1.32  -0.41     0.36
  SINCE JUN 1      5.70                      9.23  -3.53    15.78
  SINCE JAN 1     24.23                     24.96  -0.73    32.38

SNOWFALL (IN)
  YESTERDAY        0.0                       0.0    0.0      0.0
  MONTH TO DATE    0.0                       0.0    0.0      0.0
  SINCE JUN 1      0.0                       0.0    0.0      0.0
  SINCE JUL 1      0.0                       0.0    0.0      0.0
  SNOW DEPTH       0

DEGREE DAYS
 HEATING
  YESTERDAY        0                         0      0        0
  MONTH TO DATE    0                         0      0        0
  SINCE JUN 1     15                        55    -40       25
  SINCE JUL 1      0                         6     -6        0

 COOLING
  YESTERDAY       14                         6      8        7
  MONTH TO DATE   88                        75     13      101
  SINCE JUN 1    704                       432    272      633
  SINCE JAN 1    774                       474    300      717
...................................................................


WIND (MPH)
  HIGHEST WIND SPEED    17   HIGHEST WIND DIRECTION     W (270)
  HIGHEST GUST SPEED    30   HIGHEST GUST DIRECTION    NW (320)
  AVERAGE WIND SPEED     7.1


SKY COVER
  POSSIBLE SUNSHINE  MM
  AVERAGE SKY COVER 0.5


WEATHER CONDITIONS
THE FOLLOWING WEATHER WAS RECORDED YESTERDAY.
  NO SIGNIFICANT WEATHER WAS OBSERVED.


RELATIVE HUMIDITY (PERCENT)
 HIGHEST    82           300 AM
 LOWEST     51           400 PM
 AVERAGE    67

..........................................................


THE AKRON CANTON OH CLIMATE NORMALS FOR TODAY
                         NORMAL    RECORD    YEAR
 MAXIMUM TEMPERATURE (F)   81        93      1944
                                             1947
 MINIMUM TEMPERATURE (F)   61        48      1889
                                             1930
                                             1967


SUNRISE AND SUNSET
AUGUST 12 2020........SUNRISE   633 AM EDT   SUNSET   827 PM EDT
AUGUST 13 2020........SUNRISE   634 AM EDT   SUNSET   826 PM EDT


-  INDICATES NEGATIVE NUMBERS.
R  INDICATES RECORD WAS SET OR TIED.
MM INDICATES DATA IS MISSING.
T  INDICATES TRACE AMOUNT.




$$
