000
CDUS41 KCLE 180528
CLICAK


CLIMATE REPORT
NATIONAL WEATHER SERVICE CLEVELAND OH
126 AM EDT MON JUN 18 2018


...................................

...THE AKRON CANTON OH CLIMATE SUMMARY FOR JUNE 17 2018...

CLIMATE NORMAL PERIOD 1981 TO 2010
CLIMATE RECORD PERIOD 1887 TO 2018


WEATHER ITEM   OBSERVED TIME   RECORD YEAR NORMAL DEPARTURE LAST
                VALUE   (LST)  VALUE       VALUE  FROM      YEAR
                                                  NORMAL
..................................................................
TEMPERATURE (F)
 YESTERDAY
  MAXIMUM         94R   353 PM  94    1957  79     15       90
  MINIMUM         66    514 AM  40    1980  58      8       69
  AVERAGE         80                        68     12       80

PRECIPITATION (IN)
  YESTERDAY        0.00                      0.13  -0.13     0.00
  MONTH TO DATE    1.50                      2.16  -0.66     0.64
  SINCE JUN 1      1.50                      2.16  -0.66     0.64
  SINCE JAN 1     21.87                     17.89   3.98    26.76

SNOWFALL (IN)
  YESTERDAY        0.0                       0.0    0.0      0.0
  MONTH TO DATE    0.0                       0.0    0.0      0.0
  SINCE JUN 1      0.0                       0.0    0.0      0.0
  SINCE JUL 1     53.3                      47.5    5.8     37.2
  SNOW DEPTH       0

DEGREE DAYS
 HEATING
  YESTERDAY        0                         1     -1        0
  MONTH TO DATE   17                        40    -23       18
  SINCE JUN 1     17                        40    -23       18
  SINCE JUL 1   5739                      6141   -402     4891

 COOLING
  YESTERDAY       15                         5     10       15
  MONTH TO DATE   88                        59     29      115
  SINCE JUN 1     88                        59     29      115
  SINCE JAN 1    239                       101    138      179
..................................................................


WIND (MPH)
  HIGHEST WIND SPEED     9   HIGHEST WIND DIRECTION    SW (240)
  HIGHEST GUST SPEED    12   HIGHEST GUST DIRECTION    SW (220)
  AVERAGE WIND SPEED     3.3


SKY COVER
  POSSIBLE SUNSHINE  MM
  AVERAGE SKY COVER 0.5


WEATHER CONDITIONS
 THE FOLLOWING WEATHER WAS RECORDED YESTERDAY.
  FOG
  FOG W/VISIBILITY <= 1/4 MILE
  HAZE


RELATIVE HUMIDITY (PERCENT)
 HIGHEST    93           500 AM
 LOWEST     46           400 PM
 AVERAGE    70

..........................................................


THE AKRON CANTON OH CLIMATE NORMALS FOR TODAY
                         NORMAL    RECORD    YEAR
 MAXIMUM TEMPERATURE (F)   79        96      1944
 MINIMUM TEMPERATURE (F)   59        39      1950


SUNRISE AND SUNSET
JUNE 18 2018..........SUNRISE   554 AM EDT   SUNSET   900 PM EDT
JUNE 19 2018..........SUNRISE   554 AM EDT   SUNSET   901 PM EDT


-  INDICATES NEGATIVE NUMBERS.
R  INDICATES RECORD WAS SET OR TIED.
MM INDICATES DATA IS MISSING.
T  INDICATES TRACE AMOUNT.




$$
