000
CDUS41 KCLE 160533
CLICAK


CLIMATE REPORT
NATIONAL WEATHER SERVICE CLEVELAND OH
1231 AM EST SUN DEC 16 2018


...................................

...THE AKRON CANTON OH CLIMATE SUMMARY FOR DECEMBER 15 2018...

CLIMATE NORMAL PERIOD 1981 TO 2010
CLIMATE RECORD PERIOD 1887 TO 2018


WEATHER ITEM   OBSERVED TIME   RECORD YEAR NORMAL DEPARTURE LAST
                VALUE   (LST)  VALUE       VALUE  FROM      YEAR
                                                  NORMAL
..................................................................
TEMPERATURE (F)
 YESTERDAY
  MAXIMUM         48    152 PM  63    1971  37     11       27
  MINIMUM         42   1159 PM  -5    1914  24     18        9
  AVERAGE         45                        30     15       18

PRECIPITATION (IN)
  YESTERDAY        0.39                      0.09   0.30     0.01
  MONTH TO DATE    1.05                      1.45  -0.40     0.70
  SINCE DEC 1      1.05                      1.45  -0.40     0.70
  SINCE JAN 1     46.13                     38.23   7.90    47.28

SNOWFALL (IN)
  YESTERDAY        0.0                       0.4   -0.4      0.1
  MONTH TO DATE    2.2                       4.5   -2.3      8.2
  SINCE DEC 1      2.2                       4.5   -2.3      8.2
  SINCE JUL 1      7.9                       7.9    0.0      8.3
  SNOW DEPTH       0

DEGREE DAYS
 HEATING
  YESTERDAY       20                        35    -15       47
  MONTH TO DATE  449                       484    -35      510
  SINCE DEC 1    449                       484    -35      510
  SINCE JUL 1   1722                      1743    -21     1500

 COOLING
  YESTERDAY        0                         0      0        0
  MONTH TO DATE    0                         0      0        0
  SINCE DEC 1      0                         0      0        0
  SINCE JAN 1   1289                       652    637      926
..................................................................


WIND (MPH)
  HIGHEST WIND SPEED    21   HIGHEST WIND DIRECTION    NE (60)
  HIGHEST GUST SPEED    27   HIGHEST GUST DIRECTION    NE (50)
  AVERAGE WIND SPEED    12.7


SKY COVER
  POSSIBLE SUNSHINE  MM
  AVERAGE SKY COVER 1.0


WEATHER CONDITIONS
 THE FOLLOWING WEATHER WAS RECORDED YESTERDAY.
  RAIN
  LIGHT RAIN
  FOG
  HAZE


RELATIVE HUMIDITY (PERCENT)
 HIGHEST    89           400 PM
 LOWEST     66           100 PM
 AVERAGE    78

..........................................................


THE AKRON CANTON OH CLIMATE NORMALS FOR TODAY
                         NORMAL    RECORD    YEAR
 MAXIMUM TEMPERATURE (F)   37        62      1984
 MINIMUM TEMPERATURE (F)   24       -11      1951


SUNRISE AND SUNSET
DECEMBER 16 2018......SUNRISE   744 AM EST   SUNSET   459 PM EST
DECEMBER 17 2018......SUNRISE   745 AM EST   SUNSET   459 PM EST


-  INDICATES NEGATIVE NUMBERS.
R  INDICATES RECORD WAS SET OR TIED.
MM INDICATES DATA IS MISSING.
T  INDICATES TRACE AMOUNT.




$$
