000
CDUS45 KSLC 301232
CLICDC


CLIMATE REPORT
NATIONAL WEATHER SERVICE SALT LAKE CITY UT
632 AM MDT FRI OCT 30 2020


...................................

...THE CEDAR CITY UT CLIMATE SUMMARY FOR OCTOBER 29 2020...

CLIMATE NORMAL PERIOD 1981 TO 2010
CLIMATE RECORD PERIOD 1928 TO 2020


WEATHER ITEM   OBSERVED TIME   RECORD YEAR NORMAL DEPARTURE LAST
                VALUE   (LST)  VALUE       VALUE  FROM      YEAR
                                                  NORMAL
..................................................................
TEMPERATURE (F)
 YESTERDAY
  MAXIMUM         65    401 PM  77    2008  60      5       44
  MINIMUM         25    648 AM   7    1971  30     -5       13
  AVERAGE         45                        45      0       29

PRECIPITATION (IN)
  YESTERDAY        0.00          0.70 1972   0.05  -0.05     0.00
  MONTH TO DATE    T                         1.25  -1.25     0.06
  SINCE OCT 1      T                         1.25  -1.25     0.06
  SINCE JAN 1      4.04                      9.45  -5.41     9.35

DEGREE DAYS
 HEATING
  YESTERDAY       20                        20      0       36
  MONTH TO DATE  314                       434   -120      580
  SINCE SEP 1    398                       568   -170      695
  SINCE JUL 1    398                       577   -179      695

 COOLING
  YESTERDAY        0                         0      0        0
  MONTH TO DATE    0                         0      0        0
  SINCE SEP 1     97                        39     58       72
  SINCE JAN 1    968                       588    380      669
..................................................................


WIND (MPH)
  RESULTANT WIND SPEED   1   RESULTANT WIND DIRECTION  NE (60)
  HIGHEST WIND SPEED    10   HIGHEST WIND DIRECTION    NE (30)
  HIGHEST GUST SPEED    12   HIGHEST GUST DIRECTION    NE (30)
  AVERAGE WIND SPEED     1.3



WEATHER CONDITIONS
 THE FOLLOWING WEATHER WAS RECORDED YESTERDAY.
  NO SIGNIFICANT WEATHER WAS OBSERVED.


RELATIVE HUMIDITY (PERCENT)
 HIGHEST    60           700 AM
 LOWEST     15           300 PM
 AVERAGE    38

..........................................................


THE CEDAR CITY UT CLIMATE NORMALS FOR TODAY
                         NORMAL    RECORD    YEAR
 MAXIMUM TEMPERATURE (F)   60        75      2008
 MINIMUM TEMPERATURE (F)   29        -7      1971


SUNRISE AND SUNSET
OCTOBER 30 2020.......SUNRISE   756 AM MDT   SUNSET   635 PM MDT
OCTOBER 31 2020.......SUNRISE   757 AM MDT   SUNSET   634 PM MDT


-  INDICATES NEGATIVE NUMBERS.
R  INDICATES RECORD WAS SET OR TIED.
MM INDICATES DATA IS MISSING.
T  INDICATES TRACE AMOUNT.




$$
