609
CDUS45 KSLC 191250
CLICDC


CLIMATE REPORT
NATIONAL WEATHER SERVICE SALT LAKE CITY UT
649 AM MDT TUE JUN 19 2018


...................................

...THE CEDAR CITY UT CLIMATE SUMMARY FOR JUNE 18 2018...

CLIMATE NORMAL PERIOD 1981 TO 2010
CLIMATE RECORD PERIOD 1928 TO 2018


WEATHER ITEM   OBSERVED TIME   RECORD YEAR NORMAL DEPARTURE LAST
                VALUE   (LST)  VALUE       VALUE  FROM      YEAR
                                                  NORMAL
..................................................................
TEMPERATURE (F)
 YESTERDAY
  MAXIMUM         81    409 PM  98    1961  84     -3       93
  MINIMUM         51    517 AM  33    1979  49      2       55
  AVERAGE         66                        66      0       74

PRECIPITATION (IN)
  YESTERDAY        0.00          0.45 1975   0.01  -0.01     0.00
  MONTH TO DATE    0.00                      0.37  -0.37     0.00
  SINCE OCT 1      4.76                      8.52  -3.76     8.25
  SINCE JAN 1      4.21                      5.41  -1.20     5.42

DEGREE DAYS
 HEATING
  YESTERDAY        0                         2     -2        0
  MONTH TO DATE    2                        65    -63       23
  SINCE JUN 1      2                        65    -63       23
  SINCE JUL 1   5306                      6244   -938     5447

 COOLING
  YESTERDAY        1                         3     -2        9
  MONTH TO DATE   85                        38     47       82
  SINCE JUN 1     85                        38     47       82
  SINCE JAN 1    101                        46     55       87
..................................................................


WIND (MPH)
  RESULTANT WIND SPEED  10   RESULTANT WIND DIRECTION  SW (210)
  HIGHEST WIND SPEED    21   HIGHEST WIND DIRECTION    SW (220)
  HIGHEST GUST SPEED    31   HIGHEST GUST DIRECTION    SW (220)
  AVERAGE WIND SPEED    10.1



WEATHER CONDITIONS
 THE FOLLOWING WEATHER WAS RECORDED YESTERDAY.
  NO SIGNIFICANT WEATHER WAS OBSERVED.


RELATIVE HUMIDITY (PERCENT)
 HIGHEST    44           500 AM
 LOWEST      9           300 PM
 AVERAGE    27

..........................................................


THE CEDAR CITY UT CLIMATE NORMALS FOR TODAY
                         NORMAL    RECORD    YEAR
 MAXIMUM TEMPERATURE (F)   85        99      2017
                                             1985
 MINIMUM TEMPERATURE (F)   49        31      1973


SUNRISE AND SUNSET
JUNE 19 2018..........SUNRISE   611 AM MDT   SUNSET   857 PM MDT
JUNE 20 2018..........SUNRISE   611 AM MDT   SUNSET   857 PM MDT


-  INDICATES NEGATIVE NUMBERS.
R  INDICATES RECORD WAS SET OR TIED.
MM INDICATES DATA IS MISSING.
T  INDICATES TRACE AMOUNT.




$$
