000
CDUS45 KSLC 231227
CLICDC


CLIMATE REPORT
NATIONAL WEATHER SERVICE SALT LAKE CITY UT
626 AM MDT WED OCT 23 2019


...................................

...THE CEDAR CITY UT CLIMATE SUMMARY FOR OCTOBER 22 2019...

CLIMATE NORMAL PERIOD 1981 TO 2010
CLIMATE RECORD PERIOD 1928 TO 2019


WEATHER ITEM   OBSERVED TIME   RECORD YEAR NORMAL DEPARTURE LAST
                VALUE   (LST)  VALUE       VALUE  FROM      YEAR
                                                  NORMAL
..................................................................
TEMPERATURE (F)
 YESTERDAY
  MAXIMUM         67    404 PM  83    2003  63      4       61
  MINIMUM         28    626 AM  15    1996  32     -4       40
  AVERAGE         48                        48      0       51

PRECIPITATION (IN)
  YESTERDAY        0.00          0.88 1953   0.04  -0.04     0.40
  MONTH TO DATE    0.06                      0.93  -0.87     2.39
  SINCE OCT 1      0.06                      0.93  -0.87     2.39
  SINCE JAN 1      9.35                      9.13   0.22     8.48

DEGREE DAYS
 HEATING
  YESTERDAY       17                        18     -1       14
  MONTH TO DATE  391                       301     90      317
  SINCE SEP 1    506                       435     71      345
  SINCE JUL 1    506                       444     62      345

 COOLING
  YESTERDAY        0                         0      0        0
  MONTH TO DATE    0                         0      0        2
  SINCE SEP 1     72                        39     33      117
  SINCE JAN 1    669                       588     81      955
..................................................................


WIND (MPH)
  RESULTANT WIND SPEED   2   RESULTANT WIND DIRECTION  NE (30)
  HIGHEST WIND SPEED    12   HIGHEST WIND DIRECTION    NE (30)
  HIGHEST GUST SPEED    17   HIGHEST GUST DIRECTION    NW (330)
  AVERAGE WIND SPEED     3.9



WEATHER CONDITIONS
 THE FOLLOWING WEATHER WAS RECORDED YESTERDAY.
  NO SIGNIFICANT WEATHER WAS OBSERVED.


RELATIVE HUMIDITY (PERCENT)
 HIGHEST    69           700 AM
 LOWEST     18           500 PM
 AVERAGE    44

..........................................................


THE CEDAR CITY UT CLIMATE NORMALS FOR TODAY
                         NORMAL    RECORD    YEAR
 MAXIMUM TEMPERATURE (F)   63        79      2003
 MINIMUM TEMPERATURE (F)   31        19      1995


SUNRISE AND SUNSET
OCTOBER 23 2019.......SUNRISE   748 AM MDT   SUNSET   645 PM MDT
OCTOBER 24 2019.......SUNRISE   749 AM MDT   SUNSET   643 PM MDT


-  INDICATES NEGATIVE NUMBERS.
R  INDICATES RECORD WAS SET OR TIED.
MM INDICATES DATA IS MISSING.
T  INDICATES TRACE AMOUNT.




$$
