000
CDUS45 KSLC 210035
CLICDC


CLIMATE REPORT
NATIONAL WEATHER SERVICE SALT LAKE CITY UT
635 PM MDT THU SEP 20 2018


...................................

...THE CEDAR CITY UT CLIMATE SUMMARY FOR SEPTEMBER 20 2018...
VALID TODAY AS OF 0500 PM LOCAL TIME.

CLIMATE NORMAL PERIOD 1981 TO 2010
CLIMATE RECORD PERIOD 1928 TO 2018


WEATHER ITEM   OBSERVED TIME   RECORD YEAR NORMAL DEPARTURE LAST
                VALUE   (LST)  VALUE       VALUE  FROM      YEAR
                                                  NORMAL
..................................................................
TEMPERATURE (F)
 TODAY
  MAXIMUM         78    351 PM  87    1951  77      1       77
  MINIMUM         39    650 AM  28    1978  43     -4       41
  AVERAGE         59                        60     -1       59

PRECIPITATION (IN)
  TODAY            0.00          0.14 1952   0.02  -0.02     0.00
  MONTH TO DATE    T                         0.42  -0.42     0.80
  SINCE OCT 1      6.64                     11.07  -4.43    11.24
  SINCE JAN 1      6.09                      7.96  -1.87     8.41

DEGREE DAYS
 HEATING
  TODAY            6                         6      0        6
  MONTH TO DATE    6                        59    -53       40
  SINCE SEP 1      6                        59    -53       40
  SINCE JUL 1      6                        68    -62       40

 COOLING
  TODAY            0                         1     -1        0
  MONTH TO DATE  103                        36     67       73
  SINCE SEP 1    103                        36     67       73
  SINCE JAN 1    941                       585    356      865
..................................................................


WIND (MPH)
  RESULTANT WIND SPEED   4   RESULTANT WIND DIRECTION   E (90)
  HIGHEST WIND SPEED    12   HIGHEST WIND DIRECTION     W (290)
  HIGHEST GUST SPEED    17   HIGHEST GUST DIRECTION    NW (300)
  AVERAGE WIND SPEED     6.2



WEATHER CONDITIONS
 THE FOLLOWING WEATHER WAS RECORDED TODAY.
  HAZE


RELATIVE HUMIDITY (PERCENT)
 HIGHEST    34           700 AM
 LOWEST      8           400 PM
 AVERAGE    21

..........................................................


THE CEDAR CITY UT CLIMATE NORMALS FOR TOMORROW
                         NORMAL    RECORD    YEAR
 MAXIMUM TEMPERATURE (F)   77        88      1966
 MINIMUM TEMPERATURE (F)   43        28      2006
                                             1965


SUNRISE AND SUNSET
SEPTEMBER 20 2018.....SUNRISE   719 AM MDT   SUNSET   732 PM MDT
SEPTEMBER 21 2018.....SUNRISE   719 AM MDT   SUNSET   731 PM MDT


-  INDICATES NEGATIVE NUMBERS.
R  INDICATES RECORD WAS SET OR TIED.
MM INDICATES DATA IS MISSING.
T  INDICATES TRACE AMOUNT.




$$
