445
CDUS45 KSLC 120028
CLICDC


CLIMATE REPORT
NATIONAL WEATHER SERVICE SALT LAKE CITY UT
527 PM MST TUE DEC 11 2018


...................................

...THE CEDAR CITY UT CLIMATE SUMMARY FOR DECEMBER 11 2018...
VALID TODAY AS OF 0500 PM LOCAL TIME.

CLIMATE NORMAL PERIOD 1981 TO 2010
CLIMATE RECORD PERIOD 1928 TO 2018


WEATHER ITEM   OBSERVED TIME   RECORD YEAR NORMAL DEPARTURE LAST
                VALUE   (LST)  VALUE       VALUE  FROM      YEAR
                                                  NORMAL
..................................................................
TEMPERATURE (F)
 TODAY
  MAXIMUM         36    132 AM  64    1950  42     -6       47
  MINIMUM         26    946 AM -11    1961  16     10        7
  AVERAGE         31                        29      2       27

PRECIPITATION (IN)
  TODAY            0.00          0.59 2015   0.02  -0.02     0.00
  MONTH TO DATE    0.24                      0.28  -0.04     0.00
  SINCE OCT 1      2.99                      2.55   0.44     0.21
  SINCE JAN 1      9.08                     10.75  -1.67     9.21

DEGREE DAYS
 HEATING
  TODAY           34                        36     -2       38
  MONTH TO DATE  392                       385      7      358
  SINCE DEC 1    392                       385      7      358
  SINCE JUL 1   1703                      1827   -124     1557

 COOLING
  TODAY            0                         0      0        0
  MONTH TO DATE    0                         0      0        0
  SINCE DEC 1      0                         0      0        0
  SINCE JAN 1    955                       588    367      865
..................................................................


WIND (MPH)
  RESULTANT WIND SPEED   1   RESULTANT WIND DIRECTION   W (290)
  HIGHEST WIND SPEED    14   HIGHEST WIND DIRECTION     W (280)
  HIGHEST GUST SPEED    17   HIGHEST GUST DIRECTION     W (280)
  AVERAGE WIND SPEED     3.5



WEATHER CONDITIONS
 THE FOLLOWING WEATHER WAS RECORDED TODAY.
  FOG
  FOG W/VISIBILITY <= 1/4 MILE


RELATIVE HUMIDITY (PERCENT)
 HIGHEST   100           700 AM
 LOWEST     75          1200 AM
 AVERAGE    88

..........................................................


THE CEDAR CITY UT CLIMATE NORMALS FOR TOMORROW
                         NORMAL    RECORD    YEAR
 MAXIMUM TEMPERATURE (F)   42        63      1950
 MINIMUM TEMPERATURE (F)   16       -15      1972


SUNRISE AND SUNSET
DECEMBER 11 2018......SUNRISE   737 AM MST   SUNSET   514 PM MST
DECEMBER 12 2018......SUNRISE   738 AM MST   SUNSET   514 PM MST


-  INDICATES NEGATIVE NUMBERS.
R  INDICATES RECORD WAS SET OR TIED.
MM INDICATES DATA IS MISSING.
T  INDICATES TRACE AMOUNT.




$$
