000
CDUS45 KSLC 230035
CLICDC


CLIMATE REPORT
NATIONAL WEATHER SERVICE SALT LAKE CITY UT
535 PM MST THU FEB 22 2018


...................................

...THE CEDAR CITY UT CLIMATE SUMMARY FOR FEBRUARY 22 2018...
VALID TODAY AS OF 0500 PM LOCAL TIME.

CLIMATE NORMAL PERIOD 1981 TO 2010
CLIMATE RECORD PERIOD 1928 TO 2018


WEATHER ITEM   OBSERVED TIME   RECORD YEAR NORMAL DEPARTURE LAST
                VALUE   (LST)  VALUE       VALUE  FROM      YEAR
                                                  NORMAL
..................................................................
TEMPERATURE (F)
 TODAY
  MAXIMUM         32    359 PM  67    1958  48    -16       55
  MINIMUM          6    453 AM   1    1955  22    -16       25
  AVERAGE         19                        35    -16       40

PRECIPITATION (IN)
  TODAY            0.00          0.48 2015   0.03  -0.03     0.18
  MONTH TO DATE    0.45                      0.75  -0.30     0.60
  SINCE OCT 1      2.03                      4.72  -2.69     4.51
  SINCE JAN 1      1.48                      1.61  -0.13     1.68

DEGREE DAYS
 HEATING
  TODAY           46                        30     16       25
  MONTH TO DATE  638                       711    -73      486
  SINCE DEC 1   2548                      2944   -396     2713
  SINCE JUL 1   3747                      4386   -639     3810

 COOLING
  TODAY            0                         0      0        0
  MONTH TO DATE    0                         0      0        0
  SINCE DEC 1      0                         0      0        0
  SINCE JAN 1      0                         0      0        0
..................................................................


WIND (MPH)
  RESULTANT WIND SPEED   7   RESULTANT WIND DIRECTION  SW (210)
  HIGHEST WIND SPEED    25   HIGHEST WIND DIRECTION     S (200)
  HIGHEST GUST SPEED    32   HIGHEST GUST DIRECTION     S (200)
  AVERAGE WIND SPEED     7.4



WEATHER CONDITIONS
 THE FOLLOWING WEATHER WAS RECORDED TODAY.
  NO SIGNIFICANT WEATHER WAS OBSERVED.


RELATIVE HUMIDITY (PERCENT)
 HIGHEST   100           500 AM
 LOWEST     39          1200 PM
 AVERAGE    70

..........................................................


THE CEDAR CITY UT CLIMATE NORMALS FOR TOMORROW
                         NORMAL    RECORD    YEAR
 MAXIMUM TEMPERATURE (F)   48        66      1981
 MINIMUM TEMPERATURE (F)   22         3      1955


SUNRISE AND SUNSET
FEBRUARY 22 2018......SUNRISE   713 AM MST   SUNSET   619 PM MST
FEBRUARY 23 2018......SUNRISE   712 AM MST   SUNSET   620 PM MST


-  INDICATES NEGATIVE NUMBERS.
R  INDICATES RECORD WAS SET OR TIED.
MM INDICATES DATA IS MISSING.
T  INDICATES TRACE AMOUNT.




$$
