621
CDUS44 KLUB 162230
CLICDS


CLIMATE REPORT
NATIONAL WEATHER SERVICE LUBBOCK, TX
529 PM CDT WED OCT 16 2019


...................................

...THE CHILDRESS CLIMATE SUMMARY FOR OCTOBER 16 2019...
VALID TODAY AS OF 0500 PM LOCAL TIME.

CLIMATE NORMAL PERIOD 1981 TO 2010
CLIMATE RECORD PERIOD 1893 TO 2019


WEATHER ITEM   OBSERVED TIME   RECORD YEAR NORMAL DEPARTURE LAST
                VALUE   (LST)  VALUE       VALUE  FROM      YEAR
                                                  NORMAL
..................................................................
TEMPERATURE (F)
 TODAY
  MAXIMUM         MM        MM  95    2014  76     MM       55
  MINIMUM         42        MM  34    2001  50     -8       41
                                      1943
  AVERAGE         MM                        63     MM       48

PRECIPITATION (IN)
  TODAY            0.00          0.62 1970   0.09  -0.09     0.06
  MONTH TO DATE    0.04                      1.21  -1.17     4.83
  SINCE SEP 1      4.84                      3.63   1.21     7.96
  SINCE JAN 1     21.00                     20.72   0.28    20.35

SNOWFALL (IN)
  TODAY            0.0          MM      MM   0.0    0.0      0.0
  MONTH TO DATE    0.0                       0.0    0.0      0.0
  SINCE SEP 1      0.0                       0.0    0.0      0.0
  SINCE JUL 1      0.0                       0.0    0.0      0.0
  SNOW DEPTH       0

DEGREE DAYS
 HEATING
  TODAY           MM                         4     MM       17
  MONTH TO DATE   49                        46      3       95
  SINCE SEP 1     49                        63    -14      101
  SINCE JUL 1     49                        63    -14      101

 COOLING
  TODAY           MM                         2     MM        0
  MONTH TO DATE   61                        55      6       65
  SINCE SEP 1    540                       348    192      372
  SINCE JAN 1   2386                      2179    207     2655
..................................................................


WIND (MPH)
  RESULTANT WIND SPEED   6   RESULTANT WIND DIRECTION   N (350)
  HIGHEST WIND SPEED    MM   HIGHEST WIND DIRECTION    MM
  HIGHEST GUST SPEED    MM   HIGHEST GUST DIRECTION    MM
  AVERAGE WIND SPEED    MM


SKY COVER
  AVERAGE SKY COVER 0.0


WEATHER CONDITIONS
 THE FOLLOWING WEATHER WAS RECORDED TODAY.
  NO SIGNIFICANT WEATHER WAS OBSERVED.


RELATIVE HUMIDITY (PERCENT)
 HIGHEST    70           300 AM
 LOWEST     MM          1200 AM
 AVERAGE    MM

..........................................................


THE CHILDRESS CLIMATE NORMALS FOR TOMORROW
                         NORMAL    RECORD    YEAR
 MAXIMUM TEMPERATURE (F)   76        96      2016
                                             1972
 MINIMUM TEMPERATURE (F)   50        34      1976
                                             1943


SUNRISE AND SUNSET
OCTOBER 16 2019.......SUNRISE   747 AM CDT   SUNSET   706 PM CDT
OCTOBER 17 2019.......SUNRISE   748 AM CDT   SUNSET   704 PM CDT


-  INDICATES NEGATIVE NUMBERS.
R  INDICATES RECORD WAS SET OR TIED.
MM INDICATES DATA IS MISSING.
T  INDICATES TRACE AMOUNT.




$$
