000
CDUS44 KLUB 230229
CLICDS


CLIMATE REPORT
NATIONAL WEATHER SERVICE LUBBOCK, TX
825 PM CST THU FEB 22 2018


...................................

...THE CHILDRESS CLIMATE SUMMARY FOR FEBRUARY 22 2018...
VALID TODAY AS OF 0800 PM LOCAL TIME.

CLIMATE NORMAL PERIOD 1981 TO 2010
CLIMATE RECORD PERIOD 1893 TO 2018


WEATHER ITEM   OBSERVED TIME   RECORD YEAR NORMAL DEPARTURE LAST
                VALUE   (LST)  VALUE       VALUE  FROM      YEAR
                                                  NORMAL
..................................................................
TEMPERATURE (F)
 TODAY
  MAXIMUM         36    659 PM  93    1996  60    -24       88
  MINIMUM         26    320 AM  13    1894  34     -8       45
  AVERAGE         31                        47    -16       67

PRECIPITATION (IN)
  TODAY            0.03          1.10 1915   0.04  -0.01     0.00
  MONTH TO DATE    0.24                      0.81  -0.57     2.50
  SINCE DEC 1      0.28                      2.45  -2.17     5.51
  SINCE JAN 1      0.25                      1.54  -1.29     4.22

SNOWFALL (IN)
  TODAY            0.0                       0.0    0.0        0.0
  MONTH TO DATE    T                         1.0   -1.0       T
  SINCE DEC 1      1.0                       5.4   -4.4      1.5
  SINCE JUL 1      1.0                       6.3   -5.3      1.5
  SNOW DEPTH       0

DEGREE DAYS
 HEATING
  TODAY           34                        18     16        0
  MONTH TO DATE  483                       453     30      285
  SINCE DEC 1   1913                      1896     17     1610
  SINCE JUL 1   2350                      2456   -106     1877

 COOLING
  TODAY            0                         0      0        2
  MONTH TO DATE   11                         0     11       12
  SINCE DEC 1     11                         0     11       12
  SINCE JAN 1     11                         0     11       12
..................................................................


WIND (MPH)
  RESULTANT WIND SPEED   2   RESULTANT WIND DIRECTION  NE (30)
  HIGHEST WIND SPEED    15   HIGHEST WIND DIRECTION     N (10)
  HIGHEST GUST SPEED    17   HIGHEST GUST DIRECTION     N (20)
  AVERAGE WIND SPEED     6.0


SKY COVER
  AVERAGE SKY COVER 1.0


WEATHER CONDITIONS
 THE FOLLOWING WEATHER WAS RECORDED TODAY.
  THUNDERSTORM
  FREEZING RAIN
  LT FREEZING RAIN
  FOG


RELATIVE HUMIDITY (PERCENT)
 HIGHEST    92          1200 AM
 LOWEST     89           200 PM
 AVERAGE    91

..........................................................


THE CHILDRESS CLIMATE NORMALS FOR TOMORROW
                         NORMAL    RECORD    YEAR
 MAXIMUM TEMPERATURE (F)   60        91      1904
 MINIMUM TEMPERATURE (F)   34        13      1960


SUNRISE AND SUNSET
FEBRUARY 22 2018......SUNRISE   718 AM CST   SUNSET   631 PM CST
FEBRUARY 23 2018......SUNRISE   717 AM CST   SUNSET   632 PM CST


-  INDICATES NEGATIVE NUMBERS.
R  INDICATES RECORD WAS SET OR TIED.
MM INDICATES DATA IS MISSING.
T  INDICATES TRACE AMOUNT.




$$
