000
CDUS44 KLUB 200626
CLICDS

CLIMATE REPORT
NATIONAL WEATHER SERVICE LUBBOCK TX
126 AM CDT TUE OCT 20 2020

...................................

...THE CHILDRESS CLIMATE SUMMARY FOR OCTOBER 19 2020...

CLIMATE NORMAL PERIOD 1981 TO 2010
CLIMATE RECORD PERIOD 1893 TO 2020


WEATHER ITEM   OBSERVED TIME   RECORD YEAR NORMAL DEPARTURE LAST
                VALUE   (LST)  VALUE       VALUE  FROM      YEAR
                                                  NORMAL
...................................................................
TEMPERATURE (F)
 YESTERDAY
  MAXIMUM         62    433 PM  94    1940  75    -13       77
  MINIMUM         46   1159 PM  31    1989  49     -3       54
  AVERAGE         54                        62     -8       66

PRECIPITATION (IN)
  YESTERDAY        0.00          1.47 1983   0.08  -0.08     0.00
  MONTH TO DATE    0.00                      1.44  -1.44     0.04
  SINCE SEP 1      1.47                      3.86  -2.39     4.84
  SINCE JAN 1     16.90                     20.95  -4.05    21.00

SNOWFALL (IN)
  YESTERDAY        0.0
  MONTH TO DATE    0.0
  SINCE SEP 1      0.0
  SINCE JUL 1      0.0
  SNOW DEPTH       0

DEGREE DAYS
 HEATING
  YESTERDAY       11                         5      6        0
  MONTH TO DATE   37                        60    -23       61
  SINCE SEP 1     67                        77    -10       61
  SINCE JUL 1     67                        77    -10       61

 COOLING
  YESTERDAY        0                         2     -2        1
  MONTH TO DATE   80                        61     19       66
  SINCE SEP 1    307                       354    -47      545
  SINCE JAN 1   2390                      2185    205     2391
...................................................................


WIND (MPH)
  RESULTANT WIND SPEED   2   RESULTANT WIND DIRECTION  NE (60)
  HIGHEST WIND SPEED    12   HIGHEST WIND DIRECTION     N (20)
  HIGHEST GUST SPEED    15   HIGHEST GUST DIRECTION     N (10)
  AVERAGE WIND SPEED     5.4


SKY COVER
  AVERAGE SKY COVER 0.6


WEATHER CONDITIONS
THE FOLLOWING WEATHER WAS RECORDED YESTERDAY.
  NO SIGNIFICANT WEATHER WAS OBSERVED.


RELATIVE HUMIDITY (PERCENT)
 HIGHEST    80          1100 PM
 LOWEST     50           300 PM
 AVERAGE    65

..........................................................


THE CHILDRESS CLIMATE NORMALS FOR TODAY
                         NORMAL    RECORD    YEAR
 MAXIMUM TEMPERATURE (F)   75        95      2007
 MINIMUM TEMPERATURE (F)   49        29      1976


SUNRISE AND SUNSET
OCTOBER 20 2020.......SUNRISE   751 AM CDT   SUNSET   700 PM CDT
OCTOBER 21 2020.......SUNRISE   752 AM CDT   SUNSET   659 PM CDT


-  INDICATES NEGATIVE NUMBERS.
R  INDICATES RECORD WAS SET OR TIED.
MM INDICATES DATA IS MISSING.
T  INDICATES TRACE AMOUNT.




$$
