494
CDUS44 KLUB 250631
CLICDS


CLIMATE REPORT
NATIONAL WEATHER SERVICE LUBBOCK, TX
131 AM CDT MON JUN 25 2018


...................................

...THE CHILDRESS CLIMATE SUMMARY FOR JUNE 24 2018...

CLIMATE NORMAL PERIOD 1981 TO 2010
CLIMATE RECORD PERIOD 1893 TO 2018


WEATHER ITEM   OBSERVED TIME   RECORD YEAR NORMAL DEPARTURE LAST
                VALUE   (LST)  VALUE       VALUE  FROM      YEAR
                                                  NORMAL
..................................................................
TEMPERATURE (F)
 YESTERDAY
  MAXIMUM         93   1233 PM 112    1980  94     -1       77
  MINIMUM         74    559 AM  58    1957  68      6       61
  AVERAGE         84                        81      3       69

PRECIPITATION (IN)
  YESTERDAY        0.00          1.90 1919   0.11  -0.11     0.83
  MONTH TO DATE    2.41                      3.32  -0.91     2.57
  SINCE JUN 1      2.41                      3.32  -0.91     2.57
  SINCE JAN 1      8.48                     11.89  -3.41    11.84

SNOWFALL (IN)
  YESTERDAY        0.0          MM      MM   0.0    0.0      0.0
  MONTH TO DATE    0.0                       0.0    0.0      0.0
  SINCE JUN 1      0.0                       0.0    0.0      0.0
  SINCE JUL 1      1.0                       7.0   -6.0      1.5
  SNOW DEPTH       0

DEGREE DAYS
 HEATING
  YESTERDAY        0                         0      0        0
  MONTH TO DATE    0                         0      0        0
  SINCE JUN 1      0                         0      0        0
  SINCE JUL 1   2930                      3115   -185     2328

 COOLING
  YESTERDAY       19                        16      3        4
  MONTH TO DATE  418                       322     96      381
  SINCE JUN 1    418                       322     96      381
  SINCE JAN 1    952                       634    318      732
..................................................................


WIND (MPH)
  RESULTANT WIND SPEED  11   RESULTANT WIND DIRECTION   E (110)
  HIGHEST WIND SPEED    28   HIGHEST WIND DIRECTION    NE (60)
  HIGHEST GUST SPEED    34   HIGHEST GUST DIRECTION    NE (50)
  AVERAGE WIND SPEED    13.8


SKY COVER
  AVERAGE SKY COVER 0.1


WEATHER CONDITIONS
 THE FOLLOWING WEATHER WAS RECORDED YESTERDAY.
  NO SIGNIFICANT WEATHER WAS OBSERVED.


RELATIVE HUMIDITY (PERCENT)
 HIGHEST    87           600 AM
 LOWEST     47           400 PM
 AVERAGE    67

..........................................................


THE CHILDRESS CLIMATE NORMALS FOR TODAY
                         NORMAL    RECORD    YEAR
 MAXIMUM TEMPERATURE (F)   94       112      2011
                                             1994
 MINIMUM TEMPERATURE (F)   69        55      1958


SUNRISE AND SUNSET
JUNE 25 2018..........SUNRISE   630 AM CDT   SUNSET   857 PM CDT
JUNE 26 2018..........SUNRISE   631 AM CDT   SUNSET   857 PM CDT


-  INDICATES NEGATIVE NUMBERS.
R  INDICATES RECORD WAS SET OR TIED.
MM INDICATES DATA IS MISSING.
T  INDICATES TRACE AMOUNT.




$$
