000
CDUS44 KLUB 060626
CLICDS


CLIMATE REPORT
NATIONAL WEATHER SERVICE LUBBOCK, TX
125 AM CDT SAT JUN 6 2020


...................................

...THE CHILDRESS CLIMATE SUMMARY FOR JUNE 5 2020...

CLIMATE NORMAL PERIOD 1981 TO 2010
CLIMATE RECORD PERIOD 1893 TO 2020


WEATHER ITEM   OBSERVED TIME   RECORD YEAR NORMAL DEPARTURE LAST
                VALUE   (LST)  VALUE       VALUE  FROM      YEAR
                                                  NORMAL
..................................................................
TEMPERATURE (F)
 YESTERDAY
  MAXIMUM         98    353 PM 105    1948  89      9       90
  MINIMUM         69    616 AM  50    1928  64      5       64
  AVERAGE         84                        76      8       77

PRECIPITATION (IN)
  YESTERDAY        T             3.23 1985   0.15  -0.15     0.05
  MONTH TO DATE    0.09                      0.74  -0.65     0.99
  SINCE JUN 1      0.09                      0.74  -0.65     0.99
  SINCE JAN 1      7.65                      9.31  -1.66    11.22

SNOWFALL (IN)
  YESTERDAY        0.0          MM      MM   0.0    0.0      0.0
  MONTH TO DATE    0.0                       0.0    0.0      0.0
  SINCE JUN 1      0.0                       0.0    0.0      0.0
  SINCE JUL 1      1.2                       7.0   -5.8      2.0
  SNOW DEPTH       0

DEGREE DAYS
 HEATING
  YESTERDAY        0                         0      0        0
  MONTH TO DATE    0                         0      0        0
  SINCE JUN 1      0                         0      0        0
  SINCE JUL 1   3048                      3115    -67     3316

 COOLING
  YESTERDAY       19                        12      7       12
  MONTH TO DATE   83                        56     27       58
  SINCE JUN 1     83                        56     27       58
  SINCE JAN 1    419                       368     51      274
..................................................................


WIND (MPH)
  RESULTANT WIND SPEED   7   RESULTANT WIND DIRECTION  SE (140)
  HIGHEST WIND SPEED    25   HIGHEST WIND DIRECTION    SW (210)
  HIGHEST GUST SPEED    30   HIGHEST GUST DIRECTION    SW (210)
  AVERAGE WIND SPEED    10.4


SKY COVER
  AVERAGE SKY COVER 0.1


WEATHER CONDITIONS
 THE FOLLOWING WEATHER WAS RECORDED YESTERDAY.
  THUNDERSTORM
  LIGHT RAIN


RELATIVE HUMIDITY (PERCENT)
 HIGHEST    84           700 AM
 LOWEST     29           400 PM
 AVERAGE    57

..........................................................


THE CHILDRESS CLIMATE NORMALS FOR TODAY
                         NORMAL    RECORD    YEAR
 MAXIMUM TEMPERATURE (F)   89       105      1946
 MINIMUM TEMPERATURE (F)   64        50      1998


SUNRISE AND SUNSET
JUNE  6 2020..........SUNRISE   629 AM CDT   SUNSET   852 PM CDT
JUNE  7 2020..........SUNRISE   628 AM CDT   SUNSET   852 PM CDT


-  INDICATES NEGATIVE NUMBERS.
R  INDICATES RECORD WAS SET OR TIED.
MM INDICATES DATA IS MISSING.
T  INDICATES TRACE AMOUNT.




$$
