000
CDUS46 KEKA 041220
CLICEC


CLIMATE REPORT
NATIONAL WEATHER SERVICE EUREKA CA
519 AM PDT THU JUN 4 2020


...................................

...THE CRESCENT CITY CA CLIMATE SUMMARY FOR JUNE 3 2020...

CLIMATE NORMAL PERIOD 1981 TO 2010
CLIMATE RECORD PERIOD 1894 TO 2020


WEATHER ITEM   OBSERVED TIME   RECORD YEAR NORMAL DEPARTURE LAST
                VALUE   (LST)  VALUE       VALUE  FROM      YEAR
                                                  NORMAL
..................................................................
TEMPERATURE (F)
 YESTERDAY
  MAXIMUM         59    246 PM  90    1937  60     -1       62
  MINIMUM         49    523 AM  35    1903  48      1       52
  AVERAGE         54                        54      0       57

PRECIPITATION (IN)
  YESTERDAY        0.00          1.95 2010   0.08  -0.08     0.00
  MONTH TO DATE    0.00                      0.21  -0.21     0.00
  SINCE OCT 1     40.69                     60.65 -19.96    55.82
  SINCE JAN 1     24.75                     35.41 -10.66    42.52

SNOWFALL (IN)
  YESTERDAY        0.0          MM      MM  MM     MM        0.0
  MONTH TO DATE    0.0                      MM     MM        0.0
  SINCE JUN 1      0.0                      MM     MM        0.0
  SINCE JUL 1      0.0                      MM     MM        0.0
  SNOW DEPTH      MM

DEGREE DAYS
 HEATING
  YESTERDAY       11                        11      0        8
  MONTH TO DATE   32                        33     -1       29
  SINCE JUN 1     32                        33     -1       29
  SINCE JUL 1   4296                      4584   -288     4313

 COOLING
  YESTERDAY        0                         0      0        0
  MONTH TO DATE    0                         0      0        0
  SINCE JUN 1      0                         0      0        0
  SINCE JAN 1      0                         0      0        0
..................................................................


WIND (MPH)
  HIGHEST WIND SPEED    21   HIGHEST WIND DIRECTION    NW (330)
  HIGHEST GUST SPEED    26   HIGHEST GUST DIRECTION    NW (330)
  AVERAGE WIND SPEED     8.4


SKY COVER
  AVERAGE SKY COVER 0.1


WEATHER CONDITIONS
 THE FOLLOWING WEATHER WAS RECORDED YESTERDAY.
  FOG


RELATIVE HUMIDITY (PERCENT)
 HIGHEST    96
 LOWEST     75
 AVERAGE    86

..........................................................


THE CRESCENT CITY CA CLIMATE NORMALS FOR TODAY
                         NORMAL    RECORD    YEAR
 MAXIMUM TEMPERATURE (F)   60        88      1919
 MINIMUM TEMPERATURE (F)   48        37      1963
                                             1914


SUNRISE AND SUNSET
JUNE  4 2020..........SUNRISE   543 AM PDT   SUNSET   848 PM PDT
JUNE  5 2020..........SUNRISE   543 AM PDT   SUNSET   849 PM PDT


-  INDICATES NEGATIVE NUMBERS.
R  INDICATES RECORD WAS SET OR TIED.
MM INDICATES DATA IS MISSING.
T  INDICATES TRACE AMOUNT.




$$
