000
CDUS46 KEKA 310018
CLICEC

CLIMATE REPORT
NATIONAL WEATHER SERVICE
518 PM PDT FRI OCT 30 2020

...................................

...THE CRESCENT CITY CA CLIMATE SUMMARY FOR OCTOBER 30 2020...
VALID TODAY AS OF 0500 PM LOCAL TIME.

CLIMATE NORMAL PERIOD: 1981 TO 2010
CLIMATE RECORD PERIOD: 1894 TO 2020


WEATHER ITEM   OBSERVED TIME   RECORD YEAR NORMAL DEPARTURE LAST
                VALUE   (LST)  VALUE       VALUE  FROM      YEAR
                                                  NORMAL
...................................................................
TEMPERATURE (F)
 TODAY
  MAXIMUM         60   1:44 PM  78    1949  59      1       62
  MINIMUM         39   7:08 AM  33    1998  46     -7       40
  AVERAGE         50                        52     -2       51

PRECIPITATION (IN)
  TODAY            0.00          3.55 1990   0.23  -0.23     0.00
  MONTH TO DATE    1.23                      4.00  -2.77     2.51
  SINCE OCT 1      1.23                      4.00  -2.77     2.51
  SINCE JAN 1     27.25                     42.79 -15.54    48.59

SNOWFALL (IN)
  TODAY           MM            MM      MM  MM     MM        0.0
  MONTH TO DATE    0.0                       0.0    0.0      0.0
  SINCE SEP 1      0.0                      MM     MM        0.0
  SINCE JUL 1      0.0                      MM     MM        0.0
  SNOW DEPTH      MM

...................................................................


WIND (MPH)
  HIGHEST WIND SPEED     8   HIGHEST WIND DIRECTION     W (290)
  HIGHEST GUST SPEED    11   HIGHEST GUST DIRECTION     W (280)
  AVERAGE WIND SPEED     2.8


SKY COVER
  AVERAGE SKY COVER 0.0


WEATHER CONDITIONS
THE FOLLOWING WEATHER WAS RECORDED TODAY.
  FOG


RELATIVE HUMIDITY (PERCENT)
 HIGHEST    93
 LOWEST     60
 AVERAGE    77

..........................................................


THE CRESCENT CITY CA CLIMATE NORMALS FOR TOMORROW
                         NORMAL    RECORD    YEAR
 MAXIMUM TEMPERATURE (F)   59        82      1966
 MINIMUM TEMPERATURE (F)   46        32      2002


SUNRISE AND SUNSET
OCTOBER 30 2020.......SUNRISE   7:48 AM PDT   SUNSET   6:13 PM PDT
OCTOBER 31 2020.......SUNRISE   7:49 AM PDT   SUNSET   6:12 PM PDT


-  INDICATES NEGATIVE NUMBERS.
R  INDICATES RECORD WAS SET OR TIED.
MM INDICATES DATA IS MISSING.
T  INDICATES TRACE AMOUNT.




$$
