292
CDUS46 KEKA 220016
CLICEC


CLIMATE REPORT
NATIONAL WEATHER SERVICE EUREKA CA
414 PM PST THU FEB 21 2019


...................................

...THE CRESCENT CITY CA CLIMATE SUMMARY FOR FEBRUARY 21 2019...
VALID TODAY AS OF 0400 PM LOCAL TIME.

CLIMATE NORMAL PERIOD 1981 TO 2010
CLIMATE RECORD PERIOD 1894 TO 2019


WEATHER ITEM   OBSERVED TIME   RECORD YEAR NORMAL DEPARTURE LAST
                VALUE   (LST)  VALUE       VALUE  FROM      YEAR
                                                  NORMAL
..................................................................
TEMPERATURE (F)
 TODAY
  MAXIMUM         53    214 PM  75    1964  54     -1       51
  MINIMUM         33    353 AM  29    1952  42     -9       39
  AVERAGE         43                        48     -5       45

PRECIPITATION (IN)
  TODAY            0.00          4.60 1948   0.28  -0.28     0.08
  MONTH TO DATE    8.03                      6.77   1.26     0.86
  SINCE OCT 1     31.59                     42.40 -10.81    25.48
  SINCE JAN 1     18.29                     17.16   1.13    11.46

SNOWFALL (IN)
  TODAY            0.0          MM      MM  MM     MM        0.0
  MONTH TO DATE    0.0                      MM     MM        0.0
  SINCE DEC 1      0.0                      MM     MM        0.0
  SINCE JUL 1      0.0                      MM     MM        0.0
  SNOW DEPTH       0

..................................................................


WIND (MPH)
  HIGHEST WIND SPEED    21   HIGHEST WIND DIRECTION     N (340)
  HIGHEST GUST SPEED    27   HIGHEST GUST DIRECTION    NW (320)
  AVERAGE WIND SPEED     9.6


SKY COVER
  AVERAGE SKY COVER 0.0


WEATHER CONDITIONS
 THE FOLLOWING WEATHER WAS RECORDED TODAY.
  NO SIGNIFICANT WEATHER WAS OBSERVED.


RELATIVE HUMIDITY (PERCENT)
 HIGHEST   100
 LOWEST     44
 AVERAGE    72

..........................................................


THE CRESCENT CITY CA CLIMATE NORMALS FOR TOMORROW
                         NORMAL    RECORD    YEAR
 MAXIMUM TEMPERATURE (F)   54        70      1981
 MINIMUM TEMPERATURE (F)   42        28      1942


SUNRISE AND SUNSET
FEBRUARY 21 2019......SUNRISE   704 AM PST   SUNSET   558 PM PST
FEBRUARY 22 2019......SUNRISE   703 AM PST   SUNSET   559 PM PST


-  INDICATES NEGATIVE NUMBERS.
R  INDICATES RECORD WAS SET OR TIED.
MM INDICATES DATA IS MISSING.
T  INDICATES TRACE AMOUNT.




$$
