000
CDUS46 KEKA 241211
CLICEC


CLIMATE REPORT
NATIONAL WEATHER SERVICE EUREKA CA
511 AM PDT THU MAY 24 2018


...................................

...THE CRESCENT CITY CA CLIMATE SUMMARY FOR MAY 23 2018...

CLIMATE NORMAL PERIOD 1981 TO 2010
CLIMATE RECORD PERIOD 1894 TO 2018


WEATHER ITEM   OBSERVED TIME   RECORD YEAR NORMAL DEPARTURE LAST
                VALUE   (LST)  VALUE       VALUE  FROM      YEAR
                                                  NORMAL
..................................................................
TEMPERATURE (F)
 YESTERDAY
  MAXIMUM         57    408 PM  71    1992  59     -2       62
  MINIMUM         52    547 AM  37    2002  47      5       50
  AVERAGE         55                        53      2       56

PRECIPITATION (IN)
  YESTERDAY        0.01          1.02 1989   0.08  -0.07     0.00
  MONTH TO DATE    0.19                      2.34  -2.15     1.80
  SINCE OCT 1     44.79                     59.91 -15.12    92.65
  SINCE JAN 1     30.77                     34.67  -3.90    47.55

SNOWFALL (IN)
  YESTERDAY        0.0          MM      MM  MM     MM        0.0
  MONTH TO DATE    0.0                      MM     MM        0.0
  SINCE MAR 1      0.0                      MM     MM        0.0
  SINCE JUL 1      0.0                      MM     MM        0.0
  SNOW DEPTH       0

DEGREE DAYS
 HEATING
  YESTERDAY       10                        12     -2        9
  MONTH TO DATE  244                       301    -57      300
  SINCE MAR 1   1067                      1285   -218     1166
  SINCE JUL 1   3870                      4458   -588     4097

 COOLING
  YESTERDAY        0                         0      0        0
  MONTH TO DATE    0                         0      0        0
  SINCE MAR 1      0                         0      0        0
  SINCE JAN 1      0                         0      0        0
..................................................................


WIND (MPH)
  HIGHEST WIND SPEED    10   HIGHEST WIND DIRECTION     S (180)
  HIGHEST GUST SPEED    12   HIGHEST GUST DIRECTION     S (190)
  AVERAGE WIND SPEED     3.2


SKY COVER
  AVERAGE SKY COVER 1.0


WEATHER CONDITIONS
 THE FOLLOWING WEATHER WAS RECORDED YESTERDAY.
  LIGHT RAIN
  FOG


RELATIVE HUMIDITY (PERCENT)
 HIGHEST   100
 LOWEST     80
 AVERAGE    90

..........................................................


THE CRESCENT CITY CA CLIMATE NORMALS FOR TODAY
                         NORMAL    RECORD    YEAR
 MAXIMUM TEMPERATURE (F)   59        81      1982
 MINIMUM TEMPERATURE (F)   48        38      1962


SUNRISE AND SUNSET
MAY 24 2018...........SUNRISE   549 AM PDT   SUNSET   839 PM PDT
MAY 25 2018...........SUNRISE   549 AM PDT   SUNSET   840 PM PDT


-  INDICATES NEGATIVE NUMBERS.
R  INDICATES RECORD WAS SET OR TIED.
MM INDICATES DATA IS MISSING.
T  INDICATES TRACE AMOUNT.




$$
