000
CDUS46 KEKA 171216
CLICEC


CLIMATE REPORT
NATIONAL WEATHER SERVICE EUREKA CA
515 AM PDT THU OCT 17 2019


...................................

...THE CRESCENT CITY CA CLIMATE SUMMARY FOR OCTOBER 16 2019...

CLIMATE NORMAL PERIOD 1981 TO 2010
CLIMATE RECORD PERIOD 1894 TO 2019


WEATHER ITEM   OBSERVED TIME   RECORD YEAR NORMAL DEPARTURE LAST
                VALUE   (LST)  VALUE       VALUE  FROM      YEAR
                                                  NORMAL
..................................................................
TEMPERATURE (F)
 YESTERDAY
  MAXIMUM         62    909 AM  85    1936  61      1       57
  MINIMUM         44    253 AM  34    1938  46     -2       41
  AVERAGE         53                        54     -1       49

PRECIPITATION (IN)
  YESTERDAY        1.26          3.90 1920   0.13   1.13     0.00
  MONTH TO DATE    1.29                      1.44  -0.15     0.67
  SINCE OCT 1      1.29                      1.44  -0.15     0.67
  SINCE JAN 1     47.37                     40.23   7.14    32.63

SNOWFALL (IN)
  YESTERDAY        0.0          MM      MM  MM     MM        0.0
  MONTH TO DATE    0.0                      MM     MM        0.0
  SINCE SEP 1      0.0                      MM     MM        0.0
  SINCE JUL 1      0.0                      MM     MM        0.0
  SNOW DEPTH       0

DEGREE DAYS
 HEATING
  YESTERDAY       12                        12      0       16
  MONTH TO DATE  199                       177     22      144
  SINCE SEP 1    362                       461    -99      445
  SINCE JUL 1    716                       981   -265      864

 COOLING
  YESTERDAY        0                         0      0        0
  MONTH TO DATE    0                         0      0        4
  SINCE SEP 1      0                         0      0        4
  SINCE JAN 1      4                         0      4        4
..................................................................


WIND (MPH)
  HIGHEST WIND SPEED    21   HIGHEST WIND DIRECTION    SE (150)
  HIGHEST GUST SPEED    28   HIGHEST GUST DIRECTION    SE (150)
  AVERAGE WIND SPEED    11.3


SKY COVER
  AVERAGE SKY COVER 0.7


WEATHER CONDITIONS
 THE FOLLOWING WEATHER WAS RECORDED YESTERDAY.
  HEAVY RAIN
  RAIN
  LIGHT RAIN
  FOG


RELATIVE HUMIDITY (PERCENT)
 HIGHEST   100
 LOWEST     60
 AVERAGE    80

..........................................................


THE CRESCENT CITY CA CLIMATE NORMALS FOR TODAY
                         NORMAL    RECORD    YEAR
 MAXIMUM TEMPERATURE (F)   61        85      1936
 MINIMUM TEMPERATURE (F)   46        35      1949
                                             1897


SUNRISE AND SUNSET
OCTOBER 17 2019.......SUNRISE   731 AM PDT   SUNSET   633 PM PDT
OCTOBER 18 2019.......SUNRISE   732 AM PDT   SUNSET   631 PM PDT


-  INDICATES NEGATIVE NUMBERS.
R  INDICATES RECORD WAS SET OR TIED.
MM INDICATES DATA IS MISSING.
T  INDICATES TRACE AMOUNT.




$$
