068
CDUS46 KEKA 201210
CLICEC


CLIMATE REPORT
NATIONAL WEATHER SERVICE EUREKA CA
409 AM PST TUE NOV 20 2018


...................................

...THE CRESCENT CITY CA CLIMATE SUMMARY FOR NOVEMBER 19 2018...

CLIMATE NORMAL PERIOD 1981 TO 2010
CLIMATE RECORD PERIOD 1894 TO 2018


WEATHER ITEM   OBSERVED TIME   RECORD YEAR NORMAL DEPARTURE LAST
                VALUE   (LST)  VALUE       VALUE  FROM      YEAR
                                                  NORMAL
..................................................................
TEMPERATURE (F)
 YESTERDAY
  MAXIMUM         50    235 PM  74    1895  55     -5       54
  MINIMUM         37    732 AM  31    1941  43     -6       35
                                      1938
                                      1916
  AVERAGE         44                        49     -5       45

PRECIPITATION (IN)
  YESTERDAY        0.00          2.94 1955   0.32  -0.32     0.39
  MONTH TO DATE    T                         6.05  -6.05     5.45
  SINCE OCT 1      1.58                     10.29  -8.71     7.48
  SINCE JAN 1     33.54                     49.08 -15.54    57.96

SNOWFALL (IN)
  YESTERDAY        0.0          MM      MM  MM     MM       MM
  MONTH TO DATE    0.0                      MM     MM        0.0
  SINCE SEP 1      0.0                      MM     MM        0.0
  SINCE JUL 1      0.0                      MM     MM        0.0
  SNOW DEPTH       0

DEGREE DAYS
 HEATING
  YESTERDAY       21                        16      5       20
  MONTH TO DATE  259                       272    -13      284
  SINCE SEP 1    874                       916    -42      856
  SINCE JUL 1   1293                      1436   -143     1354

 COOLING
  YESTERDAY        0                         0      0        0
  MONTH TO DATE    0                         0      0        0
  SINCE SEP 1      4                         0      4        6
  SINCE JAN 1      4                         0      4        6
..................................................................


WIND (MPH)
  HIGHEST WIND SPEED    10   HIGHEST WIND DIRECTION     N (350)
  HIGHEST GUST SPEED    13   HIGHEST GUST DIRECTION    NW (330)
  AVERAGE WIND SPEED     3.7


SKY COVER
  AVERAGE SKY COVER 0.7


WEATHER CONDITIONS
 THE FOLLOWING WEATHER WAS RECORDED YESTERDAY.
  FOG W/VISIBILITY <= 1/4 MILE


RELATIVE HUMIDITY (PERCENT)
 HIGHEST   100
 LOWEST     86
 AVERAGE    93

..........................................................


THE CRESCENT CITY CA CLIMATE NORMALS FOR TODAY
                         NORMAL    RECORD    YEAR
 MAXIMUM TEMPERATURE (F)   55        72      1989
 MINIMUM TEMPERATURE (F)   43        29      1961


SUNRISE AND SUNSET
NOVEMBER 20 2018......SUNRISE   712 AM PST   SUNSET   452 PM PST
NOVEMBER 21 2018......SUNRISE   714 AM PST   SUNSET   452 PM PST


-  INDICATES NEGATIVE NUMBERS.
R  INDICATES RECORD WAS SET OR TIED.
MM INDICATES DATA IS MISSING.
T  INDICATES TRACE AMOUNT.




$$
