000
CDUS46 KEKA 211221
CLICEC


CLIMATE REPORT
NATIONAL WEATHER SERVICE EUREKA CA
521 AM PDT TUE AUG 21 2018


...................................

...THE CRESCENT CITY CA CLIMATE SUMMARY FOR AUGUST 20 2018...

CLIMATE NORMAL PERIOD 1981 TO 2010
CLIMATE RECORD PERIOD 1894 TO 2018


WEATHER ITEM   OBSERVED TIME   RECORD YEAR NORMAL DEPARTURE LAST
                VALUE   (LST)  VALUE       VALUE  FROM      YEAR
                                                  NORMAL
..................................................................
TEMPERATURE (F)
 YESTERDAY
  MAXIMUM         58    251 PM  94    1933  63     -5       61
  MINIMUM         54   1159 PM  41    1907  52      2       52
  AVERAGE         56                        57     -1       57

PRECIPITATION (IN)
  YESTERDAY        0.00          0.89 1968   0.02  -0.02     0.00
  MONTH TO DATE    T                         0.30  -0.30     0.02
  SINCE OCT 1     45.78                     62.88 -17.10    94.31
  SINCE JAN 1     31.76                     37.64  -5.88    49.21

SNOWFALL (IN)
  YESTERDAY        0.0          MM      MM  MM     MM        0.0
  MONTH TO DATE    0.0                      MM     MM        0.0
  SINCE JUN 1      0.0                      MM     MM        0.0
  SINCE JUL 1      0.0                      MM     MM        0.0
  SNOW DEPTH       0

DEGREE DAYS
 HEATING
  YESTERDAY        9                         8      1        8
  MONTH TO DATE  120                       160    -40      133
  SINCE JUN 1    636                       743   -107      697
  SINCE JUL 1    334                       434   -100      414

 COOLING
  YESTERDAY        0                         0      0        0
  MONTH TO DATE    0                         0      0        0
  SINCE JUN 1      0                         0      0        0
  SINCE JAN 1      0                         0      0        0
..................................................................


WIND (MPH)
  HIGHEST WIND SPEED    18   HIGHEST WIND DIRECTION     S (160)
  HIGHEST GUST SPEED    23   HIGHEST GUST DIRECTION     S (170)
  AVERAGE WIND SPEED     7.4


SKY COVER
  AVERAGE SKY COVER 1.0


WEATHER CONDITIONS
 THE FOLLOWING WEATHER WAS RECORDED YESTERDAY.
  FOG
  HAZE


RELATIVE HUMIDITY (PERCENT)
 HIGHEST   100
 LOWEST     86
 AVERAGE    93

..........................................................


THE CRESCENT CITY CA CLIMATE NORMALS FOR TODAY
                         NORMAL    RECORD    YEAR
 MAXIMUM TEMPERATURE (F)   63        93      1933
 MINIMUM TEMPERATURE (F)   52        40      1904


SUNRISE AND SUNSET
AUGUST 21 2018........SUNRISE   632 AM PDT   SUNSET   808 PM PDT
AUGUST 22 2018........SUNRISE   633 AM PDT   SUNSET   806 PM PDT


-  INDICATES NEGATIVE NUMBERS.
R  INDICATES RECORD WAS SET OR TIED.
MM INDICATES DATA IS MISSING.
T  INDICATES TRACE AMOUNT.




$$
