000
CDUS41 KLWX 070523
CLICHO

CLIMATE REPORT
NATIONAL WEATHER SERVICE BALTIMORE MD/WASHINGTON DC
123 AM EDT FRI MAY 07 2021

...................................

...THE CHARLOTTESVILLE VA CLIMATE SUMMARY FOR MAY 6 2021...

CLIMATE NORMAL PERIOD: 1991 TO 2020
CLIMATE RECORD PERIOD: 1998 TO 2021


WEATHER ITEM   OBSERVED TIME   NORMAL DEPARTURE LAST
                VALUE   (LST)  VALUE  FROM      YEAR
                                      NORMAL
.......................................................
TEMPERATURE (F)
 YESTERDAY
  MAXIMUM         67   5:48 PM  76     -9       65
  MINIMUM         48  11:59 PM  53     -5       50
  AVERAGE         58            64     -6       58

PRECIPITATION (IN)
  YESTERDAY        0.00          0.14  -0.14     0.01
  MONTH TO DATE    0.27          0.78  -0.51     0.38
  SINCE MAR 1      4.92          7.49  -2.57     8.21
  SINCE JAN 1     12.20         12.80  -0.60    14.46

DEGREE DAYS
 HEATING
  YESTERDAY        7             4      3        7
  MONTH TO DATE   11            24    -13       26
  SINCE MAR 1    662           770   -108      616
  SINCE JUL 1   3427          3711   -284     3254

 COOLING
  YESTERDAY        0             3     -3        0
  MONTH TO DATE   26            13     13        8
  SINCE MAR 1     64            56      8       35
  SINCE JAN 1     64            57      7       36
.......................................................


WIND (MPH)
  HIGHEST WIND SPEED    14   HIGHEST WIND DIRECTION     N (360)
  HIGHEST GUST SPEED    21   HIGHEST GUST DIRECTION     N (360)
  AVERAGE WIND SPEED     4.6


SKY COVER
  AVERAGE SKY COVER 0.1


WEATHER CONDITIONS
THE FOLLOWING WEATHER WAS RECORDED YESTERDAY.
  NO SIGNIFICANT WEATHER WAS OBSERVED.


RELATIVE HUMIDITY (PERCENT)
 HIGHEST    71          11:00 PM
 LOWEST     30           5:00 PM
 AVERAGE    51

..........................................................


THE CHARLOTTESVILLE VA CLIMATE NORMALS FOR TODAY
                         NORMAL




SUNRISE AND SUNSET
MAY  7 2021...........SUNRISE   6:10 AM EDT   SUNSET   8:11 PM EDT
MAY  8 2021...........SUNRISE   6:09 AM EDT   SUNSET   8:12 PM EDT


-  INDICATES NEGATIVE NUMBERS.
R  INDICATES RECORD WAS SET OR TIED.
MM INDICATES DATA IS MISSING.
T  INDICATES TRACE AMOUNT.




$$
