000
CDUS41 KLWX 240532
CLICHO


CLIMATE REPORT
NATIONAL WEATHER SERVICE BALTIMORE MD/WASHINGTON DC
131 AM EDT THU MAY 24 2018


...................................

...THE CHARLOTTESVILLE VA CLIMATE SUMMARY FOR MAY 23 2018...

CLIMATE NORMAL PERIOD 1981 TO 2010
CLIMATE RECORD PERIOD 1998 TO 2018


WEATHER ITEM   OBSERVED TIME   RECORD YEAR NORMAL DEPARTURE LAST
                VALUE   (LST)  VALUE       VALUE  FROM      YEAR
                                                  NORMAL
..................................................................
TEMPERATURE (F)
 YESTERDAY
  MAXIMUM         88    213 PM  MM      MM  76     12       68
  MINIMUM         65   1159 PM  MM      MM  54     11       60
  AVERAGE         77                        65     12       64

PRECIPITATION (IN)
  YESTERDAY        0.00                      0.14  -0.14     0.56
  MONTH TO DATE    4.58                      2.78   1.80     6.06
  SINCE MAR 1     10.18                      9.80   0.38    11.59
  SINCE JAN 1     16.04                     15.27   0.77    14.83

DEGREE DAYS
 HEATING
  YESTERDAY        0                         3     -3        1
  MONTH TO DATE    3                       106   -103       85
  SINCE MAR 1    970                      1006    -36      713
  SINCE JUL 1   3853                      4418   -565     3086

 COOLING
  YESTERDAY       12                         3      9        0
  MONTH TO DATE  164                        38    126       75
  SINCE MAR 1    180                        59    121      172
  SINCE JAN 1    185                        59    126      173
..................................................................


WIND (MPH)
  HIGHEST WIND SPEED    13   HIGHEST WIND DIRECTION    NE (30)
  HIGHEST GUST SPEED    19   HIGHEST GUST DIRECTION    SW (210)
  AVERAGE WIND SPEED     5.1


SKY COVER
  POSSIBLE SUNSHINE  MM
  AVERAGE SKY COVER 0.1


WEATHER CONDITIONS
 THE FOLLOWING WEATHER WAS RECORDED YESTERDAY.
  NO SIGNIFICANT WEATHER WAS OBSERVED.


RELATIVE HUMIDITY (PERCENT)
 HIGHEST    93           100 AM
 LOWEST     36           400 PM
 AVERAGE    65

..........................................................


THE CHARLOTTESVILLE VA CLIMATE NORMALS FOR TODAY
                         NORMAL    RECORD    YEAR
 MAXIMUM TEMPERATURE (F)   77        MM        MM
 MINIMUM TEMPERATURE (F)   54        MM        MM


SUNRISE AND SUNSET
MAY 24 2018...........SUNRISE   557 AM EDT   SUNSET   825 PM EDT
MAY 25 2018...........SUNRISE   556 AM EDT   SUNSET   826 PM EDT


-  INDICATES NEGATIVE NUMBERS.
R  INDICATES RECORD WAS SET OR TIED.
MM INDICATES DATA IS MISSING.
T  INDICATES TRACE AMOUNT.




$$
