000
CDUS41 KLWX 150523
CLICHO


CLIMATE REPORT
NATIONAL WEATHER SERVICE BALTIMORE MD/WASHINGTON DC
123 AM EDT WED AUG 15 2018


...................................

...THE CHARLOTTESVILLE VA CLIMATE SUMMARY FOR AUGUST 14 2018...

CLIMATE NORMAL PERIOD 1981 TO 2010
CLIMATE RECORD PERIOD 1998 TO 2018


WEATHER ITEM   OBSERVED TIME   RECORD YEAR NORMAL DEPARTURE LAST
                VALUE   (LST)  VALUE       VALUE  FROM      YEAR
                                                  NORMAL
..................................................................
TEMPERATURE (F)
 YESTERDAY
  MAXIMUM         86    419 PM  MM      MM  85      1       80
  MINIMUM         62    550 AM  MM      MM  64     -2       64
  AVERAGE         74                        74      0       72

PRECIPITATION (IN)
  YESTERDAY        0.00                      0.12  -0.12      T
  MONTH TO DATE    4.56                      1.90   2.66     1.18
  SINCE JUN 1     18.45                      9.95   8.50     7.79
  SINCE JAN 1     39.54                     26.42  13.12    25.34

DEGREE DAYS
 HEATING
  YESTERDAY        0                         0      0        0
  MONTH TO DATE    0                         0      0        0
  SINCE JUN 1      0                        12    -12        1
  SINCE JUL 1      0                         1     -1        0

 COOLING
  YESTERDAY        9                         9      0        7
  MONTH TO DATE  196                       138     58      151
  SINCE JUN 1    922                       682    240      916
  SINCE JAN 1   1184                       768    416     1126
..................................................................


WIND (MPH)
  HIGHEST WIND SPEED    10   HIGHEST WIND DIRECTION     S (200)
  HIGHEST GUST SPEED    13   HIGHEST GUST DIRECTION    SW (240)
  AVERAGE WIND SPEED     2.6


SKY COVER
  POSSIBLE SUNSHINE  MM
  AVERAGE SKY COVER 0.1


WEATHER CONDITIONS
 THE FOLLOWING WEATHER WAS RECORDED YESTERDAY.
  FOG


RELATIVE HUMIDITY (PERCENT)
 HIGHEST    93          1200 AM
 LOWEST     51           300 PM
 AVERAGE    72

..........................................................


THE CHARLOTTESVILLE VA CLIMATE NORMALS FOR TODAY
                         NORMAL    RECORD    YEAR
 MAXIMUM TEMPERATURE (F)   85        MM        MM
 MINIMUM TEMPERATURE (F)   64        MM        MM


SUNRISE AND SUNSET
AUGUST 15 2018........SUNRISE   629 AM EDT   SUNSET   807 PM EDT
AUGUST 16 2018........SUNRISE   630 AM EDT   SUNSET   806 PM EDT


-  INDICATES NEGATIVE NUMBERS.
R  INDICATES RECORD WAS SET OR TIED.
MM INDICATES DATA IS MISSING.
T  INDICATES TRACE AMOUNT.




$$
