062
CDUS41 KLWX 232126
CLICHO

CLIMATE REPORT
NATIONAL WEATHER SERVICE BALTIMORE MD/WASHINGTON DC
526 PM EDT SUN JUN 23 2024

...................................

...THE CHARLOTTESVILLE VA CLIMATE SUMMARY FOR JUNE 23 2024...
VALID TODAY AS OF 0500 PM LOCAL TIME.

CLIMATE NORMAL PERIOD: 1991 TO 2020
CLIMATE RECORD PERIOD: 1893 TO 2024


WEATHER ITEM   OBSERVED TIME   NORMAL DEPARTURE LAST
                VALUE   (LST)  VALUE  FROM      YEAR
                                      NORMAL
.......................................................
TEMPERATURE (F)
 TODAY
  MAXIMUM         97   1:45 PM  88      9       82
  MINIMUM         72   4:18 AM  66      6       66
  AVERAGE         85            77      8       74

PRECIPITATION (IN)
  TODAY            0.00          0.14  -0.14     0.33
  MONTH TO DATE    0.14          3.39  -3.25     0.36
  SINCE JUN 1      0.14          3.39  -3.25     0.36
  SINCE JAN 1     16.12         19.58  -3.46    11.06

DEGREE DAYS
 HEATING
  TODAY            0             0      0        0
  MONTH TO DATE    0             3     -3        3
  SINCE JUN 1      0             3     -3        3
  SINCE JUL 1   3133          3766   -633     3166

 COOLING
  TODAY           20            12      8        9
  MONTH TO DATE  271           209     62      124
  SINCE JUN 1    271           209     62      124
  SINCE JAN 1    498           377    121      260
.......................................................


WIND (MPH)
  HIGHEST WIND SPEED    18   HIGHEST WIND DIRECTION     S (200)
  HIGHEST GUST SPEED    26   HIGHEST GUST DIRECTION     S (190)
  AVERAGE WIND SPEED     7.9


SKY COVER
  AVERAGE SKY COVER 0.0


WEATHER CONDITIONS
THE FOLLOWING WEATHER WAS RECORDED TODAY.
  NO SIGNIFICANT WEATHER WAS OBSERVED.


RELATIVE HUMIDITY (PERCENT)
 HIGHEST    79           5:00 AM
 LOWEST     39           2:00 PM
 AVERAGE    59

..........................................................


THE CHARLOTTESVILLE VA CLIMATE NORMALS FOR TOMORROW
                         NORMAL




SUNRISE AND SUNSET
JUNE 23 2024..........SUNRISE   5:52 AM EDT   SUNSET   8:41 PM EDT
JUNE 24 2024..........SUNRISE   5:52 AM EDT   SUNSET   8:41 PM EDT


-  INDICATES NEGATIVE NUMBERS.
R  INDICATES RECORD WAS SET OR TIED.
MM INDICATES DATA IS MISSING.
T  INDICATES TRACE AMOUNT.




$$