000
CDUS41 KLWX 090534
CLICHO

CLIMATE REPORT
NATIONAL WEATHER SERVICE BALTIMORE MD/WASHINGTON DC
134 AM EDT SUN AUG 09 2020

...................................

...THE CHARLOTTESVILLE VA CLIMATE SUMMARY FOR AUGUST 8 2020...

CLIMATE NORMAL PERIOD: 1981 TO 2010
CLIMATE RECORD PERIOD: 1998 TO 2020


WEATHER ITEM   OBSERVED TIME   NORMAL DEPARTURE LAST
                VALUE   (LST)  VALUE  FROM      YEAR
                                      NORMAL
.......................................................
TEMPERATURE (F)
 YESTERDAY
  MAXIMUM         87   3:50 PM  85      2       91
  MINIMUM         72   6:53 AM  64      8       67
  AVERAGE         80            75      5       79

PRECIPITATION (IN)
  YESTERDAY        0.00          0.14  -0.14     0.00
  MONTH TO DATE    1.68          1.13   0.55     0.52
  SINCE JUN 1      6.71          9.18  -2.47     8.38
  SINCE JAN 1     23.49         25.65  -2.16    25.82

DEGREE DAYS
 HEATING
  YESTERDAY        0             0      0        0
  MONTH TO DATE    0             0      0        0
  SINCE JUN 1      3            12     -9        0
  SINCE JUL 1      0             1     -1        0

 COOLING
  YESTERDAY       15            10      5       14
  MONTH TO DATE  100            80     20      112
  SINCE JUN 1    987           624    363      894
  SINCE JAN 1   1117           710    407     1180
.......................................................


WIND (MPH)
  HIGHEST WIND SPEED     8   HIGHEST WIND DIRECTION    NE (50)
  HIGHEST GUST SPEED    12   HIGHEST GUST DIRECTION    NE (30)
  AVERAGE WIND SPEED     4.0


SKY COVER
  AVERAGE SKY COVER 0.6


WEATHER CONDITIONS
THE FOLLOWING WEATHER WAS RECORDED YESTERDAY.
  FOG


RELATIVE HUMIDITY (PERCENT)
 HIGHEST    93           5:00 AM
 LOWEST     57           4:00 PM
 AVERAGE    75

..........................................................


THE CHARLOTTESVILLE VA CLIMATE NORMALS FOR TODAY
                         NORMAL




SUNRISE AND SUNSET
AUGUST  9 2020........SUNRISE   6:24 AM EDT   SUNSET   8:14 PM EDT
AUGUST 10 2020........SUNRISE   6:25 AM EDT   SUNSET   8:13 PM EDT


-  INDICATES NEGATIVE NUMBERS.
R  INDICATES RECORD WAS SET OR TIED.
MM INDICATES DATA IS MISSING.
T  INDICATES TRACE AMOUNT.




$$
