631
CDUS41 KLWX 180524
CLICHO


CLIMATE REPORT
NATIONAL WEATHER SERVICE BALTIMORE MD/WASHINGTON DC
124 AM EDT FRI OCT 18 2019


...................................

...THE CHARLOTTESVILLE VA CLIMATE SUMMARY FOR OCTOBER 17 2019...

CLIMATE NORMAL PERIOD 1981 TO 2010
CLIMATE RECORD PERIOD 1998 TO 2019


WEATHER ITEM   OBSERVED TIME   NORMAL DEPARTURE LAST
                VALUE   (LST)  VALUE  FROM      YEAR
                                      NORMAL
......................................................
TEMPERATURE (F)
 YESTERDAY
  MAXIMUM         66    300 PM  67     -1       72
  MINIMUM         51   1041 PM  44      7       53
  AVERAGE         59            56      3       63

PRECIPITATION (IN)
  YESTERDAY        0.00          0.09  -0.09     0.00
  MONTH TO DATE    0.86          1.79  -0.93     2.08
  SINCE SEP 1      1.30          6.27  -4.97     7.45
  SINCE JAN 1     29.25         34.41  -5.16    47.72

DEGREE DAYS
 HEATING
  YESTERDAY        6            10     -4        2
  MONTH TO DATE   50           127    -77       33
  SINCE SEP 1     50           182   -132       39
  SINCE JUL 1     50           185   -135       39

 COOLING
  YESTERDAY        0             0      0        0
  MONTH TO DATE   66            12     54      114
  SINCE SEP 1    381           123    258      398
  SINCE JAN 1   1838          1033    805     1810
......................................................


WIND (MPH)
  HIGHEST WIND SPEED    20   HIGHEST WIND DIRECTION    NW (300)
  HIGHEST GUST SPEED    36   HIGHEST GUST DIRECTION     W (250)
  AVERAGE WIND SPEED     8.5


SKY COVER
  POSSIBLE SUNSHINE  MM
  AVERAGE SKY COVER 0.2


WEATHER CONDITIONS
 THE FOLLOWING WEATHER WAS RECORDED YESTERDAY.
  NO SIGNIFICANT WEATHER WAS OBSERVED.


RELATIVE HUMIDITY (PERCENT)
 HIGHEST    46           200 AM
 LOWEST     26           200 PM
 AVERAGE    36

..........................................................


THE CHARLOTTESVILLE VA CLIMATE NORMALS FOR TODAY
                         NORMAL    RECORD    YEAR
 MAXIMUM TEMPERATURE (F)   67        MM        MM
 MINIMUM TEMPERATURE (F)   43        MM        MM


SUNRISE AND SUNSET
OCTOBER 18 2019.......SUNRISE   725 AM EDT   SUNSET   632 PM EDT
OCTOBER 19 2019.......SUNRISE   726 AM EDT   SUNSET   631 PM EDT


-  INDICATES NEGATIVE NUMBERS.
R  INDICATES RECORD WAS SET OR TIED.
MM INDICATES DATA IS MISSING.
T  INDICATES TRACE AMOUNT.




$$
