000
CDUS41 KLWX 210531
CLICHO


CLIMATE REPORT
NATIONAL WEATHER SERVICE BALTIMORE MD/WASHINGTON DC
131 AM EDT MON MAY 21 2018


...................................

...THE CHARLOTTESVILLE VA CLIMATE SUMMARY FOR MAY 20 2018...

CLIMATE NORMAL PERIOD 1981 TO 2010
CLIMATE RECORD PERIOD 1998 TO 2018


WEATHER ITEM   OBSERVED TIME   RECORD YEAR NORMAL DEPARTURE LAST
                VALUE   (LST)  VALUE       VALUE  FROM      YEAR
                                                  NORMAL
..................................................................
TEMPERATURE (F)
 YESTERDAY
  MAXIMUM         89    315 PM  MM      MM  76     13       78
  MINIMUM         67   1221 AM  MM      MM  53     14       65
  AVERAGE         78                        64     14       72

PRECIPITATION (IN)
  YESTERDAY        0.30                      0.13   0.17      T
  MONTH TO DATE    4.34                      2.37   1.97     4.95
  SINCE MAR 1      9.94                      9.39   0.55    10.48
  SINCE JAN 1     15.80                     14.86   0.94    13.72

DEGREE DAYS
 HEATING
  YESTERDAY        0                         3     -3        0
  MONTH TO DATE    3                        97    -94       83
  SINCE MAR 1    970                       997    -27      711
  SINCE JUL 1   3853                      4409   -556     3084

 COOLING
  YESTERDAY       13                         2     11        7
  MONTH TO DATE  130                        31     99       70
  SINCE MAR 1    146                        52     94      167
  SINCE JAN 1    151                        52     99      168
..................................................................


WIND (MPH)
  HIGHEST WIND SPEED    14   HIGHEST WIND DIRECTION     S (190)
  HIGHEST GUST SPEED    18   HIGHEST GUST DIRECTION    SW (220)
  AVERAGE WIND SPEED     5.1


SKY COVER
  POSSIBLE SUNSHINE  MM
  AVERAGE SKY COVER 0.4


WEATHER CONDITIONS
 THE FOLLOWING WEATHER WAS RECORDED YESTERDAY.
  THUNDERSTORM
  HEAVY RAIN
  LIGHT RAIN
  FOG
  HAZE


RELATIVE HUMIDITY (PERCENT)
 HIGHEST    97           500 AM
 LOWEST     46           200 PM
 AVERAGE    72

..........................................................


THE CHARLOTTESVILLE VA CLIMATE NORMALS FOR TODAY
                         NORMAL    RECORD    YEAR
 MAXIMUM TEMPERATURE (F)   76        MM        MM
 MINIMUM TEMPERATURE (F)   53        MM        MM


SUNRISE AND SUNSET
MAY 21 2018...........SUNRISE   558 AM EDT   SUNSET   823 PM EDT
MAY 22 2018...........SUNRISE   558 AM EDT   SUNSET   824 PM EDT


-  INDICATES NEGATIVE NUMBERS.
R  INDICATES RECORD WAS SET OR TIED.
MM INDICATES DATA IS MISSING.
T  INDICATES TRACE AMOUNT.




$$
