000
CDUS44 KHGX 250719
CLICLL


CLIMATE REPORT
NATIONAL WEATHER SERVICE
217 AM CDT FRI MAY 25 2018


...................................

...THE COLLEGE STATION CLIMATE SUMMARY FOR MAY 24 2018...

CLIMATE NORMAL PERIOD 1981 TO 2010
CLIMATE RECORD PERIOD 1902 TO 2018


WEATHER ITEM   OBSERVED TIME   RECORD YEAR NORMAL DEPARTURE LAST
                VALUE   (LST)  VALUE       VALUE  FROM      YEAR
                                                  NORMAL
..................................................................
TEMPERATURE (F)
 YESTERDAY
  MAXIMUM         90    529 PM  99    1925  88      2       83
  MINIMUM         71    543 AM  55    2017  69      2       55
                                      1940
                                      1930
  AVERAGE         81                        78      3       69

PRECIPITATION (IN)
  YESTERDAY        0.00          2.60 1933   0.14  -0.14     0.00
  MONTH TO DATE    2.08                      3.30  -1.22     4.65
  SINCE MAR 1      9.72                      9.13   0.59     9.33
  SINCE JAN 1     12.64                     15.22  -2.58    16.33

SNOWFALL (IN)
  YESTERDAY        0.0
  MONTH TO DATE    0.0
  SINCE JUL 1      5.0

DEGREE DAYS
 HEATING
  YESTERDAY        0                         0      0        0
  MONTH TO DATE    0                         0      0        0
  SINCE MAR 1    154                       219    -65       78
  SINCE JUL 1   1521                      1606    -85      847

 COOLING
  YESTERDAY       16                        13      3        4
  MONTH TO DATE  312                       252     60      204
  SINCE MAR 1    498                       463     35      525
  SINCE JAN 1    544                       491     53      656
..................................................................


WIND (MPH)
  HIGHEST WIND SPEED    15   HIGHEST WIND DIRECTION    SE (140)
  HIGHEST GUST SPEED    19   HIGHEST GUST DIRECTION    SE (150)
  AVERAGE WIND SPEED     5.1


SKY COVER
  AVERAGE SKY COVER 0.4


WEATHER CONDITIONS
 THE FOLLOWING WEATHER WAS RECORDED YESTERDAY.
  NO SIGNIFICANT WEATHER WAS OBSERVED.


RELATIVE HUMIDITY (PERCENT)
 HIGHEST    93           200 AM
 LOWEST     52           400 PM
 AVERAGE    73

..........................................................


THE COLLEGE STATION CLIMATE NORMALS FOR TODAY
                         NORMAL    RECORD    YEAR
 MAXIMUM TEMPERATURE (F)   88        97      2011
 MINIMUM TEMPERATURE (F)   69        55      1947


SUNRISE AND SUNSET
MAY 25 2018...........SUNRISE   626 AM CDT   SUNSET   819 PM CDT
MAY 26 2018...........SUNRISE   625 AM CDT   SUNSET   820 PM CDT


-  INDICATES NEGATIVE NUMBERS.
R  INDICATES RECORD WAS SET OR TIED.
MM INDICATES DATA IS MISSING.
T  INDICATES TRACE AMOUNT.




$$
