000
CDUS44 KHGX 172129
CLICLL


CLIMATE REPORT
NATIONAL WEATHER SERVICE HOUSTON/GALVESTON TX
428 PM CDT FRI AUG 17 2018


...................................

...THE COLLEGE STATION CLIMATE SUMMARY FOR AUGUST 17 2018...
VALID TODAY AS OF 400 PM LOCAL TIME.

CLIMATE NORMAL PERIOD 1981 TO 2010
CLIMATE RECORD PERIOD 1902 TO 2018


WEATHER ITEM   OBSERVED TIME   RECORD YEAR NORMAL DEPARTURE LAST
                VALUE   (LST)  VALUE       VALUE  FROM      YEAR
                                                  NORMAL
..................................................................
TEMPERATURE (F)
 TODAY
  MAXIMUM         99    253 PM 110    1903  97      2       99
  MINIMUM         76    515 AM  62    1992  75      1       80
  AVERAGE         88                        86      2       90

PRECIPITATION (IN)
  TODAY            0.00          6.19 1915   0.09  -0.09     0.00
  MONTH TO DATE    0.21                      1.28  -1.07     2.79
  SINCE JUN 1      3.82                      7.87  -4.05     9.34
  SINCE JAN 1     16.46                     24.12  -7.66    25.93

SNOWFALL (IN)
  TODAY            0.0
  MONTH TO DATE    0.0
  SINCE JUL 1      0.0

DEGREE DAYS
 HEATING
  TODAY            0                         0      0        0
  MONTH TO DATE    0                         0      0        0
  SINCE JUN 1      0                         0      0        0
  SINCE JUL 1      0                         0      0        0

 COOLING
  TODAY           23                        21      2       25
  MONTH TO DATE  347                       356     -9      364
  SINCE JUN 1   1587                      1483    104     1531
  SINCE JAN 1   2262                      2071    191     2292
..................................................................


WIND (MPH)
  HIGHEST WIND SPEED    16   HIGHEST WIND DIRECTION     S (160)
  HIGHEST GUST SPEED    21   HIGHEST GUST DIRECTION     S (200)
  AVERAGE WIND SPEED     7.8


SKY COVER
  AVERAGE SKY COVER 0.2


WEATHER CONDITIONS
 THE FOLLOWING WEATHER WAS RECORDED TODAY.
  NO SIGNIFICANT WEATHER WAS OBSERVED.


RELATIVE HUMIDITY (PERCENT)
 HIGHEST    97           700 AM
 LOWEST     35           300 PM
 AVERAGE    66

..........................................................


THE COLLEGE STATION CLIMATE NORMALS FOR TOMORROW
                         NORMAL    RECORD    YEAR
 MAXIMUM TEMPERATURE (F)   97       106      1945
 MINIMUM TEMPERATURE (F)   75        61      1992


SUNRISE AND SUNSET
AUGUST 17 2018........SUNRISE   653 AM CDT   SUNSET   805 PM CDT
AUGUST 18 2018........SUNRISE   654 AM CDT   SUNSET   804 PM CDT


-  INDICATES NEGATIVE NUMBERS.
R  INDICATES RECORD WAS SET OR TIED.
MM INDICATES DATA IS MISSING.
T  INDICATES TRACE AMOUNT.




$$
