000
CDUS44 KHGX 212126
CLICLL


CLIMATE REPORT
NATIONAL WEATHER SERVICE HOUSTON/GALVESTON TX
426 PM CDT MON OCT 21 2019


...................................

...THE COLLEGE STATION CLIMATE SUMMARY FOR OCTOBER 21 2019...
VALID TODAY AS OF 400 PM LOCAL TIME.

CLIMATE NORMAL PERIOD 1981 TO 2010
CLIMATE RECORD PERIOD 1902 TO 2019


WEATHER ITEM   OBSERVED TIME   RECORD YEAR NORMAL DEPARTURE LAST
                VALUE   (LST)  VALUE       VALUE  FROM      YEAR
                                                  NORMAL
..................................................................
TEMPERATURE (F)
 TODAY
  MAXIMUM         82    215 AM  95    1934  80      2       72
  MINIMUM         67    758 AM  35    1976  59      8       55
  AVERAGE         75                        69      6       64

PRECIPITATION (IN)
  TODAY           MM             1.86 1985   0.18  MM        0.00
  MONTH TO DATE    0.70                      3.37  -2.67     8.97
  SINCE SEP 1      3.24                      6.55  -3.31    17.21
  SINCE JAN 1     32.10                     32.07   0.03    33.67

SNOWFALL (IN)
  TODAY            0.0
  MONTH TO DATE    0.0
  SINCE JUL 1      0.0

DEGREE DAYS
 HEATING
  TODAY            0                         1     -1        1
  MONTH TO DATE    6                        11     -5       31
  SINCE SEP 1      6                        13     -7       31
  SINCE JUL 1      6                        13     -7       31

 COOLING
  TODAY           10                         6      4        0
  MONTH TO DATE  250                       167     83      190
  SINCE SEP 1    852                       617    235      612
  SINCE JAN 1   3325                      2963    362     3194
..................................................................


WIND (MPH)
  HIGHEST WIND SPEED    35   HIGHEST WIND DIRECTION    NW (300)
  HIGHEST GUST SPEED    44   HIGHEST GUST DIRECTION    NW (310)
  AVERAGE WIND SPEED    11.1


SKY COVER
  AVERAGE SKY COVER 0.4


WEATHER CONDITIONS
 THE FOLLOWING WEATHER WAS RECORDED TODAY.
  THUNDERSTORM
  HEAVY RAIN
  RAIN
  LIGHT RAIN
  FOG


RELATIVE HUMIDITY (PERCENT)
 HIGHEST    90           500 AM
 LOWEST     21           300 PM
 AVERAGE    56

..........................................................


THE COLLEGE STATION CLIMATE NORMALS FOR TOMORROW
                         NORMAL    RECORD    YEAR
 MAXIMUM TEMPERATURE (F)   80        95      1939
 MINIMUM TEMPERATURE (F)   59        38      1911


SUNRISE AND SUNSET
OCTOBER 21 2019.......SUNRISE   732 AM CDT   SUNSET   648 PM CDT
OCTOBER 22 2019.......SUNRISE   732 AM CDT   SUNSET   647 PM CDT


-  INDICATES NEGATIVE NUMBERS.
R  INDICATES RECORD WAS SET OR TIED.
MM INDICATES DATA IS MISSING.
T  INDICATES TRACE AMOUNT.




$$
