000
CDUS44 KHGX 160719
CLICLL


CLIMATE REPORT
NATIONAL WEATHER SERVICE HOUSTON/GALVESTON TX
219 AM CDT TUE OCT 16 2018


...................................

...THE COLLEGE STATION CLIMATE SUMMARY FOR OCTOBER 15 2018...

CLIMATE NORMAL PERIOD 1981 TO 2010
CLIMATE RECORD PERIOD 1902 TO 2018


WEATHER ITEM   OBSERVED TIME   RECORD YEAR NORMAL DEPARTURE LAST
                VALUE   (LST)  VALUE       VALUE  FROM      YEAR
                                                  NORMAL
..................................................................
TEMPERATURE (F)
 YESTERDAY
  MAXIMUM         74    131 AM  96    1910  82     -8       81
  MINIMUM         47    615 PM  39    1901  61    -14       63
  AVERAGE         61                        71    -10       72

PRECIPITATION (IN)
  YESTERDAY        2.72R         2.22 1957   0.17   2.55     0.00
  MONTH TO DATE    6.44                      2.30   4.14     0.52
  SINCE SEP 1     14.68                      5.48   9.20     1.50
  SINCE JAN 1     31.14                     31.00   0.14    45.66

SNOWFALL (IN)
  YESTERDAY       MM
  MONTH TO DATE    0.0
  SINCE JUL 1      0.0

DEGREE DAYS
 HEATING
  YESTERDAY        4                         1      3        0
  MONTH TO DATE    4                         5     -1        0
  SINCE SEP 1      4                         7     -3        0
  SINCE JUL 1      4                         7     -3        0

 COOLING
  YESTERDAY        0                         7     -7        7
  MONTH TO DATE  187                       129     58      193
  SINCE SEP 1    609                       579     30      653
  SINCE JAN 1   3191                      2925    266     3190
..................................................................


WIND (MPH)
  HIGHEST WIND SPEED    25   HIGHEST WIND DIRECTION     N (10)
  HIGHEST GUST SPEED    35   HIGHEST GUST DIRECTION     N (10)
  AVERAGE WIND SPEED    14.9


SKY COVER
  AVERAGE SKY COVER 0.9


WEATHER CONDITIONS
 THE FOLLOWING WEATHER WAS RECORDED YESTERDAY.
  THUNDERSTORM
  HEAVY RAIN
  RAIN
  LIGHT RAIN
  FOG


RELATIVE HUMIDITY (PERCENT)
 HIGHEST   100           500 AM
 LOWEST     89           800 AM
 AVERAGE    95

..........................................................


THE COLLEGE STATION CLIMATE NORMALS FOR TODAY
                         NORMAL    RECORD    YEAR
 MAXIMUM TEMPERATURE (F)   82        95      1910
 MINIMUM TEMPERATURE (F)   60        42      1974
                                             1954
                                             1943


SUNRISE AND SUNSET
OCTOBER 16 2018.......SUNRISE   728 AM CDT   SUNSET   653 PM CDT
OCTOBER 17 2018.......SUNRISE   729 AM CDT   SUNSET   652 PM CDT


-  INDICATES NEGATIVE NUMBERS.
R  INDICATES RECORD WAS SET OR TIED.
MM INDICATES DATA IS MISSING.
T  INDICATES TRACE AMOUNT.




$$
