000
CDUS44 KHGX 042133
CLICLL

CLIMATE REPORT
NATIONAL WEATHER SERVICE HOUSTON/GALVESTON TX
433 PM CDT MON JUL 04 2022

...................................

...THE COLLEGE STATION CLIMATE SUMMARY FOR JULY 4 2022...
VALID TODAY AS OF 0400 PM LOCAL TIME.

CLIMATE NORMAL PERIOD: 1991 TO 2020
CLIMATE RECORD PERIOD: 1902 TO 2022


WEATHER ITEM   OBSERVED TIME   RECORD YEAR NORMAL DEPARTURE LAST
                VALUE   (LST)  VALUE       VALUE  FROM      YEAR
                                                  NORMAL
...................................................................
TEMPERATURE (F)
 TODAY
  MAXIMUM        101   2:52 PM 103    1933  94      7       87
  MINIMUM         78   6:22 AM  62    1901  75      3       74
  AVERAGE         90                        84      6       81

PRECIPITATION (IN)
  TODAY            0.00          1.56 2006   0.08  -0.08
  MONTH TO DATE    0.00                      0.34  -0.34
  SINCE JUN 1      0.20                      4.35  -4.15
  SINCE JAN 1     15.48                     21.56  -6.08

SNOWFALL (IN)
  TODAY            0.0
  MONTH TO DATE    0.0
  SINCE JUN 1      0.0
  SINCE JUL 1      0.0

DEGREE DAYS
 HEATING
  TODAY            0                         0      0        0
  MONTH TO DATE    0                         0      0        0
  SINCE JUN 1      0                         0      0        0
  SINCE JUL 1      0                         0      0        0

 COOLING
  TODAY           25                        19      6       16
  MONTH TO DATE   97                        76     21       71
  SINCE JUN 1    784                       604    180      611
  SINCE JAN 1   1625                      1213    412     1188
...................................................................


WIND (MPH)
  HIGHEST WIND SPEED    17   HIGHEST WIND DIRECTION    SE (150)
  HIGHEST GUST SPEED    25   HIGHEST GUST DIRECTION     S (180)
  AVERAGE WIND SPEED     9.5


WEATHER CONDITIONS
THE FOLLOWING WEATHER WAS RECORDED TODAY.
  NO SIGNIFICANT WEATHER WAS OBSERVED.


RELATIVE HUMIDITY (PERCENT)
 HIGHEST    90
 LOWEST     32
 AVERAGE    61

..........................................................


THE COLLEGE STATION CLIMATE NORMALS FOR TOMORROW
                         NORMAL    RECORD    YEAR
 MAXIMUM TEMPERATURE (F)   94       104      2009
 MINIMUM TEMPERATURE (F)   75        63      1901
                                             1924


SUNRISE AND SUNSET
JULY  4 2022..........SUNRISE   6:28 AM CDT   SUNSET   8:32 PM CDT
JULY  5 2022..........SUNRISE   6:28 AM CDT   SUNSET   8:32 PM CDT


-  INDICATES NEGATIVE NUMBERS.
R  INDICATES RECORD WAS SET OR TIED.
MM INDICATES DATA IS MISSING.
T  INDICATES TRACE AMOUNT.




$$
