000
CDUS44 KHGX 270720
CLICLL


CLIMATE REPORT
NATIONAL WEATHER SERVICE HOUSTON/GALVESTON TX
219 AM CDT TUE OCT 27 2020


...................................

...THE COLLEGE STATION CLIMATE SUMMARY FOR OCTOBER 26 2020...

CLIMATE NORMAL PERIOD 1981 TO 2010
CLIMATE RECORD PERIOD 1902 TO 2020


WEATHER ITEM   OBSERVED TIME   RECORD YEAR NORMAL DEPARTURE LAST
                VALUE   (LST)  VALUE       VALUE  FROM      YEAR
                                                  NORMAL
..................................................................
TEMPERATURE (F)
 YESTERDAY
  MAXIMUM         81    100 PM  92    1939  78      3       71
  MINIMUM         49   1159 PM  38    2005  58     -9       50
                                      1957
  AVERAGE         65                        68     -3       61

PRECIPITATION (IN)
  YESTERDAY        0.13          3.74 1964   0.16  -0.03     0.00
  MONTH TO DATE    0.24                      4.20  -3.96     2.10
  SINCE SEP 1      4.06                      7.38  -3.32     4.64
  SINCE JAN 1     24.91                     32.90  -7.99    33.50

SNOWFALL (IN)
  YESTERDAY        0.0
  MONTH TO DATE    0.0
  SINCE JUL 1      0.0

DEGREE DAYS
 HEATING
  YESTERDAY        0                         2     -2        4
  MONTH TO DATE    6                        20    -14       24
  SINCE SEP 1      6                        22    -16       24
  SINCE JUL 1      6                        22    -16       24

 COOLING
  YESTERDAY        0                         5     -5        0
  MONTH TO DATE  249                       193     56      261
  SINCE SEP 1    645                       643      2      863
  SINCE JAN 1   3274                      2989    285     3336
..................................................................


WIND (MPH)
  HIGHEST WIND SPEED    20   HIGHEST WIND DIRECTION     N (350)
  HIGHEST GUST SPEED    25   HIGHEST GUST DIRECTION    NW (320)
  AVERAGE WIND SPEED    11.5


SKY COVER
  AVERAGE SKY COVER 1.0


WEATHER CONDITIONS
 THE FOLLOWING WEATHER WAS RECORDED YESTERDAY.
  HEAVY RAIN
  RAIN
  LIGHT RAIN
  FOG


RELATIVE HUMIDITY (PERCENT)
 HIGHEST   100           500 PM
 LOWEST     67          1200 PM
 AVERAGE    84

..........................................................


THE COLLEGE STATION CLIMATE NORMALS FOR TODAY
                         NORMAL    RECORD    YEAR
 MAXIMUM TEMPERATURE (F)   78        94      1891
 MINIMUM TEMPERATURE (F)   57        34      1957
                                             1913


SUNRISE AND SUNSET
OCTOBER 27 2020.......SUNRISE   737 AM CDT   SUNSET   641 PM CDT
OCTOBER 28 2020.......SUNRISE   737 AM CDT   SUNSET   641 PM CDT


-  INDICATES NEGATIVE NUMBERS.
R  INDICATES RECORD WAS SET OR TIED.
MM INDICATES DATA IS MISSING.
T  INDICATES TRACE AMOUNT.




$$
