000
CDUS44 KHGX 040719
CLICLL


CLIMATE REPORT
NATIONAL WEATHER SERVICE HOUSTON/GALVESTON TX
218 AM CDT TUE AUG 4 2020


...................................

...THE COLLEGE STATION CLIMATE SUMMARY FOR AUGUST 3 2020...

CLIMATE NORMAL PERIOD 1981 TO 2010
CLIMATE RECORD PERIOD 1902 TO 2020


WEATHER ITEM   OBSERVED TIME   RECORD YEAR NORMAL DEPARTURE LAST
                VALUE   (LST)  VALUE       VALUE  FROM      YEAR
                                                  NORMAL
..................................................................
TEMPERATURE (F)
 YESTERDAY
  MAXIMUM         97    351 PM 106    2011  96      1       90
                                      1998
  MINIMUM         71    524 AM  65    1949  75     -4       77
  AVERAGE         84                        86     -2       84

PRECIPITATION (IN)
  YESTERDAY        T             0.63 1915   0.07  -0.07     0.07
  MONTH TO DATE    0.32                      0.21   0.11     0.45
  SINCE JUN 1      5.51                      6.80  -1.29     5.58
  SINCE JAN 1     20.59                     23.05  -2.46    27.21

SNOWFALL (IN)
  YESTERDAY        0.0
  MONTH TO DATE    0.0
  SINCE JUL 1      0.0

DEGREE DAYS
 HEATING
  YESTERDAY        0                         0      0        0
  MONTH TO DATE    0                         0      0        0
  SINCE JUN 1      0                         0      0        0
  SINCE JUL 1      0                         0      0        0

 COOLING
  YESTERDAY       19                        21     -2       19
  MONTH TO DATE   57                        62     -5       63
  SINCE JUN 1   1260                      1189     71     1200
  SINCE JAN 1   2011                      1777    234     1814
..................................................................


WIND (MPH)
  HIGHEST WIND SPEED    18   HIGHEST WIND DIRECTION    NW (300)
  HIGHEST GUST SPEED    23   HIGHEST GUST DIRECTION    NW (310)
  AVERAGE WIND SPEED     2.8


SKY COVER
  AVERAGE SKY COVER 0.1


WEATHER CONDITIONS
 THE FOLLOWING WEATHER WAS RECORDED YESTERDAY.
  NO SIGNIFICANT WEATHER WAS OBSERVED.


RELATIVE HUMIDITY (PERCENT)
 HIGHEST    93          1200 AM
 LOWEST     31           500 PM
 AVERAGE    62

..........................................................


THE COLLEGE STATION CLIMATE NORMALS FOR TODAY
                         NORMAL    RECORD    YEAR
 MAXIMUM TEMPERATURE (F)   97       107      1951
 MINIMUM TEMPERATURE (F)   75        65      1915


SUNRISE AND SUNSET
AUGUST  4 2020........SUNRISE   646 AM CDT   SUNSET   817 PM CDT
AUGUST  5 2020........SUNRISE   646 AM CDT   SUNSET   816 PM CDT


-  INDICATES NEGATIVE NUMBERS.
R  INDICATES RECORD WAS SET OR TIED.
MM INDICATES DATA IS MISSING.
T  INDICATES TRACE AMOUNT.




$$
