000
CDUS44 KHGX 232219
CLICLL


CLIMATE REPORT
NATIONAL WEATHER SERVICE HOUSTON/GALVESTON TX
418 PM CST WED JAN 23 2019


...................................

...THE COLLEGE STATION CLIMATE SUMMARY FOR JANUARY 23 2019...
VALID TODAY AS OF 0400 PM LOCAL TIME.

CLIMATE NORMAL PERIOD 1981 TO 2010
CLIMATE RECORD PERIOD 1902 TO 2019


WEATHER ITEM   OBSERVED TIME   RECORD YEAR NORMAL DEPARTURE LAST
                VALUE   (LST)  VALUE       VALUE  FROM      YEAR
                                                  NORMAL
..................................................................
TEMPERATURE (F)
 TODAY
  MAXIMUM         46    259 PM  86    1972  61    -15       64
  MINIMUM         35   1032 AM   8    1940  41     -6       32
  AVERAGE         41                        51    -10       48

PRECIPITATION (IN)
  TODAY            0.38          2.72 1938   0.11   0.27     0.00
  MONTH TO DATE    4.51                      2.40   2.11     0.45
  SINCE DEC 1     14.11                      5.63   8.48     3.95
  SINCE JAN 1      4.51                      2.40   2.11     0.45

SNOWFALL (IN)
  TODAY           MM
  MONTH TO DATE    0.0
  SINCE JUL 1      T

DEGREE DAYS
 HEATING
  TODAY           24                        14     10       17
  MONTH TO DATE  315                       335    -20      434
  SINCE DEC 1    678                       746    -68      852
  SINCE JUL 1   1036                       971     65      999

 COOLING
  TODAY            0                         0      0        0
  MONTH TO DATE    3                         0      3        3
  SINCE DEC 1      6                        16    -10       16
  SINCE JAN 1      3                         0      3        3
..................................................................


WIND (MPH)
  HIGHEST WIND SPEED    26   HIGHEST WIND DIRECTION    NW (330)
  HIGHEST GUST SPEED    35   HIGHEST GUST DIRECTION    NW (330)
  AVERAGE WIND SPEED    16.2


SKY COVER
  AVERAGE SKY COVER 0.6


WEATHER CONDITIONS
 THE FOLLOWING WEATHER WAS RECORDED TODAY.
  HEAVY RAIN
  RAIN
  LIGHT RAIN
  FOG


RELATIVE HUMIDITY (PERCENT)
 HIGHEST    96          1200 AM
 LOWEST     45           400 PM
 AVERAGE    71

..........................................................


THE COLLEGE STATION CLIMATE NORMALS FOR TOMORROW
                         NORMAL    RECORD    YEAR
 MAXIMUM TEMPERATURE (F)   62        84      1943
 MINIMUM TEMPERATURE (F)   41        10      1894


SUNRISE AND SUNSET
JANUARY 23 2019.......SUNRISE   721 AM CST   SUNSET   554 PM CST
JANUARY 24 2019.......SUNRISE   721 AM CST   SUNSET   555 PM CST


-  INDICATES NEGATIVE NUMBERS.
R  INDICATES RECORD WAS SET OR TIED.
MM INDICATES DATA IS MISSING.
T  INDICATES TRACE AMOUNT.




$$
