000
CDUS44 KHGX 280723
CLICLL

CLIMATE REPORT
NATIONAL WEATHER SERVICE HOUSTON/GALVESTON TX
123 AM CST WED FEB 28 2024

...................................

...THE COLLEGE STATION CLIMATE SUMMARY FOR FEBRUARY 27 2024...

CLIMATE NORMAL PERIOD: 1991 TO 2020
CLIMATE RECORD PERIOD: 1888 TO 2024


WEATHER ITEM   OBSERVED TIME   RECORD YEAR NORMAL DEPARTURE LAST
                VALUE   (LST)  VALUE       VALUE  FROM      YEAR
                                                  NORMAL
...................................................................
TEMPERATURE (F)
 YESTERDAY
  MAXIMUM         82   4:31 PM  87    1917  68     14       81
  MINIMUM         69   7:55 AM  17    2002  48     21       56
  AVERAGE         76                        58     18       69

PRECIPITATION (IN)
  YESTERDAY        0.00          3.81 1927   0.11  -0.11      T
  MONTH TO DATE    3.08                      2.79   0.29     2.93
  SINCE DEC 1     12.79                      9.93   2.86    10.51
  SINCE JAN 1     10.86                      6.22   4.64     4.97

SNOWFALL (IN)
  YESTERDAY        0.0
  MONTH TO DATE    0.0
  SINCE DEC 1      T
  SINCE JUL 1      T

DEGREE DAYS
 HEATING
  YESTERDAY        0                         8     -8        0
  MONTH TO DATE  158                       285   -127      236
  SINCE DEC 1    948                      1102   -154      882
  SINCE JUL 1   1153                      1333   -180     1139

 COOLING
  YESTERDAY       11                         1     10        4
  MONTH TO DATE   40                        24     16       59
  SINCE DEC 1     50                        53     -3      137
  SINCE JAN 1     40                        35      5       80
...................................................................


WIND (MPH)
  HIGHEST WIND SPEED    23   HIGHEST WIND DIRECTION    SW (210)
  HIGHEST GUST SPEED    31   HIGHEST GUST DIRECTION     S (200)
  AVERAGE WIND SPEED    11.9


WEATHER CONDITIONS
THE FOLLOWING WEATHER WAS RECORDED YESTERDAY.
  FOG


RELATIVE HUMIDITY (PERCENT)
 HIGHEST    87
 LOWEST     58
 AVERAGE    73

..........................................................


THE COLLEGE STATION CLIMATE NORMALS FOR TODAY
                         NORMAL    RECORD    YEAR
 MAXIMUM TEMPERATURE (F)   68        88      1932
 MINIMUM TEMPERATURE (F)   48        20      1890


SUNRISE AND SUNSET
FEBRUARY 28 2024......SUNRISE   6:53 AM CST   SUNSET   6:23 PM CST
FEBRUARY 29 2024......SUNRISE   6:52 AM CST   SUNSET   6:24 PM CST


-  INDICATES NEGATIVE NUMBERS.
R  INDICATES RECORD WAS SET OR TIED.
MM INDICATES DATA IS MISSING.
T  INDICATES TRACE AMOUNT.




$$
