000
CDUS44 KHGX 220740
CLICLL


CLIMATE REPORT
NATIONAL WEATHER SERVICE HOUSTON/GALVESTON TX
239 AM CDT MON JUL 22 2019


...................................

...THE COLLEGE STATION CLIMATE SUMMARY FOR JULY 21 2019...

CLIMATE NORMAL PERIOD 1981 TO 2010
CLIMATE RECORD PERIOD 1902 TO 2019


WEATHER ITEM   OBSERVED TIME   RECORD YEAR NORMAL DEPARTURE LAST
                VALUE   (LST)  VALUE       VALUE  FROM      YEAR
                                                  NORMAL
..................................................................
TEMPERATURE (F)
 YESTERDAY
  MAXIMUM         97    347 PM 105    1913  95      2       99
                                      1892
  MINIMUM         75    614 AM  64    1989  75      0       75
  AVERAGE         86                        85      1       87

PRECIPITATION (IN)
  YESTERDAY        0.00          1.38 1902   0.06  -0.06     0.00
  MONTH TO DATE    0.18                      1.54  -1.36     1.40
  SINCE JUN 1      5.13                      5.99  -0.86     3.41
  SINCE JAN 1     26.76                     22.24   4.52    16.05

DEGREE DAYS
 HEATING
  YESTERDAY        0                         0      0        0
  MONTH TO DATE    0                         0      0        0
  SINCE JUN 1      0                         0      0        0
  SINCE JUL 1      0                         0      0        0

 COOLING
  YESTERDAY       21                        20      1       22
  MONTH TO DATE  432                       409     23      416
  SINCE JUN 1    938                       925     13     1006
  SINCE JAN 1   1552                      1513     39     1681
..................................................................


WIND (MPH)
  HIGHEST WIND SPEED    15   HIGHEST WIND DIRECTION    SE (120)
  HIGHEST GUST SPEED    19   HIGHEST GUST DIRECTION    SE (120)
  AVERAGE WIND SPEED     7.5


SKY COVER
  AVERAGE SKY COVER 0.1


WEATHER CONDITIONS
 THE FOLLOWING WEATHER WAS RECORDED YESTERDAY.
  NO SIGNIFICANT WEATHER WAS OBSERVED.


RELATIVE HUMIDITY (PERCENT)
 HIGHEST    94           300 AM
 LOWEST     35           400 PM
 AVERAGE    65

..........................................................


THE COLLEGE STATION CLIMATE NORMALS FOR TODAY
                         NORMAL    RECORD    YEAR
 MAXIMUM TEMPERATURE (F)   95       104      1889
 MINIMUM TEMPERATURE (F)   75        64      1988
                                             1915


SUNRISE AND SUNSET
JULY 22 2019..........SUNRISE   637 AM CDT   SUNSET   826 PM CDT
JULY 23 2019..........SUNRISE   638 AM CDT   SUNSET   826 PM CDT


-  INDICATES NEGATIVE NUMBERS.
R  INDICATES RECORD WAS SET OR TIED.
MM INDICATES DATA IS MISSING.
T  INDICATES TRACE AMOUNT.




$$
