000
CDUS44 KHGX 180731
CLICLL

CLIMATE REPORT
NATIONAL WEATHER SERVICE HOUSTON/GALVESTON TX
231 AM CDT FRI JUN 18 2021

...................................

...THE COLLEGE STATION CLIMATE SUMMARY FOR JUNE 17 2021...

CLIMATE NORMAL PERIOD: 1991 TO 2020
CLIMATE RECORD PERIOD: 1902 TO 2021


WEATHER ITEM   OBSERVED TIME   RECORD YEAR NORMAL DEPARTURE LAST
                VALUE   (LST)  VALUE       VALUE  FROM      YEAR
                                                  NORMAL
...................................................................
TEMPERATURE (F)
 YESTERDAY
  MAXIMUM         97   3:19 PM 108    1901  93      4       93
  MINIMUM         76   5:38 AM  61    1947  73      3       70
                                      1989
  AVERAGE         87                        83      4       82

PRECIPITATION (IN)
  YESTERDAY        0.00          2.49 1986   0.14  -0.14
  MONTH TO DATE    1.99                      2.48  -0.49
  SINCE JUN 1      1.99                      2.48  -0.49
  SINCE JAN 1     18.77                     19.69  -0.92

SNOWFALL (IN)
  YESTERDAY        0.0
  MONTH TO DATE    0.0
  SINCE JUN 1      0.0
  SINCE JUL 1      7.5

DEGREE DAYS
 HEATING
  YESTERDAY        0                         0      0        0
  MONTH TO DATE    0                         0      0        0
  SINCE JUN 1      0                         0      0        0
  SINCE JUL 1   1535                      1545    -10     1215

 COOLING
  YESTERDAY       22                        18      4       17
  MONTH TO DATE  301                       288     13      297
  SINCE JUN 1    301                       288     13      297
  SINCE JAN 1    878                       897    -19     1048
...................................................................


WIND (MPH)
  HIGHEST WIND SPEED    15   HIGHEST WIND DIRECTION    SE (150)
  HIGHEST GUST SPEED    19   HIGHEST GUST DIRECTION     E (110)
  AVERAGE WIND SPEED     3.8


WEATHER CONDITIONS
THE FOLLOWING WEATHER WAS RECORDED YESTERDAY.
  NO SIGNIFICANT WEATHER WAS OBSERVED.


RELATIVE HUMIDITY (PERCENT)
 HIGHEST    85
 LOWEST     43
 AVERAGE    64

..........................................................


THE COLLEGE STATION CLIMATE NORMALS FOR TODAY
                         NORMAL    RECORD    YEAR
 MAXIMUM TEMPERATURE (F)   93       106      1894
 MINIMUM TEMPERATURE (F)   74        58      1917


SUNRISE AND SUNSET
JUNE 18 2021..........SUNRISE   6:23 AM CDT   SUNSET   8:30 PM CDT
JUNE 19 2021..........SUNRISE   6:23 AM CDT   SUNSET   8:31 PM CDT


-  INDICATES NEGATIVE NUMBERS.
R  INDICATES RECORD WAS SET OR TIED.
MM INDICATES DATA IS MISSING.
T  INDICATES TRACE AMOUNT.




$$
