000
CDUS46 KLOX 220915
CLICMA


CLIMATE REPORT
NATIONAL WEATHER SERVICE LOS ANGELES/OXNARD CA
215 AM PDT TUE OCT 22 2019


...................................

...THE CAMARILLO AIRPORT CA CLIMATE SUMMARY FOR OCTOBER 21 2019...

CLIMATE NORMAL PERIOD 1981 TO 2010
CLIMATE RECORD PERIOD 1923 TO 2019


WEATHER ITEM   OBSERVED TIME   RECORD YEAR NORMAL DEPARTURE LAST
                VALUE   (LST)  VALUE       VALUE  FROM      YEAR
                                                  NORMAL
..................................................................
TEMPERATURE (F)
 YESTERDAY
  MAXIMUM         95   1103 AM  98    1965  73     22       78
                                      1942
  MINIMUM         57    531 AM  39    1924  52      5       54
  AVERAGE         76                        62     14       66

PRECIPITATION (IN)
  YESTERDAY        0.00          0.42 1985   0.02  -0.02     0.00
  MONTH TO DATE    0.00                      0.32  -0.32     0.14
  SINCE OCT 1      0.00                      0.32  -0.32     0.14
  SINCE JAN 1     14.06                     11.54   2.52     6.02

SNOWFALL (IN)
  YESTERDAY        0.0
  MONTH TO DATE    0.0
  SINCE SEP 1      0.0
  SINCE JUL 1      0.0

DEGREE DAYS
 HEATING
  YESTERDAY        0                         3     -3        0
  MONTH TO DATE   24                        52    -28        0
  SINCE SEP 1     30                        69    -39        0
  SINCE JUL 1     30                        84    -54        0

 COOLING
  YESTERDAY       11                         1     10        1
  MONTH TO DATE   37                        21     16       74
  SINCE SEP 1    207                        92    115      214
  SINCE JAN 1    578                       304    274      920
..................................................................


WIND (MPH)
  HIGHEST WIND SPEED    16   HIGHEST WIND DIRECTION    NE (60)
  HIGHEST GUST SPEED    20   HIGHEST GUST DIRECTION    SW (220)
  AVERAGE WIND SPEED     4.6


SKY COVER
  POSSIBLE SUNSHINE  MM
  AVERAGE SKY COVER 0.0


WEATHER CONDITIONS
 THE FOLLOWING WEATHER WAS RECORDED YESTERDAY.
  NO SIGNIFICANT WEATHER WAS OBSERVED.


RELATIVE HUMIDITY (PERCENT)
 HIGHEST    49           100 AM
 LOWEST     11          1100 AM
 AVERAGE    30

..........................................................


THE CAMARILLO AIRPORT CA CLIMATE NORMALS FOR TODAY
                         NORMAL    RECORD    YEAR
 MAXIMUM TEMPERATURE (F)   73        99      1965
 MINIMUM TEMPERATURE (F)   52        35      1924


SUNRISE AND SUNSET
OCTOBER 22 2019.......SUNRISE   707 AM PDT   SUNSET   614 PM PDT
OCTOBER 23 2019.......SUNRISE   708 AM PDT   SUNSET   613 PM PDT


-  INDICATES NEGATIVE NUMBERS.
R  INDICATES RECORD WAS SET OR TIED.
MM INDICATES DATA IS MISSING.
T  INDICATES TRACE AMOUNT.




$$
