522
CDUS46 KLOX 180912
CLICMA


CLIMATE REPORT
NATIONAL WEATHER SERVICE LOS ANGELES/OXNARD CA
112 AM PST MON FEB 18 2019


...................................

...THE CAMARILLO AIRPORT CA CLIMATE SUMMARY FOR FEBRUARY 17 2019...

CLIMATE NORMAL PERIOD 1981 TO 2010
CLIMATE RECORD PERIOD 1923 TO 2019


WEATHER ITEM   OBSERVED TIME   RECORD YEAR NORMAL DEPARTURE LAST
                VALUE   (LST)  VALUE       VALUE  FROM      YEAR
                                                  NORMAL
..................................................................
TEMPERATURE (F)
 YESTERDAY
  MAXIMUM         59    244 PM  91    1930  65     -6       73
  MINIMUM         42    708 AM  32    1966  42      0       42
                                      1964
  AVERAGE         51                        54     -3       58

PRECIPITATION (IN)
  YESTERDAY        T             2.86 1980   0.15  -0.15     0.00
  MONTH TO DATE    3.98                      2.09   1.89     0.12
  SINCE OCT 1     12.60                      9.56   3.04     1.21
  SINCE JAN 1     10.06                      5.56   4.50     1.14

SNOWFALL (IN)
  YESTERDAY       MM
  MONTH TO DATE    0.0
  SINCE DEC 1      0.0
  SINCE JUL 1      0.0

DEGREE DAYS
 HEATING
  YESTERDAY       14                        11      3        7
  MONTH TO DATE  209                       197     12       84
  SINCE DEC 1    688                       884   -196      423
  SINCE JUL 1    774                      1216   -442      510

 COOLING
  YESTERDAY        0                         0      0        0
  MONTH TO DATE    0                         0      0        3
  SINCE DEC 1      2                         9     -7       69
  SINCE JAN 1      2                         7     -5       42
..................................................................


WIND (MPH)
  HIGHEST WIND SPEED    33   HIGHEST WIND DIRECTION     W (270)
  HIGHEST GUST SPEED    43   HIGHEST GUST DIRECTION     W (270)
  AVERAGE WIND SPEED    14.4


SKY COVER
  POSSIBLE SUNSHINE  MM
  AVERAGE SKY COVER 0.3


WEATHER CONDITIONS
 THE FOLLOWING WEATHER WAS RECORDED YESTERDAY.
  NO SIGNIFICANT WEATHER WAS OBSERVED.


RELATIVE HUMIDITY (PERCENT)
 HIGHEST    76           700 AM
 LOWEST     47           300 PM
 AVERAGE    62

..........................................................


THE CAMARILLO AIRPORT CA CLIMATE NORMALS FOR TODAY
                         NORMAL    RECORD    YEAR
 MAXIMUM TEMPERATURE (F)   65        86      1981
 MINIMUM TEMPERATURE (F)   42        31      1952


SUNRISE AND SUNSET
FEBRUARY 18 2019......SUNRISE   638 AM PST   SUNSET   543 PM PST
FEBRUARY 19 2019......SUNRISE   637 AM PST   SUNSET   544 PM PST


-  INDICATES NEGATIVE NUMBERS.
R  INDICATES RECORD WAS SET OR TIED.
MM INDICATES DATA IS MISSING.
T  INDICATES TRACE AMOUNT.




$$
