000
CDUS46 KLOX 310919
CLICMA


CLIMATE REPORT
NATIONAL WEATHER SERVICE LOS ANGELES/OXNARD CA
219 AM PDT SAT OCT 31 2020


...................................

...THE CAMARILLO AIRPORT CA CLIMATE SUMMARY FOR OCTOBER 30 2020...

CLIMATE NORMAL PERIOD 1981 TO 2010
CLIMATE RECORD PERIOD 1923 TO 2020


WEATHER ITEM   OBSERVED TIME   RECORD YEAR NORMAL DEPARTURE LAST
                VALUE   (LST)  VALUE       VALUE  FROM      YEAR
                                                  NORMAL
..................................................................
TEMPERATURE (F)
 YESTERDAY
  MAXIMUM         78    129 PM  97    1939  72      6       73
  MINIMUM         48    611 AM  37    1971  51     -3       50
  AVERAGE         63                        62      1       62

PRECIPITATION (IN)
  YESTERDAY        0.00          0.94 1927   0.03  -0.03     0.00
  MONTH TO DATE    0.00                      0.59  -0.59     0.00
  SINCE OCT 1      0.00                      0.59  -0.59     0.00
  SINCE JAN 1      5.16                     11.81  -6.65    14.06

SNOWFALL (IN)
  YESTERDAY        0.0
  MONTH TO DATE    0.0
  SINCE SEP 1      0.0
  SINCE JUL 1      0.0

DEGREE DAYS
 HEATING
  YESTERDAY        2                         4     -2        3
  MONTH TO DATE    8                        87    -79       38
  SINCE SEP 1      8                       104    -96       44
  SINCE JUL 1      9                       119   -110       44

 COOLING
  YESTERDAY        0                         1     -1        0
  MONTH TO DATE  163                        30    133       86
  SINCE SEP 1    364                       101    263      256
  SINCE JAN 1    974                       313    661      627
..................................................................


WIND (MPH)
  HIGHEST WIND SPEED    10   HIGHEST WIND DIRECTION    SW (230)
  HIGHEST GUST SPEED    14   HIGHEST GUST DIRECTION     W (260)
  AVERAGE WIND SPEED     3.1


SKY COVER
  POSSIBLE SUNSHINE  MM
  AVERAGE SKY COVER 0.0


WEATHER CONDITIONS
 THE FOLLOWING WEATHER WAS RECORDED YESTERDAY.
  NO SIGNIFICANT WEATHER WAS OBSERVED.


RELATIVE HUMIDITY (PERCENT)
 HIGHEST    72           700 PM
 LOWEST     29          1100 AM
 AVERAGE    51

..........................................................


THE CAMARILLO AIRPORT CA CLIMATE NORMALS FOR TODAY
                         NORMAL    RECORD    YEAR
 MAXIMUM TEMPERATURE (F)   72        95      1967
                                             1949
 MINIMUM TEMPERATURE (F)   51        35      1961


SUNRISE AND SUNSET
OCTOBER 31 2020.......SUNRISE   716 AM PDT   SUNSET   604 PM PDT
NOVEMBER  1 2020......SUNRISE   617 AM PST   SUNSET   503 PM PST


-  INDICATES NEGATIVE NUMBERS.
R  INDICATES RECORD WAS SET OR TIED.
MM INDICATES DATA IS MISSING.
T  INDICATES TRACE AMOUNT.




$$
