000
CDUS46 KLOX 251245
CLICMA


CLIMATE REPORT
NATIONAL WEATHER SERVICE LOS ANGELES/OXNARD CA
545 AM PDT WED APR 25 2018


...................................

...THE CAMARILLO AIRPORT CA CLIMATE SUMMARY FOR APRIL 24 2018...

CLIMATE NORMAL PERIOD 1981 TO 2010
CLIMATE RECORD PERIOD 1923 TO 2018


WEATHER ITEM   OBSERVED TIME   RECORD YEAR NORMAL DEPARTURE LAST
                VALUE   (LST)  VALUE       VALUE  FROM      YEAR
                                                  NORMAL
..................................................................
TEMPERATURE (F)
 YESTERDAY
  MAXIMUM         67   1237 PM  94    2001  70     -3       68
  MINIMUM         54   1159 PM  35    1964  48      6       52
  AVERAGE         61                        59      2       60

PRECIPITATION (IN)
  YESTERDAY        0.00          0.32 1989   0.03  -0.03     0.00
  MONTH TO DATE    0.03                      0.60  -0.57     0.13
  SINCE OCT 1      5.94                     14.43  -8.49    19.36
  SINCE JAN 1      5.87                     10.43  -4.56    14.70

SNOWFALL (IN)
  YESTERDAY        0.0
  MONTH TO DATE    0.0
  SINCE MAR 1      0.0
  SINCE JUL 1      0.0

DEGREE DAYS
 HEATING
  YESTERDAY        4                         6     -2        5
  MONTH TO DATE   95                       171    -76       96
  SINCE MAR 1    329                       448   -119      258
  SINCE JUL 1   1004                      1784   -780     1246

 COOLING
  YESTERDAY        0                         0      0        0
  MONTH TO DATE   10                         0     10       10
  SINCE MAR 1     10                         4      6       14
  SINCE JAN 1     52                        13     39       15
..................................................................


WIND (MPH)
  HIGHEST WIND SPEED    13   HIGHEST WIND DIRECTION    SW (230)
  HIGHEST GUST SPEED    18   HIGHEST GUST DIRECTION    SW (220)
  AVERAGE WIND SPEED     5.4


SKY COVER
  POSSIBLE SUNSHINE  MM
  AVERAGE SKY COVER 0.5


WEATHER CONDITIONS
 THE FOLLOWING WEATHER WAS RECORDED YESTERDAY.
  FOG
  HAZE


RELATIVE HUMIDITY (PERCENT)
 HIGHEST    86           100 AM
 LOWEST     60           300 PM
 AVERAGE    73

..........................................................


THE CAMARILLO AIRPORT CA CLIMATE NORMALS FOR TODAY
                         NORMAL    RECORD    YEAR
 MAXIMUM TEMPERATURE (F)   70        90      1965
 MINIMUM TEMPERATURE (F)   48        37      1944


SUNRISE AND SUNSET
APRIL 25 2018.........SUNRISE   613 AM PDT   SUNSET   736 PM PDT
APRIL 26 2018.........SUNRISE   612 AM PDT   SUNSET   737 PM PDT


-  INDICATES NEGATIVE NUMBERS.
R  INDICATES RECORD WAS SET OR TIED.
MM INDICATES DATA IS MISSING.
T  INDICATES TRACE AMOUNT.




$$
