000
CDUS46 KLOX 230902
CLICMA


CLIMATE REPORT
NATIONAL WEATHER SERVICE LOS ANGELES/OXNARD CA
202 AM PDT TUE OCT 23 2018


...................................

...THE CAMARILLO AIRPORT CA CLIMATE SUMMARY FOR OCTOBER 22 2018...

CLIMATE NORMAL PERIOD 1981 TO 2010
CLIMATE RECORD PERIOD 1923 TO 2018


WEATHER ITEM   OBSERVED TIME   RECORD YEAR NORMAL DEPARTURE LAST
                VALUE   (LST)  VALUE       VALUE  FROM      YEAR
                                                  NORMAL
..................................................................
TEMPERATURE (F)
 YESTERDAY
  MAXIMUM         73    228 PM  99    1965  73      0       97
  MINIMUM         53    549 AM  35    1924  52      1       55
  AVERAGE         63                        62      1       76

PRECIPITATION (IN)
  YESTERDAY        0.00          1.05 1987   0.03  -0.03     0.00
  MONTH TO DATE    0.14                      0.35  -0.21     0.00
  SINCE OCT 1      0.14                      0.35  -0.21     0.00
  SINCE JAN 1      6.02                     11.57  -5.55    14.80

SNOWFALL (IN)
  YESTERDAY        0.0
  MONTH TO DATE    0.0
  SINCE SEP 1      0.0
  SINCE JUL 1      0.0

DEGREE DAYS
 HEATING
  YESTERDAY        2                         3     -1        0
  MONTH TO DATE    2                        55    -53       12
  SINCE SEP 1      2                        72    -70       16
  SINCE JUL 1      2                        87    -85       17

 COOLING
  YESTERDAY        0                         1     -1       11
  MONTH TO DATE   74                        22     52       73
  SINCE SEP 1    214                        93    121      266
  SINCE JAN 1    920                       305    615      762
..................................................................


WIND (MPH)
  HIGHEST WIND SPEED    14   HIGHEST WIND DIRECTION    SW (210)
  HIGHEST GUST SPEED    18   HIGHEST GUST DIRECTION     S (200)
  AVERAGE WIND SPEED     4.1


SKY COVER
  POSSIBLE SUNSHINE  MM
  AVERAGE SKY COVER 0.2


WEATHER CONDITIONS
 THE FOLLOWING WEATHER WAS RECORDED YESTERDAY.
  HAZE


RELATIVE HUMIDITY (PERCENT)
 HIGHEST    86           300 AM
 LOWEST     57          1200 PM
 AVERAGE    72

..........................................................


THE CAMARILLO AIRPORT CA CLIMATE NORMALS FOR TODAY
                         NORMAL    RECORD    YEAR
 MAXIMUM TEMPERATURE (F)   73       106      2017
 MINIMUM TEMPERATURE (F)   52        35      1961


SUNRISE AND SUNSET
OCTOBER 23 2018.......SUNRISE   708 AM PDT   SUNSET   613 PM PDT
OCTOBER 24 2018.......SUNRISE   709 AM PDT   SUNSET   611 PM PDT


-  INDICATES NEGATIVE NUMBERS.
R  INDICATES RECORD WAS SET OR TIED.
MM INDICATES DATA IS MISSING.
T  INDICATES TRACE AMOUNT.




$$
