000
CDUS46 KLOX 210130
CLICMA


CLIMATE REPORT
NATIONAL WEATHER SERVICE LOS ANGELES/OXNARD CA
630 PM PDT FRI JUL 20 2018


...................................

...THE CAMARILLO CLIMATE SUMMARY FOR JULY 20 2018...
VALID TODAY AS OF 0600 PM LOCAL TIME.

CLIMATE NORMAL PERIOD 1981 TO 2010
CLIMATE RECORD PERIOD 1923 TO 2018


WEATHER ITEM   OBSERVED TIME   RECORD YEAR NORMAL DEPARTURE LAST
                VALUE   (LST)  VALUE       VALUE  FROM      YEAR
                                                  NORMAL
..................................................................
TEMPERATURE (F)
 TODAY
  MAXIMUM         80    229 PM  88    1960  76      4       81
  MINIMUM         68    245 AM  46    1940  58     10       61
  AVERAGE         74                        67      7       71

PRECIPITATION (IN)
  TODAY            0.00          T    1967   0.00   0.00     0.00
  MONTH TO DATE    0.00                      0.01  -0.01      T
  SINCE OCT 1      5.95                     14.99  -9.04    19.44
  SINCE JAN 1      5.88                     10.99  -5.11    14.78

SNOWFALL (IN)
  TODAY            0.0
  MONTH TO DATE    0.0
  SINCE JUN 1      0.0
  SINCE JUL 1      0.0

DEGREE DAYS
 HEATING
  TODAY            0                         0      0        0
  MONTH TO DATE    0                         1     -1        1
  SINCE JUN 1     10                        44    -34       20
  SINCE JUL 1      0                         1     -1        1

 COOLING
  TODAY            9                         3      6        6
  MONTH TO DATE  195                        43    152      122
  SINCE JUN 1    255                        66    189      180
  SINCE JAN 1    308                        97    211      221
..................................................................


WIND (MPH)
  HIGHEST WIND SPEED    14   HIGHEST WIND DIRECTION    SW (210)
  HIGHEST GUST SPEED    19   HIGHEST GUST DIRECTION    SW (210)
  AVERAGE WIND SPEED     6.3


SKY COVER
  POSSIBLE SUNSHINE  MM
  AVERAGE SKY COVER 0.3


WEATHER CONDITIONS
 THE FOLLOWING WEATHER WAS RECORDED TODAY.
  NO SIGNIFICANT WEATHER WAS OBSERVED.


RELATIVE HUMIDITY (PERCENT)
 HIGHEST    81           100 AM
 LOWEST     54           100 PM
 AVERAGE    68

..........................................................


THE CAMARILLO CLIMATE NORMALS FOR TOMORROW
                         NORMAL    RECORD    YEAR
 MAXIMUM TEMPERATURE (F)   76        92      1960
 MINIMUM TEMPERATURE (F)   58        45      1949


SUNRISE AND SUNSET
JULY 20 2018..........SUNRISE   559 AM PDT   SUNSET   806 PM PDT
JULY 21 2018..........SUNRISE   600 AM PDT   SUNSET   806 PM PDT


-  INDICATES NEGATIVE NUMBERS.
R  INDICATES RECORD WAS SET OR TIED.
MM INDICATES DATA IS MISSING.
T  INDICATES TRACE AMOUNT.




$$
