000
CDUS45 KGJT 230816
CLICNY


CLIMATE REPORT
NATIONAL WEATHER SERVICE GRAND JUNCTION CO
105 AM MST FRI FEB 23 2018


...................................

...THE CANYONLANDS AIRPORT UT CLIMATE SUMMARY FOR FEBRUARY 22 2018...

CLIMATE NORMAL PERIOD 1981 TO 2010
CLIMATE RECORD PERIOD 9999 TO 9999


WEATHER ITEM   OBSERVED TIME   RECORD YEAR NORMAL DEPARTURE LAST
                VALUE   (LST)  VALUE       VALUE  FROM      YEAR
                                                  NORMAL
..................................................................
TEMPERATURE (F)
 YESTERDAY
  MAXIMUM         41    311 PM  MM      MM  50     -9       64
  MINIMUM         23    644 AM  MM      MM  26     -3       40
  AVERAGE         32                        38     -6       52

PRECIPITATION (IN)
  YESTERDAY        0.00         MM      MM   0.01  -0.01     0.00
  MONTH TO DATE    0.70                      0.42   0.28     0.11
  SINCE DEC 1      1.30                      1.66  -0.36     0.90
  SINCE JAN 1      0.95                      1.06  -0.11     0.63

SNOWFALL (IN)
  YESTERDAY        0.0          MM      MM  MM     MM       MM
  MONTH TO DATE    0.0                      MM     MM       MM
  SINCE DEC 1      0.0                      MM     MM       MM
  SINCE JUL 1      0.0                      MM     MM       MM
  SNOW DEPTH      MM

DEGREE DAYS
 HEATING
  YESTERDAY       33                        27      6       13
  MONTH TO DATE  574                       678   -104      429
  SINCE DEC 1   2729                      3044   -315     2516
  SINCE JUL 1   3741                      4253   -512     3285

 COOLING
  YESTERDAY        0                         0      0        0
  MONTH TO DATE    0                         0      0        0
  SINCE DEC 1      0                         0      0        0
  SINCE JAN 1      0                         0      0        0
..................................................................


WIND (MPH)
  HIGHEST WIND SPEED    22   HIGHEST WIND DIRECTION    SW (230)
  HIGHEST GUST SPEED    29   HIGHEST GUST DIRECTION    SW (230)
  AVERAGE WIND SPEED     5.3


SKY COVER
  POSSIBLE SUNSHINE  MM
  AVERAGE SKY COVER 0.7


WEATHER CONDITIONS
 THE FOLLOWING WEATHER WAS RECORDED YESTERDAY.
  NO SIGNIFICANT WEATHER WAS OBSERVED.


RELATIVE HUMIDITY (PERCENT)
 HIGHEST   100           600 AM
 LOWEST     27           400 PM
 AVERAGE    64

..........................................................


THE CANYONLANDS AIRPORT UT CLIMATE NORMALS FOR TODAY
                         NORMAL    RECORD    YEAR
 MAXIMUM TEMPERATURE (F)   50        MM        MM
 MINIMUM TEMPERATURE (F)   26        MM        MM


SUNRISE AND SUNSET
FEBRUARY 23 2018......SUNRISE   700 AM MST   SUNSET   606 PM MST
FEBRUARY 24 2018......SUNRISE   658 AM MST   SUNSET   607 PM MST


-  INDICATES NEGATIVE NUMBERS.
R  INDICATES RECORD WAS SET OR TIED.
MM INDICATES DATA IS MISSING.
T  INDICATES TRACE AMOUNT.




$$
