000
CDUS45 KRIW 140733
CLICPR


CLIMATE REPORT
NATIONAL WEATHER SERVICE RIVERTON WY
130 AM MDT MON OCT 14 2019


...................................

...THE CASPER WY CLIMATE SUMMARY FOR OCTOBER 13 2019...

CLIMATE NORMAL PERIOD 1981 TO 2010
CLIMATE RECORD PERIOD 1939 TO 2019


WEATHER ITEM   OBSERVED TIME   RECORD YEAR NORMAL DEPARTURE LAST
                VALUE   (LST)  VALUE       VALUE  FROM      YEAR
                                                  NORMAL
..................................................................
TEMPERATURE (F)
 YESTERDAY
  MAXIMUM         66    332 PM  80    1958  61      5       44
  MINIMUM         20    256 AM   9    1969  32    -12       18
  AVERAGE         43                        46     -3       31

PRECIPITATION (IN)
  YESTERDAY        0.00          0.56 1966   0.04  -0.04     0.18
  MONTH TO DATE    0.42                      0.50  -0.08     1.64
  SINCE SEP 1      1.83                      1.58   0.25     1.92
  SINCE JAN 1     11.12                     10.66   0.46    11.69

SNOWFALL (IN)
  YESTERDAY        0.0                       0.2   -0.2      3.5
  MONTH TO DATE    2.4                       2.6   -0.2      6.5
  SINCE SEP 1      2.4                       4.4   -2.0      6.5
  SINCE JUL 1      2.4                       4.4   -2.0      6.5
  SNOW DEPTH       0

DEGREE DAYS
 HEATING
  YESTERDAY       22                        19      3       34
  MONTH TO DATE  292                       220     72      288
  SINCE SEP 1    447                       459    -12      453
  SINCE JUL 1    463                       505    -42      489

 COOLING
  YESTERDAY        0                         0      0        0
  MONTH TO DATE    0                         0      0        2
  SINCE SEP 1     58                        25     33       21
  SINCE JAN 1    441                       422     19      425
..................................................................


WIND (MPH)
  HIGHEST WIND SPEED    24   HIGHEST WIND DIRECTION    SW (210)
  HIGHEST GUST SPEED    31   HIGHEST GUST DIRECTION    SW (210)
  AVERAGE WIND SPEED    11.3


SKY COVER
  POSSIBLE SUNSHINE  MM
  AVERAGE SKY COVER 0.0


WEATHER CONDITIONS
 THE FOLLOWING WEATHER WAS RECORDED YESTERDAY.
  NO SIGNIFICANT WEATHER WAS OBSERVED.


RELATIVE HUMIDITY (PERCENT)
 HIGHEST    84           300 AM
 LOWEST     13           200 PM
 AVERAGE    49

..........................................................


THE CASPER WY CLIMATE NORMALS FOR TODAY
                         NORMAL    RECORD    YEAR
 MAXIMUM TEMPERATURE (F)   60        80      1958
 MINIMUM TEMPERATURE (F)   31         9      1969


SUNRISE AND SUNSET
OCTOBER 14 2019.......SUNRISE   718 AM MDT   SUNSET   625 PM MDT
OCTOBER 15 2019.......SUNRISE   719 AM MDT   SUNSET   624 PM MDT


-  INDICATES NEGATIVE NUMBERS.
R  INDICATES RECORD WAS SET OR TIED.
MM INDICATES DATA IS MISSING.
T  INDICATES TRACE AMOUNT.




$$
