000
CDUS45 KRIW 230037
CLICPR


CLIMATE REPORT
NATIONAL WEATHER SERVICE RIVERTON WY
535 PM MST TUE JAN 22 2019


...................................

...THE CASPER WY CLIMATE SUMMARY FOR JANUARY 22 2019...
VALID TODAY AS OF 0500 PM LOCAL TIME.

CLIMATE NORMAL PERIOD 1981 TO 2010
CLIMATE RECORD PERIOD 1939 TO 2019


WEATHER ITEM   OBSERVED TIME   RECORD YEAR NORMAL DEPARTURE LAST
                VALUE   (LST)  VALUE       VALUE  FROM      YEAR
                                                  NORMAL
..................................................................
TEMPERATURE (F)
 TODAY
  MAXIMUM         24        MM  56    1981  35    -11       25
  MINIMUM         20        MM -19    1963  15      5        7
  AVERAGE         22                        25     -3       16

PRECIPITATION (IN)
  TODAY            0.02          0.28 2012   0.02   0.00     0.00
  MONTH TO DATE    0.20                      0.36  -0.16     0.68
  SINCE DEC 1      0.60                      0.85  -0.25     2.05
  SINCE JAN 1      0.20                      0.36  -0.16     0.68

SNOWFALL (IN)
  TODAY            0.8                       0.3    0.5      0.0
  MONTH TO DATE    2.9                       6.5   -3.6     12.3
  SINCE DEC 1      9.8                      17.5   -7.7     31.7
  SINCE JUL 1     28.2                      37.0   -8.8     40.9
  SNOW DEPTH       2

DEGREE DAYS
 HEATING
  TODAY           43                        40      3       49
  MONTH TO DATE  794                       885    -91      836
  SINCE DEC 1   2019                      2160   -141     2146
  SINCE JUL 1   3849                      4014   -165     3890

 COOLING
  TODAY            0                         0      0        0
  MONTH TO DATE    0                         0      0        0
  SINCE DEC 1      0                         0      0        0
  SINCE JAN 1      0                         0      0        0
..................................................................


WIND (MPH)
  HIGHEST WIND SPEED    18   HIGHEST WIND DIRECTION     N (10)
  HIGHEST GUST SPEED    MM   HIGHEST GUST DIRECTION    MM
  AVERAGE WIND SPEED    12.7


SKY COVER
  POSSIBLE SUNSHINE  MM
  AVERAGE SKY COVER 0.7


WEATHER CONDITIONS
 THE FOLLOWING WEATHER WAS RECORDED TODAY.
  LIGHT SNOW
  FOG


RELATIVE HUMIDITY (PERCENT)
 HIGHEST    92           100 AM
 LOWEST     68          1200 PM
 AVERAGE    80

..........................................................


THE CASPER WY CLIMATE NORMALS FOR TOMORROW
                         NORMAL    RECORD    YEAR
 MAXIMUM TEMPERATURE (F)   35        59      1981
 MINIMUM TEMPERATURE (F)   15       -39      1949


SUNRISE AND SUNSET
JANUARY 22 2019.......SUNRISE   730 AM MST   SUNSET   505 PM MST
JANUARY 23 2019.......SUNRISE   729 AM MST   SUNSET   507 PM MST


-  INDICATES NEGATIVE NUMBERS.
R  INDICATES RECORD WAS SET OR TIED.
MM INDICATES DATA IS MISSING.
T  INDICATES TRACE AMOUNT.




$$
