000
CDUS46 KLOX 252218
CLICQT


CLIMATE REPORT
NATIONAL WEATHER SERVICE LOS ANGELES/OXNARD CA
218 PM PST TUE FEB 25 2020


...................................

...THE DOWNTOWN LOS ANGELES (USC) CA CLIMATE SUMMARY FOR FEBRUARY 25 2020...
VALID AS OF 0200 PM LOCAL TIME.

CLIMATE NORMAL PERIOD 1981 TO 2010
CLIMATE RECORD PERIOD 1877 TO 2020


WEATHER ITEM   OBSERVED TIME   RECORD YEAR NORMAL DEPARTURE LAST
                VALUE   (LST)  VALUE       VALUE  FROM      YEAR
                                                  NORMAL
..................................................................
TEMPERATURE (F)
 TODAY
  MAXIMUM         83    131 PM  92    1921  69     14       68
  MINIMUM         52    649 AM  40    1962  50      2       48
                                      1887
                                      1882
  AVERAGE         68                        60      8       58

PRECIPITATION (IN)
  TODAY            0.00          2.33 2001   0.14  -0.14     0.00
  MONTH TO DATE    0.04                      3.42  -3.38     5.55
  SINCE OCT 1      7.32                     10.57  -3.25    15.76
  SINCE JAN 1      0.36                      6.54  -6.18    11.50

SNOWFALL (IN)
  TODAY            0.0
  MONTH TO DATE    0.0
  SINCE DEC 1      0.0
  SINCE JUL 1      0.0

DEGREE DAYS
 HEATING
  TODAY            0                         6     -6        7
  MONTH TO DATE   98                       168    -70      284
  SINCE DEC 1    393                       628   -235      676
  SINCE JUL 1    465                       759   -294      712

 COOLING
  TODAY            3                         1      2        0
  MONTH TO DATE   15                        12      3        0
  SINCE DEC 1     25                        25      0        0
  SINCE JAN 1     25                        21      4        0
..................................................................


WIND (MPH)
  HIGHEST WIND SPEED     8   HIGHEST WIND DIRECTION     W (260)
  HIGHEST GUST SPEED    13   HIGHEST GUST DIRECTION     W (260)
  AVERAGE WIND SPEED     0.0


SKY COVER
  POSSIBLE SUNSHINE  MM
  AVERAGE SKY COVER 0.0


WEATHER CONDITIONS
 THE FOLLOWING WEATHER WAS RECORDED TODAY.
  HAZE


RELATIVE HUMIDITY (PERCENT)
 HIGHEST    83           200 AM
 LOWEST     15          1200 PM
 AVERAGE    49

..........................................................


THE DOWNTOWN LOS ANGELES (USC) CA CLIMATE NORMALS FOR TOMORROW
                         NORMAL    RECORD    YEAR
 MAXIMUM TEMPERATURE (F)   69        87      2002
                                             1980
                                             1926
 MINIMUM TEMPERATURE (F)   50        37      1894


SUNRISE AND SUNSET
FEBRUARY 25 2020......SUNRISE   627 AM PST   SUNSET   546 PM PST
FEBRUARY 26 2020......SUNRISE   626 AM PST   SUNSET   547 PM PST


-  INDICATES NEGATIVE NUMBERS.
R  INDICATES RECORD WAS SET OR TIED.
MM INDICATES DATA IS MISSING.
T  INDICATES TRACE AMOUNT.




$$
