000
CDUS46 KLOX 240915
CLICQT


CLIMATE REPORT
NATIONAL WEATHER SERVICE LOS ANGELES/OXNARD CA
215 AM PDT TUE APR 24 2018


...................................

...THE DOWNTOWN LOS ANGELES (USC) CA CLIMATE SUMMARY FOR APRIL 23 2018...

CLIMATE NORMAL PERIOD 1981 TO 2010
CLIMATE RECORD PERIOD 1877 TO 2018


WEATHER ITEM   OBSERVED TIME   RECORD YEAR NORMAL DEPARTURE LAST
                VALUE   (LST)  VALUE       VALUE  FROM      YEAR
                                                  NORMAL
..................................................................
TEMPERATURE (F)
 YESTERDAY
  MAXIMUM         76   1147 AM 100    1910  74      2       81
  MINIMUM         55   1159 PM  42    1896  55      0       60
  AVERAGE         66                        64      2       71

PRECIPITATION (IN)
  YESTERDAY        0.00          0.98 1988   0.02  -0.02     0.00
  MONTH TO DATE    0.02                      0.75  -0.73     0.08
  SINCE OCT 1      4.63                     14.13  -9.50    18.67
  SINCE JAN 1      4.51                     10.10  -5.59    12.72

SNOWFALL (IN)
  YESTERDAY        0.0
  MONTH TO DATE    0.0
  SINCE MAR 1      0.0
  SINCE JUL 1      0.0

DEGREE DAYS
 HEATING
  YESTERDAY        0                         3     -3        0
  MONTH TO DATE   38                        81    -43       12
  SINCE MAR 1    183                       238    -55       54
  SINCE JUL 1    594                      1013   -419      706

 COOLING
  YESTERDAY        1                         2     -1        6
  MONTH TO DATE   45                        29     16       61
  SINCE MAR 1     45                        49     -4      126
  SINCE JAN 1     81                        72      9      134
..................................................................


WIND (MPH)
  HIGHEST WIND SPEED     9   HIGHEST WIND DIRECTION     W (280)
  HIGHEST GUST SPEED    13   HIGHEST GUST DIRECTION     W (270)
  AVERAGE WIND SPEED     1.3


SKY COVER
  POSSIBLE SUNSHINE  MM
  AVERAGE SKY COVER 0.4


WEATHER CONDITIONS
 THE FOLLOWING WEATHER WAS RECORDED YESTERDAY.
  FOG
  HAZE


RELATIVE HUMIDITY (PERCENT)
 HIGHEST    93           100 AM
 LOWEST     53          1100 AM
 AVERAGE    73

..........................................................


THE DOWNTOWN LOS ANGELES (USC) CA CLIMATE NORMALS FOR TODAY
                         NORMAL    RECORD    YEAR
 MAXIMUM TEMPERATURE (F)   74        93      2001
                                             1898
 MINIMUM TEMPERATURE (F)   55        44      1900
                                             1899


SUNRISE AND SUNSET
APRIL 24 2018.........SUNRISE   611 AM PDT   SUNSET   732 PM PDT
APRIL 25 2018.........SUNRISE   610 AM PDT   SUNSET   732 PM PDT


-  INDICATES NEGATIVE NUMBERS.
R  INDICATES RECORD WAS SET OR TIED.
MM INDICATES DATA IS MISSING.
T  INDICATES TRACE AMOUNT.




$$
