000
CDUS42 KTAE 180638
CLICTY


CLIMATE REPORT
NATIONAL WEATHER SERVICE TALLAHASSEE FL
238 AM EDT FRI OCT 18 2019


...................................

...THE CROSS CITY  CLIMATE SUMMARY FOR OCTOBER 17 2019...

CLIMATE NORMAL PERIOD 1981 TO 2010
CLIMATE RECORD PERIOD 1948 TO 2019


WEATHER ITEM   OBSERVED TIME   NORMAL DEPARTURE LAST
                VALUE   (LST)  VALUE  FROM      YEAR
                                      NORMAL
......................................................
TEMPERATURE (F)
 YESTERDAY
  MAXIMUM         74    157 PM  82     -8       92
  MINIMUM         60    635 AM  58      2       68
  AVERAGE         67            70     -3       80

PRECIPITATION (IN)
  YESTERDAY        0.00          0.09  -0.09     0.00
  MONTH TO DATE    0.64          2.15  -1.51     1.43
  SINCE SEP 1      1.71          6.61  -4.90     6.75
  SINCE JAN 1     48.11         41.98   6.13    60.16

SNOWFALL (IN)
  YESTERDAY        0.0

DEGREE DAYS
 HEATING
  YESTERDAY        0                   -1
  MONTH TO DATE    0                   -7
  SINCE SEP 1      0                   -7
  SINCE JUL 1      0                   -7

 COOLING
  YESTERDAY        2                   -4
  MONTH TO DATE  205                   69
  SINCE SEP 1    704                  164
  SINCE JAN 1   2962                  484
......................................................


WIND (MPH)
  HIGHEST WIND SPEED     8   HIGHEST WIND DIRECTION     N (20)
  AVERAGE WIND SPEED     4.7




..........................................................


THE CROSS CITY  CLIMATE NORMALS FOR TODAY
                         NORMAL
 MAXIMUM TEMPERATURE (F)   82
 MINIMUM TEMPERATURE (F)   57


SUNRISE AND SUNSET
OCTOBER 18 2019.......SUNRISE   736 AM EDT   SUNSET   659 PM EDT
OCTOBER 19 2019.......SUNRISE   736 AM EDT   SUNSET   658 PM EDT


-  INDICATES NEGATIVE NUMBERS.
R  INDICATES RECORD WAS SET OR TIED.
MM INDICATES DATA IS MISSING.
T  INDICATES TRACE AMOUNT.




$$
