000
CDUS42 KTAE 180639
CLICTY


CLIMATE REPORT
NATIONAL WEATHER SERVICE TALLAHASSEE FL
236 AM EDT THU OCT 18 2018

...................................

...THE CROSS CITY  CLIMATE SUMMARY FOR OCTOBER 17 2018...

CLIMATE NORMAL PERIOD 1981 TO 2010
CLIMATE RECORD PERIOD 1948 TO 2018


WEATHER ITEM   OBSERVED TIME   NORMAL DEPARTURE LAST
                VALUE   (LST)  VALUE  FROM      YEAR
                                      NORMAL
......................................................
TEMPERATURE (F)
 YESTERDAY
  MAXIMUM         92    215 PM  82     10       78
  MINIMUM         68    535 AM  58     10       60
  AVERAGE         80            70     10

PRECIPITATION (IN)
  YESTERDAY        0.00          0.09  -0.09     0.00
  MONTH TO DATE    1.43          2.15  -0.72     0.48
  SINCE SEP 1      6.75          6.61   0.14     6.24
  SINCE JAN 1     60.16         41.98  18.18    52.69

DEGREE DAYS
 HEATING
  YESTERDAY        0             1     -1
  MONTH TO DATE    0             7     -7
  SINCE SEP 1      0             7     -7
  SINCE JUL 1      0             7     -7

 COOLING
  YESTERDAY       15             6      9
  MONTH TO DATE  236           136    100
  SINCE SEP 1    779           540    239
  SINCE JAN 1   2701          2478    223
......................................................


WIND (MPH)
  RESULTANT WIND SPEED   2   RESULTANT WIND DIRECTION   W (280)
  HIGHEST WIND SPEED     9   HIGHEST WIND DIRECTION     W (260)
  HIGHEST GUST SPEED    MM   HIGHEST GUST DIRECTION    MM
  AVERAGE WIND SPEED     3.2



WEATHER CONDITIONS
 THE FOLLOWING WEATHER WAS RECORDED YESTERDAY.
  FOG


RELATIVE HUMIDITY (PERCENT)
 HIGHEST   100
 LOWEST     56

..........................................................




SUNRISE AND SUNSET
OCTOBER 18 2018.......SUNRISE   736 AM EDT   SUNSET   659 PM EDT
OCTOBER 19 2018.......SUNRISE   737 AM EDT   SUNSET   658 PM EDT


-  INDICATES NEGATIVE NUMBERS.
R  INDICATES RECORD WAS SET OR TIED.
MM INDICATES DATA IS MISSING.
T  INDICATES TRACE AMOUNT.


$$
