000
CDUS42 KTAE 310637
CLICTY

CLIMATE REPORT
NATIONAL WEATHER SERVICE TALLAHASSEE FL
237 AM EDT SAT OCT 31 2020

...................................

...THE CROSS CITY  CLIMATE SUMMARY FOR OCTOBER 30 2020...

CLIMATE NORMAL PERIOD 1981 TO 2010
CLIMATE RECORD PERIOD 1948 TO 2020


WEATHER ITEM   OBSERVED TIME   NORMAL DEPARTURE LAST
                VALUE   (LST)  VALUE  FROM      YEAR
                                      NORMAL
.......................................................
TEMPERATURE (F)
 YESTERDAY
  MAXIMUM         73        MM  80     -7       90
  MINIMUM         52        MM  53     -1       70
  AVERAGE         63            66     -3       80

PRECIPITATION (IN)
  YESTERDAY        0.00          0.09  -0.09     0.00
  MONTH TO DATE    1.71          3.32  -1.61     3.01
  SINCE SEP 1      7.38          7.78  -0.40     4.08
  SINCE JAN 1     47.54         43.15   4.39    50.48

SNOWFALL (IN)
  YESTERDAY        0.0

DEGREE DAYS
 HEATING
  YESTERDAY        2                    0
  MONTH TO DATE    2                  -27
  SINCE SEP 1      2                  -27
  SINCE JUL 1      2                  -27

 COOLING
  YESTERDAY        0                   -4
  MONTH TO DATE  342                  145
  SINCE SEP 1    791                  190
  SINCE JAN 1   2973                  434
.......................................................


WIND (MPH)
  HIGHEST WIND SPEED    15   HIGHEST WIND DIRECTION     N (20)
  AVERAGE WIND SPEED     5.9

..........................................................


THE CROSS CITY  CLIMATE NORMALS FOR TODAY
                         NORMAL




SUNRISE AND SUNSET
OCTOBER 31 2020.......SUNRISE   745 AM EDT   SUNSET   646 PM EDT
NOVEMBER  1 2020......SUNRISE   646 AM EST   SUNSET   545 PM EST


-  INDICATES NEGATIVE NUMBERS.
R  INDICATES RECORD WAS SET OR TIED.
MM INDICATES DATA IS MISSING.
T  INDICATES TRACE AMOUNT.




$$
