000
CDUS42 KTAE 040632
CLICTY


CLIMATE REPORT
NATIONAL WEATHER SERVICE TALLAHASSEE FL
232 AM EDT THU JUN 4 2020


...................................

...THE CROSS CITY  CLIMATE SUMMARY FOR JUNE 3 2020...

CLIMATE NORMAL PERIOD 1981 TO 2010
CLIMATE RECORD PERIOD 1948 TO 2020


WEATHER ITEM   OBSERVED TIME   NORMAL DEPARTURE LAST
                VALUE   (LST)  VALUE  FROM      YEAR
                                      NORMAL
......................................................
TEMPERATURE (F)
 YESTERDAY
  MAXIMUM         83   1115 AM  90     -7       95
  MINIMUM         68    535 AM  67      1       73
  AVERAGE         76            79     -3       84

PRECIPITATION (IN)
  YESTERDAY        0.02          0.11  -0.09     0.35
  MONTH TO DATE    0.02          0.31  -0.29     1.05
  SINCE JUN 1      0.02          0.31  -0.29     1.05
  SINCE JAN 1     15.54         17.48  -1.94    14.09

SNOWFALL (IN)
  YESTERDAY        0.0

DEGREE DAYS
 HEATING
  YESTERDAY        0                    0
  MONTH TO DATE    0                    0
  SINCE JUN 1      0                    0
  SINCE JUL 1    914                 -392

 COOLING
  YESTERDAY       11                   -3
  MONTH TO DATE   42                    1
  SINCE JUN 1     42                    1
  SINCE JAN 1    755                  235
......................................................


WIND (MPH)
  HIGHEST WIND SPEED     7   HIGHEST WIND DIRECTION    NE (50)
  AVERAGE WIND SPEED     3.0




..........................................................


THE CROSS CITY  CLIMATE NORMALS FOR TODAY
                         NORMAL
 MAXIMUM TEMPERATURE (F)   90
 MINIMUM TEMPERATURE (F)   67


SUNRISE AND SUNSET
JUNE  4 2020..........SUNRISE   632 AM EDT   SUNSET   830 PM EDT
JUNE  5 2020..........SUNRISE   632 AM EDT   SUNSET   830 PM EDT


-  INDICATES NEGATIVE NUMBERS.
R  INDICATES RECORD WAS SET OR TIED.
MM INDICATES DATA IS MISSING.
T  INDICATES TRACE AMOUNT.




$$
