000
CDUS42 KTAE 222235
CLICTY


CLIMATE REPORT
NATIONAL WEATHER SERVICE TALLAHASSEE FL
533 PM EST TUE JAN 22 2019

...................................

...THE CROSS CITY  CLIMATE SUMMARY FOR JANUARY 22 2019...
VALID TODAY AS OF 0500 PM LOCAL TIME.

CLIMATE NORMAL PERIOD 1981 TO 2010
CLIMATE RECORD PERIOD 1948 TO 2019


WEATHER ITEM   OBSERVED TIME   NORMAL DEPARTURE LAST
                VALUE   (LST)  VALUE  FROM      YEAR
                                      NORMAL
......................................................
TEMPERATURE (F)
 TODAY
  MAXIMUM         71    145 PM  67      4       78
  MINIMUM         36    310 AM  41     -5       48
  AVERAGE         54            54      0

PRECIPITATION (IN)
  TODAY            0.00          0.14  -0.14     0.13
  MONTH TO DATE    1.96          2.90  -0.94     1.96
  SINCE DEC 1     13.20          5.42   7.78     5.21
  SINCE JAN 1      1.96          2.90  -0.94     1.96

DEGREE DAYS
 HEATING
  TODAY           11
  MONTH TO DATE  199
  SINCE DEC 1    440
  SINCE JUL 1    612

 COOLING
  TODAY            0
  MONTH TO DATE    9
  SINCE DEC 1     55
  SINCE JAN 1      9
......................................................


WIND (MPH)
  RESULTANT WIND SPEED   6   RESULTANT WIND DIRECTION   E (80)
  HIGHEST WIND SPEED    13   HIGHEST WIND DIRECTION     E (100)
  HIGHEST GUST SPEED    20   HIGHEST GUST DIRECTION     E (80)
  AVERAGE WIND SPEED     7.1



WEATHER CONDITIONS
 THE FOLLOWING WEATHER WAS RECORDED TODAY.
  NO SIGNIFICANT WEATHER WAS OBSERVED.


RELATIVE HUMIDITY (PERCENT)
 HIGHEST    93
 LOWEST     49
 AVERAGE    71

..........................................................


THE CROSS CITY  CLIMATE NORMALS FOR TOMORROW
                         NORMAL
 MAXIMUM TEMPERATURE (F)   67
 MINIMUM TEMPERATURE (F)   41



-  INDICATES NEGATIVE NUMBERS.
R  INDICATES RECORD WAS SET OR TIED.
MM INDICATES DATA IS MISSING.
T  INDICATES TRACE AMOUNT.

$$
