566
CDUS42 KTAE 231500
CLICTY


CLIMATE REPORT
NATIONAL WEATHER SERVICE
300 PM UTC FRI FEB 23 2018


...................................

...THE CROSS CITY  CLIMATE SUMMARY FOR FEBRUARY 22 2018...

CLIMATE NORMAL PERIOD 1981 TO 2010
CLIMATE RECORD PERIOD 1948 TO 2018


WEATHER ITEM   OBSERVED TIME   NORMAL DEPARTURE LAST
                VALUE   (LST)  VALUE  FROM      YEAR
                                      NORMAL
......................................................
TEMPERATURE (F)
 YESTERDAY
  MAXIMUM         86        MM  72     14       70
  MINIMUM         58        MM  44     14       61
  AVERAGE         72            58     14

PRECIPITATION (IN)
  YESTERDAY        0.00          0.14  -0.14     0.07
  MONTH TO DATE    2.83          2.31   0.52     1.07
  SINCE DEC 1     10.86          8.87   1.99     6.37
  SINCE JAN 1      7.61          6.35   1.26     2.50

DEGREE DAYS
 HEATING
  YESTERDAY        0             8     -8
  MONTH TO DATE   48           199   -151
  SINCE DEC 1    796           909   -113
  SINCE JUL 1    949          1077   -128

 COOLING
  YESTERDAY        7             1      6
  MONTH TO DATE   76            16     60
  SINCE DEC 1    113            45     68
  SINCE JAN 1     86            27     59
......................................................


WIND (MPH)
  RESULTANT WIND SPEED   2   RESULTANT WIND DIRECTION   E (90)
  HIGHEST WIND SPEED     7   HIGHEST WIND DIRECTION     W (290)
  HIGHEST GUST SPEED    MM   HIGHEST GUST DIRECTION    MM
  AVERAGE WIND SPEED     3.4



WEATHER CONDITIONS
 THE FOLLOWING WEATHER WAS RECORDED YESTERDAY.
  FOG
  FOG W/VISIBILITY <= 1/4 MILE


RELATIVE HUMIDITY (PERCENT)
 HIGHEST    97
 LOWEST     42

..........................................................




SUNRISE AND SUNSET
FEBRUARY 23 2018......SUNRISE   704 AM EST   SUNSET   628 PM EST
FEBRUARY 24 2018......SUNRISE   703 AM EST   SUNSET   628 PM EST


-  INDICATES NEGATIVE NUMBERS.
R  INDICATES RECORD WAS SET OR TIED.
MM INDICATES DATA IS MISSING.
T  INDICATES TRACE AMOUNT.




$$
