077
CDUS42 KTAE 160642
CLICTY


CLIMATE REPORT
NATIONAL WEATHER SERVICE TALLAHASSEE FL
241 AM EDT MON JUL 16 2018


...................................

...THE CROSS CITY  CLIMATE SUMMARY FOR JULY 15 2018...

CLIMATE NORMAL PERIOD 1981 TO 2010
CLIMATE RECORD PERIOD 1948 TO 2018


WEATHER ITEM   OBSERVED TIME   NORMAL DEPARTURE LAST
                VALUE   (LST)  VALUE  FROM      YEAR
                                      NORMAL
......................................................
TEMPERATURE (F)
 YESTERDAY
  MAXIMUM         91        MM  91      0       88
  MINIMUM         73        MM  72      1       73
  AVERAGE         82            81      1

PRECIPITATION (IN)
  YESTERDAY        0.32          0.17   0.15     2.76
  MONTH TO DATE    5.36          2.56   2.80     4.98
  SINCE JUN 1     11.65          7.65   4.00    19.21
  SINCE JAN 1     37.96         24.82  13.14    29.37

DEGREE DAYS
 HEATING
  YESTERDAY        0             0      0
  MONTH TO DATE    0             0      0
  SINCE JUN 1      0             0      0
  SINCE JUL 1      0             0      0

 COOLING
  YESTERDAY       17            16      1
  MONTH TO DATE  216           240    -24
  SINCE JUN 1    584           687   -103
  SINCE JAN 1   1151          1166    -15
......................................................


WIND (MPH)
  RESULTANT WIND SPEED   2   RESULTANT WIND DIRECTION   S (200)
  HIGHEST WIND SPEED     8   HIGHEST WIND DIRECTION     S (200)
  HIGHEST GUST SPEED    MM   HIGHEST GUST DIRECTION    MM
  AVERAGE WIND SPEED     2.3



WEATHER CONDITIONS
 THE FOLLOWING WEATHER WAS RECORDED YESTERDAY.
  HEAVY RAIN
  FOG
  HAZE


RELATIVE HUMIDITY (PERCENT)
 HIGHEST    97
 LOWEST     64

..........................................................




SUNRISE AND SUNSET
JULY 16 2018..........SUNRISE   643 AM EDT   SUNSET   834 PM EDT
JULY 17 2018..........SUNRISE   643 AM EDT   SUNSET   833 PM EDT


-  INDICATES NEGATIVE NUMBERS.
R  INDICATES RECORD WAS SET OR TIED.
MM INDICATES DATA IS MISSING.
T  INDICATES TRACE AMOUNT.




$$
