000
CDUS43 KUNR 270831
CLICUT


CLIMATE REPORT
NATIONAL WEATHER SERVICE RAPID CITY SD
231 AM MDT WED MAY 27 2020


...................................

...THE CUSTER COUNTY AIRPORT SD CLIMATE SUMMARY FOR MAY 26 2020...

CLIMATE NORMAL PERIOD 1981 TO 2010
CLIMATE RECORD PERIOD 9999 TO 9999


WEATHER ITEM   OBSERVED TIME   NORMAL DEPARTURE LAST
                VALUE   (LST)  VALUE  FROM      YEAR
                                      NORMAL
......................................................
TEMPERATURE (F)
 YESTERDAY
  MAXIMUM         68    446 PM  63      5       66
  MINIMUM         37    439 AM  39     -2       42
  AVERAGE         53            51      2       54

PRECIPITATION (IN)
  YESTERDAY        0.00          0.10  -0.10     0.04
  MONTH TO DATE    1.65          2.56  -0.91     3.63
  SINCE MAR 1      4.76          5.69  -0.93     6.69
  SINCE JAN 1      5.84          6.55  -0.71     8.33

DEGREE DAYS
 HEATING
  YESTERDAY       12            14     -2       11
  MONTH TO DATE  478           453     25      627
  SINCE MAR 1   2302          2268     34     2520
  SINCE JUL 1   8120          8103     17     8580

 COOLING
  YESTERDAY        0             0      0        0
  MONTH TO DATE    2             0      2        0
  SINCE MAR 1      2             0      2        0
  SINCE JAN 1      2             0      2        0
......................................................


WIND (MPH)
  HIGHEST WIND SPEED    14   HIGHEST WIND DIRECTION    SE (120)
  HIGHEST GUST SPEED    19   HIGHEST GUST DIRECTION     N (360)
  AVERAGE WIND SPEED     4.7


SKY COVER
  AVERAGE SKY COVER 0.3


WEATHER CONDITIONS
 THE FOLLOWING WEATHER WAS RECORDED YESTERDAY.
  NO SIGNIFICANT WEATHER WAS OBSERVED.


RELATIVE HUMIDITY (PERCENT)
 HIGHEST    85
 LOWEST     34
 AVERAGE    60

..........................................................




SUNRISE AND SUNSET
MAY 27 2020...........SUNRISE   518 AM MDT   SUNSET   826 PM MDT
MAY 28 2020...........SUNRISE   518 AM MDT   SUNSET   827 PM MDT


-  INDICATES NEGATIVE NUMBERS.
R  INDICATES RECORD WAS SET OR TIED.
MM INDICATES DATA IS MISSING.
T  INDICATES TRACE AMOUNT.




$$
