000
CDUS43 KUNR 180831
CLICUT


CLIMATE REPORT
NATIONAL WEATHER SERVICE RAPID CITY SD
231 AM MDT THU OCT 18 2018


...................................

...THE CUSTER COUNTY AIRPORT SD CLIMATE SUMMARY FOR OCTOBER 17 2018...

CLIMATE NORMAL PERIOD 1981 TO 2010
CLIMATE RECORD PERIOD 9999 TO 9999


WEATHER ITEM   OBSERVED TIME   NORMAL DEPARTURE LAST
                VALUE   (LST)  VALUE  FROM      YEAR
                                      NORMAL
......................................................
TEMPERATURE (F)
 YESTERDAY
  MAXIMUM         58    246 PM  54      4       68
  MINIMUM         32    444 AM  31      1       34
  AVERAGE         45            42      3       51

PRECIPITATION (IN)
  YESTERDAY        0.00          0.05  -0.05     0.00
  MONTH TO DATE    1.26          0.99   0.27     0.72
  SINCE SEP 1      2.11          2.56  -0.45     2.29
  SINCE JAN 1     24.65         17.48   7.17    19.86

DEGREE DAYS
 HEATING
  YESTERDAY       20            23     -3       14
  MONTH TO DATE  494           345    149      376
  SINCE SEP 1    737           677     60      660
  SINCE JUL 1    897           831     66      761

 COOLING
  YESTERDAY        0             0      0        0
  MONTH TO DATE    0             0      0        0
  SINCE SEP 1     15            11      4       27
  SINCE JAN 1    197           177     20      235
......................................................


WIND (MPH)
  HIGHEST WIND SPEED    12   HIGHEST WIND DIRECTION     W (280)
  HIGHEST GUST SPEED    17   HIGHEST GUST DIRECTION     W (280)
  AVERAGE WIND SPEED     3.9


SKY COVER
  AVERAGE SKY COVER 0.0


WEATHER CONDITIONS
 THE FOLLOWING WEATHER WAS RECORDED YESTERDAY.
  NO SIGNIFICANT WEATHER WAS OBSERVED.


RELATIVE HUMIDITY (PERCENT)
 HIGHEST    70
 LOWEST     35
 AVERAGE    53

..........................................................




SUNRISE AND SUNSET
OCTOBER 18 2018.......SUNRISE   713 AM MDT   SUNSET   606 PM MDT
OCTOBER 19 2018.......SUNRISE   714 AM MDT   SUNSET   604 PM MDT


-  INDICATES NEGATIVE NUMBERS.
R  INDICATES RECORD WAS SET OR TIED.
MM INDICATES DATA IS MISSING.
T  INDICATES TRACE AMOUNT.




$$
