773
CDUS43 KUNR 190840
CLICUT


CLIMATE REPORT
NATIONAL WEATHER SERVICE RAPID CITY SD
235 AM MDT THU JUL 19 2018


...................................

...THE CUSTER COUNTY AIRPORT SD CLIMATE SUMMARY FOR JULY 18 2018...

CLIMATE NORMAL PERIOD 1981 TO 2010
CLIMATE RECORD PERIOD 9999 TO 9999


WEATHER ITEM   OBSERVED TIME   NORMAL DEPARTURE LAST
                VALUE   (LST)  VALUE  FROM      YEAR
                                      NORMAL
......................................................
TEMPERATURE (F)
 YESTERDAY
  MAXIMUM         77    449 PM  80     -3       78
  MINIMUM         52    445 AM  52      0       56
  AVERAGE         65            66     -1       67

PRECIPITATION (IN)
  YESTERDAY        0.00          0.08  -0.08     0.00
  MONTH TO DATE    3.47          1.44   2.03     1.34
  SINCE JUN 1      9.37          4.66   4.71     2.68
  SINCE JAN 1     20.03         11.77   8.26    10.56

DEGREE DAYS
 HEATING
  YESTERDAY        0             2     -2        0
  MONTH TO DATE   15            40    -25        3
  SINCE JUN 1    160           260   -100      158
  SINCE JUL 1     15            40    -25        3

 COOLING
  YESTERDAY        0             3     -3        2
  MONTH TO DATE   81            44     37       94
  SINCE JUN 1    115            69     46      114
  SINCE JAN 1    116            70     46      114
......................................................


WIND (MPH)
  HIGHEST WIND SPEED    26   HIGHEST WIND DIRECTION     W (270)
  HIGHEST GUST SPEED    36   HIGHEST GUST DIRECTION     W (260)
  AVERAGE WIND SPEED     8.9


SKY COVER
  AVERAGE SKY COVER 0.2


WEATHER CONDITIONS
 THE FOLLOWING WEATHER WAS RECORDED YESTERDAY.
  FOG


RELATIVE HUMIDITY (PERCENT)
 HIGHEST   100
 LOWEST     33
 AVERAGE    67

..........................................................




SUNRISE AND SUNSET
JULY 19 2018..........SUNRISE   530 AM MDT   SUNSET   831 PM MDT
JULY 20 2018..........SUNRISE   531 AM MDT   SUNSET   830 PM MDT


-  INDICATES NEGATIVE NUMBERS.
R  INDICATES RECORD WAS SET OR TIED.
MM INDICATES DATA IS MISSING.
T  INDICATES TRACE AMOUNT.




$$
