000
CDUS43 KUNR 240833
CLICUT


CLIMATE REPORT
NATIONAL WEATHER SERVICE RAPID CITY SD
231 AM MDT TUE APR 24 2018


...................................

...THE CUSTER COUNTY AIRPORT SD CLIMATE SUMMARY FOR APRIL 23 2018...

CLIMATE NORMAL PERIOD 1981 TO 2010
CLIMATE RECORD PERIOD 9999 TO 9999


WEATHER ITEM   OBSERVED TIME   NORMAL DEPARTURE LAST
                VALUE   (LST)  VALUE  FROM      YEAR
                                      NORMAL
......................................................
TEMPERATURE (F)
 YESTERDAY
  MAXIMUM         59    111 PM  53      6       67
  MINIMUM         31   1154 PM  30      1       35
  AVERAGE         45            41      4       51

PRECIPITATION (IN)
  YESTERDAY        0.10          0.07   0.03      T
  MONTH TO DATE    1.47          1.51  -0.04     2.13
  SINCE MAR 1      3.15          2.52   0.63     2.84
  SINCE JAN 1      5.46          3.38   2.08     4.85

DEGREE DAYS
 HEATING
  YESTERDAY       20            24     -4       14
  MONTH TO DATE  714           620     94      526
  SINCE MAR 1   1747          1660     87     1370
  SINCE JUL 1   7539          7495     44     6738

 COOLING
  YESTERDAY        0             0      0        0
  MONTH TO DATE    0             0      0        0
  SINCE MAR 1      0             0      0        0
  SINCE JAN 1      0             0      0        0
......................................................


WIND (MPH)
  HIGHEST WIND SPEED    28   HIGHEST WIND DIRECTION     W (280)
  HIGHEST GUST SPEED    42   HIGHEST GUST DIRECTION     W (270)
  AVERAGE WIND SPEED    10.7


SKY COVER
  AVERAGE SKY COVER 0.3


WEATHER CONDITIONS
 THE FOLLOWING WEATHER WAS RECORDED YESTERDAY.
  HEAVY RAIN
  RAIN
  LIGHT RAIN
  FOG


RELATIVE HUMIDITY (PERCENT)
 HIGHEST    89
 LOWEST     43
 AVERAGE    66

..........................................................




SUNRISE AND SUNSET
APRIL 24 2018.........SUNRISE   557 AM MDT   SUNSET   749 PM MDT
APRIL 25 2018.........SUNRISE   555 AM MDT   SUNSET   750 PM MDT


-  INDICATES NEGATIVE NUMBERS.
R  INDICATES RECORD WAS SET OR TIED.
MM INDICATES DATA IS MISSING.
T  INDICATES TRACE AMOUNT.




$$
