000
CDUS43 KUNR 190833
CLICUT


CLIMATE REPORT
NATIONAL WEATHER SERVICE RAPID CITY SD
232 AM MDT SAT OCT 19 2019


...................................

...THE CUSTER COUNTY AIRPORT SD CLIMATE SUMMARY FOR OCTOBER 18 2019...

CLIMATE NORMAL PERIOD 1981 TO 2010
CLIMATE RECORD PERIOD 9999 TO 9999


WEATHER ITEM   OBSERVED TIME   NORMAL DEPARTURE LAST
                VALUE   (LST)  VALUE  FROM      YEAR
                                      NORMAL
......................................................
TEMPERATURE (F)
 YESTERDAY
  MAXIMUM         56   1251 AM  54      2       63
  MINIMUM         30   1048 PM  30      0       34
  AVERAGE         43            42      1       49

PRECIPITATION (IN)
  YESTERDAY        0.00          0.06  -0.06     0.00
  MONTH TO DATE    0.51          1.05  -0.54     1.26
  SINCE SEP 1      3.38          2.62   0.76     2.11
  SINCE JAN 1     25.53         17.54   7.99    24.65

DEGREE DAYS
 HEATING
  YESTERDAY       22            23     -1       16
  MONTH TO DATE  446           368     78      510
  SINCE SEP 1    701           700      1      753
  SINCE JUL 1    831           854    -23      913

 COOLING
  YESTERDAY        0             0      0        0
  MONTH TO DATE    0             0      0        0
  SINCE SEP 1     19            11      8       15
  SINCE JAN 1    140           177    -37      197
......................................................


WIND (MPH)
  HIGHEST WIND SPEED    24   HIGHEST WIND DIRECTION     W (280)
  HIGHEST GUST SPEED    33   HIGHEST GUST DIRECTION     W (260)
  AVERAGE WIND SPEED     7.1


SKY COVER
  AVERAGE SKY COVER 0.3


WEATHER CONDITIONS
 THE FOLLOWING WEATHER WAS RECORDED YESTERDAY.
  NO SIGNIFICANT WEATHER WAS OBSERVED.


RELATIVE HUMIDITY (PERCENT)
 HIGHEST    78
 LOWEST     24
 AVERAGE    51

..........................................................




SUNRISE AND SUNSET
OCTOBER 19 2019.......SUNRISE   713 AM MDT   SUNSET   605 PM MDT
OCTOBER 20 2019.......SUNRISE   715 AM MDT   SUNSET   603 PM MDT


-  INDICATES NEGATIVE NUMBERS.
R  INDICATES RECORD WAS SET OR TIED.
MM INDICATES DATA IS MISSING.
T  INDICATES TRACE AMOUNT.




$$
