000
CDUS43 KUNR 190832
CLICUT


CLIMATE REPORT
NATIONAL WEATHER SERVICE RAPID CITY SD
231 AM MDT MON OCT 19 2020


...................................

...THE CUSTER COUNTY AIRPORT SD CLIMATE SUMMARY FOR OCTOBER 18 2020...

CLIMATE NORMAL PERIOD 1981 TO 2010
CLIMATE RECORD PERIOD 9999 TO 9999


WEATHER ITEM   OBSERVED TIME   NORMAL DEPARTURE LAST
                VALUE   (LST)  VALUE  FROM      YEAR
                                      NORMAL
......................................................
TEMPERATURE (F)
 YESTERDAY
  MAXIMUM         28   1159 PM  54    -26       56
  MINIMUM         20   1138 AM  30    -10       30
  AVERAGE         24            42    -18       43

PRECIPITATION (IN)
  YESTERDAY        0.04          0.06  -0.02     0.00
  MONTH TO DATE    0.72          1.05  -0.33     0.51
  SINCE SEP 1      1.41          2.62  -1.21     3.38
  SINCE JAN 1     15.17         17.54  -2.37    25.53

DEGREE DAYS
 HEATING
  YESTERDAY       41            23     18       22
  MONTH TO DATE  323           368    -45      446
  SINCE SEP 1    606           700    -94      701
  SINCE JUL 1    668           854   -186      831

 COOLING
  YESTERDAY        0             0      0        0
  MONTH TO DATE    0             0      0        0
  SINCE SEP 1     22            11     11       19
  SINCE JAN 1    277           177    100      140
......................................................


WIND (MPH)
  HIGHEST WIND SPEED     9   HIGHEST WIND DIRECTION     W (260)
  HIGHEST GUST SPEED    15   HIGHEST GUST DIRECTION     W (250)
  AVERAGE WIND SPEED     3.1


SKY COVER
  AVERAGE SKY COVER 1.0


WEATHER CONDITIONS
 THE FOLLOWING WEATHER WAS RECORDED YESTERDAY.
  SNOW
  LIGHT SNOW
  FOG
  FOG W/VISIBILITY <= 1/4 MILE


RELATIVE HUMIDITY (PERCENT)
 HIGHEST   100
 LOWEST     92
 AVERAGE    96

..........................................................




SUNRISE AND SUNSET
OCTOBER 19 2020.......SUNRISE   714 AM MDT   SUNSET   604 PM MDT
OCTOBER 20 2020.......SUNRISE   716 AM MDT   SUNSET   602 PM MDT


-  INDICATES NEGATIVE NUMBERS.
R  INDICATES RECORD WAS SET OR TIED.
MM INDICATES DATA IS MISSING.
T  INDICATES TRACE AMOUNT.




$$
