133
CDUS42 KCHS 090605
CLICXM


CLIMATE REPORT
NATIONAL WEATHER SERVICE CHARLESTON SC
104 AM EST MON DEC 9 2019


...................................

...THE DOWNTOWN CHARLESTON SC CLIMATE SUMMARY FOR DECEMBER 8 2019...

CLIMATE NORMAL PERIOD 1981 TO 2010
CLIMATE RECORD PERIOD 1870 TO 2019


WEATHER ITEM   OBSERVED TIME   RECORD YEAR NORMAL DEPARTURE LAST
                VALUE   (LST)  VALUE       VALUE  FROM      YEAR
                                                  NORMAL
..................................................................
TEMPERATURE (F)
 YESTERDAY
  MAXIMUM         63    340 PM  80    1998  61      2       50
                                      1978
  MINIMUM         44    720 AM  30    1937  47     -3       46
  AVERAGE         54

PRECIPITATION (IN)
  YESTERDAY        0.00          1.49 1957   0.08  -0.08     0.82
  MONTH TO DATE    0.07                      0.66  -0.59     3.65
  SINCE DEC 1      0.07                      0.66  -0.59     3.65
  SINCE JAN 1     32.09                     42.48 -10.39    41.23

DEGREE DAYS
 HEATING
  YESTERDAY       11                        11      0
  MONTH TO DATE   85                        82      3
  SINCE DEC 1     85                        82      3
  SINCE JUL 1    334                       295     39
..................................................................


WIND (MPH)
  HIGHEST WIND SPEED    14   HIGHEST WIND DIRECTION    NE (30)
  HIGHEST GUST SPEED    18   HIGHEST GUST DIRECTION    NE (30)
  AVERAGE WIND SPEED     9.0




..........................................................


THE DOWNTOWN CHARLESTON SC CLIMATE NORMALS FOR TODAY
                         NORMAL    RECORD    YEAR
 MAXIMUM TEMPERATURE (F)   61        81      1943
 MINIMUM TEMPERATURE (F)   47        27      1917


SUNRISE AND SUNSET
DECEMBER  9 2019......SUNRISE   710 AM EST   SUNSET   514 PM EST
DECEMBER 10 2019......SUNRISE   711 AM EST   SUNSET   514 PM EST


-  INDICATES NEGATIVE NUMBERS.
R  INDICATES RECORD WAS SET OR TIED.
MM INDICATES DATA IS MISSING.
T  INDICATES TRACE AMOUNT.




$$
