000
CDUS42 KCHS 032115
CLICXM


CLIMATE REPORT
NATIONAL WEATHER SERVICE CHARLESTON SC
515 PM EDT FRI APR 3 2020


...................................

...THE DOWNTOWN CHARLESTON SC CLIMATE SUMMARY FOR APRIL 3 2020...
VALID TODAY AS OF 0500 PM LOCAL TIME.

CLIMATE NORMAL PERIOD 1981 TO 2010
CLIMATE RECORD PERIOD 1870 TO 2020


WEATHER ITEM   OBSERVED TIME   RECORD YEAR NORMAL DEPARTURE LAST
                VALUE   (LST)  VALUE       VALUE  FROM      YEAR
                                                  NORMAL
..................................................................
TEMPERATURE (F)
 TODAY
  MAXIMUM         75    330 PM  92    1946  69      6       64
  MINIMUM         54    410 AM  38    1915  56     -2       45
  AVERAGE         65                        62      3

PRECIPITATION (IN)
  TODAY            0.00          1.98 1916   0.10  -0.10     0.00
  MONTH TO DATE    0.01                      0.30  -0.29     0.41
  SINCE MAR 1      4.28                      3.60   0.68     0.93
  SINCE JAN 1      9.04                      9.05  -0.01     2.81

DEGREE DAYS
 HEATING
  TODAY            0                         4     -4
  MONTH TO DATE   13                        12      1
  SINCE MAR 1    116                       238   -122
  SINCE JUL 1   1221                      1668   -447

 COOLING
  TODAY            0                         1     -1
  MONTH TO DATE    0                         3     -3
  SINCE MAR 1     69                        22     47
  SINCE JAN 1     95                        26     69
..................................................................


WIND (MPH)
  HIGHEST WIND SPEED    10   HIGHEST WIND DIRECTION    NW (330)
  HIGHEST GUST SPEED    16   HIGHEST GUST DIRECTION    NW (320)
  AVERAGE WIND SPEED     5.6




..........................................................


THE DOWNTOWN CHARLESTON SC CLIMATE NORMALS FOR TOMORROW
                         NORMAL    RECORD    YEAR
 MAXIMUM TEMPERATURE (F)   69        88      1946
                                             1940
 MINIMUM TEMPERATURE (F)   56        37      1987


SUNRISE AND SUNSET
APRIL  3 2020.........SUNRISE   704 AM EDT   SUNSET   742 PM EDT
APRIL  4 2020.........SUNRISE   703 AM EDT   SUNSET   742 PM EDT


-  INDICATES NEGATIVE NUMBERS.
R  INDICATES RECORD WAS SET OR TIED.
MM INDICATES DATA IS MISSING.
T  INDICATES TRACE AMOUNT.




$$
