149
CDUS42 KCHS 240605
CLICXM


CLIMATE REPORT
NATIONAL WEATHER SERVICE CHARLESTON SC
105 AM EST FRI JAN 24 2020


...................................

...THE DOWNTOWN CHARLESTON SC CLIMATE SUMMARY FOR JANUARY 23 2020...

CLIMATE NORMAL PERIOD 1981 TO 2010
CLIMATE RECORD PERIOD 1870 TO 2020


WEATHER ITEM   OBSERVED TIME   RECORD YEAR NORMAL DEPARTURE LAST
                VALUE   (LST)  VALUE       VALUE  FROM      YEAR
                                                  NORMAL
..................................................................
TEMPERATURE (F)
 YESTERDAY
  MAXIMUM         56   1050 PM  82    1937  57     -1       64
  MINIMUM         40    530 AM  24    2003  43     -3       49
  AVERAGE         48

PRECIPITATION (IN)
  YESTERDAY        0.00          2.17 1998   0.10  -0.10     0.08
  MONTH TO DATE    0.29                      2.14  -1.85     1.05
  SINCE DEC 1      9.05                      4.74   4.31    10.79
  SINCE JAN 1      0.29                      2.14  -1.85     1.05

DEGREE DAYS
 HEATING
  YESTERDAY       17                        15      2
  MONTH TO DATE  199                       355   -156
  SINCE DEC 1    467                       748   -281
  SINCE JUL 1    716                       961   -245
..................................................................


WIND (MPH)
  HIGHEST WIND SPEED    15   HIGHEST WIND DIRECTION    NE (50)
  HIGHEST GUST SPEED    20   HIGHEST GUST DIRECTION    NE (50)
  AVERAGE WIND SPEED    10.9




..........................................................


THE DOWNTOWN CHARLESTON SC CLIMATE NORMALS FOR TODAY
                         NORMAL    RECORD    YEAR
 MAXIMUM TEMPERATURE (F)   57        78      1937
                                             1927
                                             1909
 MINIMUM TEMPERATURE (F)   43        21      2003


SUNRISE AND SUNSET
JANUARY 24 2020.......SUNRISE   719 AM EST   SUNSET   544 PM EST
JANUARY 25 2020.......SUNRISE   719 AM EST   SUNSET   545 PM EST


-  INDICATES NEGATIVE NUMBERS.
R  INDICATES RECORD WAS SET OR TIED.
MM INDICATES DATA IS MISSING.
T  INDICATES TRACE AMOUNT.




$$
