000
CDUS42 KCHS 120601
CLICXM

CLIMATE REPORT
NATIONAL WEATHER SERVICE CHARLESTON SC
201 AM EDT WED AUG 12 2020

...................................

...THE DOWNTOWN CHARLESTON SC CLIMATE SUMMARY FOR AUGUST 11 2020...

CLIMATE NORMAL PERIOD 1981 TO 2010
CLIMATE RECORD PERIOD 1870 TO 2020


WEATHER ITEM   OBSERVED TIME   RECORD YEAR NORMAL DEPARTURE LAST
                VALUE   (LST)  VALUE       VALUE  FROM      YEAR
                                                  NORMAL
...................................................................
TEMPERATURE (F)
 YESTERDAY
  MAXIMUM         87   1250 PM  97    1954  87      0       90
  MINIMUM         77    520 AM  67    1989  76      1       79
  AVERAGE         82                        82      0       85

PRECIPITATION (IN)
  YESTERDAY        0.04          7.66 1940   0.21  -0.17     0.19
  MONTH TO DATE    1.70                      2.20  -0.50     0.95
  SINCE JUN 1      7.98                     12.25  -4.27    12.38
  SINCE JAN 1     29.96                     25.69   4.27    17.48

DEGREE DAYS
 HEATING
  YESTERDAY        0                         0      0        0
  MONTH TO DATE    0                         0      0        0
  SINCE JUN 1      0                         0      0        0
  SINCE JUL 1      0                         0      0        0

 COOLING
  YESTERDAY       17                        17      0       20
  MONTH TO DATE  195                       187      8      199
  SINCE JUN 1   1174                      1150     24     1207
  SINCE JAN 1   1636                      1508    128     1751
...................................................................


WIND (MPH)
  HIGHEST WIND SPEED    15   HIGHEST WIND DIRECTION     S (170)
  HIGHEST GUST SPEED    17   HIGHEST GUST DIRECTION     S (170)
  AVERAGE WIND SPEED     5.7

..........................................................


THE DOWNTOWN CHARLESTON SC CLIMATE NORMALS FOR TODAY
                         NORMAL    RECORD    YEAR
 MAXIMUM TEMPERATURE (F)   87        98      1998
 MINIMUM TEMPERATURE (F)   76        66      1967


SUNRISE AND SUNSET
AUGUST 12 2020........SUNRISE   641 AM EDT   SUNSET   807 PM EDT
AUGUST 13 2020........SUNRISE   642 AM EDT   SUNSET   806 PM EDT


-  INDICATES NEGATIVE NUMBERS.
R  INDICATES RECORD WAS SET OR TIED.
MM INDICATES DATA IS MISSING.
T  INDICATES TRACE AMOUNT.




$$
