000
CDUS42 KCHS 040605
CLICXM

CLIMATE REPORT
NATIONAL WEATHER SERVICE CHARLESTON SC
105 AM EST THU MAR 04 2021

...................................

...THE DOWNTOWN CHARLESTON SC CLIMATE SUMMARY FOR MARCH 3 2021...

CLIMATE NORMAL PERIOD 1981 TO 2010
CLIMATE RECORD PERIOD 1870 TO 2021


WEATHER ITEM   OBSERVED TIME   RECORD YEAR NORMAL DEPARTURE LAST
                VALUE   (LST)  VALUE       VALUE  FROM      YEAR
                                                  NORMAL
...................................................................
TEMPERATURE (F)
 YESTERDAY
  MAXIMUM         60    500 PM  79    1976  62     -2       69
  MINIMUM         47   1200 AM  22    1980  49     -2       59
  AVERAGE         54                        55     -1       64

PRECIPITATION (IN)
  YESTERDAY        0.84          1.73 2012   0.10   0.74     0.54
  MONTH TO DATE    1.02                      0.29   0.73     0.54
  SINCE MAR 1      1.02                      0.29   0.73     0.54
  SINCE JAN 1      7.19                      5.74   1.45     5.30

DEGREE DAYS
 HEATING
  YESTERDAY       11                        10      1        1
  MONTH TO DATE   18                        30    -12       23
  SINCE MAR 1     18                        30    -12       23
  SINCE JUL 1   1101                      1460   -359     1128

 COOLING
  YESTERDAY        0                         0      0        0
  MONTH TO DATE    6                         0      6        0
  SINCE MAR 1      6                         0      6        0
  SINCE JAN 1     15                         4     11       26
...................................................................


WIND (MPH)
  HIGHEST WIND SPEED    21   HIGHEST WIND DIRECTION     N (360)
  HIGHEST GUST SPEED    27   HIGHEST GUST DIRECTION     N (360)
  AVERAGE WIND SPEED    11.2

..........................................................


THE DOWNTOWN CHARLESTON SC CLIMATE NORMALS FOR TODAY
                         NORMAL    RECORD    YEAR
 MAXIMUM TEMPERATURE (F)   62        80      1899
 MINIMUM TEMPERATURE (F)   49        25      1943


SUNRISE AND SUNSET
MARCH  4 2021.........SUNRISE   644 AM EST   SUNSET   620 PM EST
MARCH  5 2021.........SUNRISE   642 AM EST   SUNSET   620 PM EST


-  INDICATES NEGATIVE NUMBERS.
R  INDICATES RECORD WAS SET OR TIED.
MM INDICATES DATA IS MISSING.
T  INDICATES TRACE AMOUNT.




$$
