000
CDUS42 KCHS 212106
CLICXM

CLIMATE REPORT
NATIONAL WEATHER SERVICE CHARLESTON SC
506 PM EDT SAT MAY 21 2022

...................................

...THE DOWNTOWN CHARLESTON SC CLIMATE SUMMARY FOR MAY 21 2022...
VALID TODAY AS OF 0500 PM LOCAL TIME.

CLIMATE NORMAL PERIOD 1991 TO 2020
CLIMATE RECORD PERIOD 1870 TO 2022


WEATHER ITEM   OBSERVED TIME   RECORD YEAR NORMAL DEPARTURE LAST
                VALUE   (LST)  VALUE       VALUE  FROM      YEAR
                                                  NORMAL
...................................................................
TEMPERATURE (F)
 TODAY
  MAXIMUM         81    150 PM  99    1938  80      1       79
  MINIMUM         77    240 AM  51    1894  69      8       68
  AVERAGE         79                        75      4       74

PRECIPITATION (IN)
  TODAY            0.00          2.26 1966   0.08  -0.08     0.00
  MONTH TO DATE    0.42                      1.53  -1.11     1.40
  SINCE MAR 1      4.07                      7.52  -3.45     6.85
  SINCE JAN 1      7.20                     12.64  -5.44    13.02

DEGREE DAYS
 HEATING
  TODAY            0                         0      0        0
  MONTH TO DATE    3                         0      3        5
  SINCE MAR 1    157                       275   -118      204
  SINCE JUL 1   1276                      1619   -343     1287

 COOLING
  TODAY           14                        10      4        9
  MONTH TO DATE  193                       162     31      153
  SINCE MAR 1    332                       275     57      329
  SINCE JAN 1    349                       280     69      338
...................................................................


WIND (MPH)
  HIGHEST WIND SPEED    18   HIGHEST WIND DIRECTION     S (190)
  HIGHEST GUST SPEED    23   HIGHEST GUST DIRECTION     S (190)
  AVERAGE WIND SPEED     8.6

..........................................................


THE DOWNTOWN CHARLESTON SC CLIMATE NORMALS FOR TOMORROW
                         NORMAL    RECORD    YEAR
 MAXIMUM TEMPERATURE (F)   80        95      1938
 MINIMUM TEMPERATURE (F)   70        54      1895


SUNRISE AND SUNSET
MAY 21 2022...........SUNRISE   617 AM EDT   SUNSET   816 PM EDT
MAY 22 2022...........SUNRISE   617 AM EDT   SUNSET   817 PM EDT


-  INDICATES NEGATIVE NUMBERS.
R  INDICATES RECORD WAS SET OR TIED.
MM INDICATES DATA IS MISSING.
T  INDICATES TRACE AMOUNT.




$$
