000
CDUS42 KCHS 132116
CLICXM

CLIMATE REPORT
NATIONAL WEATHER SERVICE CHARLESTON SC
516 PM EDT THU MAY 13 2021

...................................

...THE DOWNTOWN CHARLESTON SC CLIMATE SUMMARY FOR MAY 13 2021...
VALID TODAY AS OF 0500 PM LOCAL TIME.

CLIMATE NORMAL PERIOD 1991 TO 2020
CLIMATE RECORD PERIOD 1870 TO 2021


WEATHER ITEM   OBSERVED TIME   RECORD YEAR NORMAL DEPARTURE LAST
                VALUE   (LST)  VALUE       VALUE  FROM      YEAR
                                                  NORMAL
...................................................................
TEMPERATURE (F)
 TODAY
  MAXIMUM         71    240 PM  93    1899  79     -8       71
                                      1922
                                      1953
  MINIMUM         51    520 AM  50    1917  67    -16       61
  AVERAGE         61                        73    -12       66

PRECIPITATION (IN)
  TODAY            0.00          2.93 1921   0.07  -0.07     0.00
  MONTH TO DATE    1.40                      0.95   0.45     0.00
  SINCE MAR 1      6.85                      6.94  -0.09    11.51
  SINCE JAN 1     13.02                     12.06   0.96    16.27

DEGREE DAYS
 HEATING
  TODAY            4                         0      4        0
  MONTH TO DATE    5                         0      5        9
  SINCE MAR 1    204                       275    -71      137
  SINCE JUL 1   1287                      1619   -332     1242

 COOLING
  TODAY            0                         8     -8        1
  MONTH TO DATE   95                        90      5       52
  SINCE MAR 1    271                       203     68      235
  SINCE JAN 1    280                       208     72      261
...................................................................


WIND (MPH)
  HIGHEST WIND SPEED    17   HIGHEST WIND DIRECTION     N (20)
  HIGHEST GUST SPEED    21   HIGHEST GUST DIRECTION     N (10)
  AVERAGE WIND SPEED    11.4

..........................................................


THE DOWNTOWN CHARLESTON SC CLIMATE NORMALS FOR TOMORROW
                         NORMAL    RECORD    YEAR
 MAXIMUM TEMPERATURE (F)   79        95      1933
                                             1935
                                             1956
 MINIMUM TEMPERATURE (F)   68        51      1917


SUNRISE AND SUNSET
MAY 13 2021...........SUNRISE   622 AM EDT   SUNSET   810 PM EDT
MAY 14 2021...........SUNRISE   621 AM EDT   SUNSET   811 PM EDT


-  INDICATES NEGATIVE NUMBERS.
R  INDICATES RECORD WAS SET OR TIED.
MM INDICATES DATA IS MISSING.
T  INDICATES TRACE AMOUNT.




$$
